{"id":129,"date":"2015-09-17T14:44:00","date_gmt":"2015-09-17T14:44:00","guid":{"rendered":"http:\/\/fiscaliadecuentas.gob.pa\/?page_id=129"},"modified":"2015-09-17T23:28:49","modified_gmt":"2015-09-17T23:28:49","slug":"funciones-de-la-fiscalia","status":"publish","type":"page","link":"https:\/\/www.fiscaliadecuentas.gob.pa\/?page_id=129","title":{"rendered":"Funciones de la Fiscal\u00eda"},"content":{"rendered":"<div id='layer_slider_1'  class='avia-layerslider main_color avia-shadow  avia-builder-el-0  el_before_av_one_fifth  avia-builder-el-first  container_wrap sidebar_right'  style='height: 301px; max-width: 1310px; margin: 0 auto;'  ><\/div><div id='after_layer_slider_1'  class='main_color av_default_container_wrap container_wrap sidebar_right'  ><div class='container av-section-cont-open' ><div class='template-page content  av-content-small alpha units'><div class='post-entry post-entry-type-page post-entry-129'><div class='entry-content-wrapper clearfix'>\n\n<style type=\"text\/css\" data-created_by=\"avia_inline_auto\" id=\"style-css-av-av_one_fifth-352b07ef7d3bc99b2e9f92e7a9e06bdb\">\n.flex_column.av-av_one_fifth-352b07ef7d3bc99b2e9f92e7a9e06bdb{\nborder-radius:0px 0px 0px 0px;\npadding:0px 0px 0px 0px;\n}\n<\/style>\n<div  class='flex_column av-av_one_fifth-352b07ef7d3bc99b2e9f92e7a9e06bdb av_one_fifth  avia-builder-el-1  el_after_av_layerslider  el_before_av_four_fifth  avia-builder-el-first  first flex_column_div av-zero-column-padding  '     ><\/div>\n\n<style type=\"text\/css\" data-created_by=\"avia_inline_auto\" id=\"style-css-av-av_four_fifth-2a64de42b738552fe666ca889af77e28\">\n.flex_column.av-av_four_fifth-2a64de42b738552fe666ca889af77e28{\nborder-radius:0px 0px 0px 0px;\npadding:0px 0px 0px 0px;\n}\n<\/style>\n<div  class='flex_column av-av_four_fifth-2a64de42b738552fe666ca889af77e28 av_four_fifth  avia-builder-el-2  el_after_av_one_fifth  avia-builder-el-last  flex_column_div av-zero-column-padding  '     ><section  class='av_textblock_section av-av_textblock-0366cc7376be6c9e82a3e9cc8987b64f '   itemscope=\"itemscope\" itemtype=\"https:\/\/schema.org\/CreativeWork\" ><div class='avia_textblock'  itemprop=\"text\" ><ol>\n<li>Instruir la investigaci\u00f3n patrimonial correspondiente, una vez la Contralor\u00eda de la Rep\u00fablica formule reparos en las cuentas de los agentes y empleados de manejo o detecte irregularidades que afecten fondos o bienes p\u00fablicos.<\/li>\n<li>Practicar las pruebas y diligencias que sean necesarias para comprobar o esclarecer los hechos contenidos en los reparos de las cuentas o en las investigaciones que haya realizado la Contralor\u00eda General de la Rep\u00fablica sobre las irregularidades que perjudiquen fondos o bienes p\u00fablicos.<\/li>\n<li>Solicitar a la Contralor\u00eda General de la Rep\u00fablica, cuando sea necesario, la ampliaci\u00f3n o la complementaci\u00f3n del examen, del informe o de la auditor\u00eda que fundament\u00f3 los reparos.<\/li>\n<li>Evaluar informes de auditor\u00eda; verificar operaciones aritm\u00e9ticas y corroborar la evaluaci\u00f3n y evidencias presentadas, y realizar informe de peritaje, distinguiendo al involucrado y su grado de participaci\u00f3n.<\/li>\n<li>Solicitud de ampliaci\u00f3n de informes de auditor\u00eda.<\/li>\n<li>Solicitud de complementaci\u00f3n de informes de auditor\u00eda.<\/li>\n<li>Efectuar diligencias judiciales a distintas empresas privadas e instituciones p\u00fablicas, relacionadas con los reparos efectuados por la Contralor\u00eda General de la Rep\u00fablica.<\/li>\n<li>Remitir al Tribunal de Cuentas, luego de concluida la investigaci\u00f3n patrimonial, el expediente con una vista fiscal en la cual se explique, razonadamente, los motivos de hecho y de derecho que justifiquen la medida procesal que recomiende.<\/li>\n<li>Ejercer la acusaci\u00f3n p\u00fablica en la etapa plenaria del proceso patrimonial que se surta ante el Tribunal de Cuentas.<\/li>\n<li>Asegurar que en la investigaci\u00f3n se cumpla con la garant\u00eda del debido proceso de cuentas.<\/li>\n<li>Promover las acciones cautelares ante el Tribunal de Cuentas.<\/li>\n<li>Promover las acciones o los recursos constitucionales o legales que sean procedentes de acuerdo con la ley.<\/li>\n<li>Dar aviso al Ministerio P\u00fablico, si no lo ha hecho antes la Contralor\u00eda General de la Rep\u00fablica, de la posible comisi\u00f3n de delitos por el empleado el agente de manejo, cuyas cuentas fueron objeto de reparos por parte de la Contralor\u00eda General o por cualquier persona o servidor p\u00fablico en contra de los fondos o bienes p\u00fablicos.<\/li>\n<\/ol>\n<\/div><\/section><\/div>\n","protected":false},"excerpt":{"rendered":"","protected":false},"author":1,"featured_media":0,"parent":0,"menu_order":0,"comment_status":"closed","ping_status":"closed","template":"","meta":{"_EventAllDay":false,"_EventTimezone":"","_EventStartDate":"","_EventEndDate":"","_EventStartDateUTC":"","_EventEndDateUTC":"","_EventShowMap":false,"_EventShowMapLink":false,"_EventURL":"","_EventCost":"","_EventCostDescription":"","_EventCurrencySymbol":"","_EventCurrencyCode":"","_EventCurrencyPosition":"","_EventDateTimeSeparator":"","_EventTimeRangeSeparator":"","_EventOrganizerID":[],"_EventVenueID":[],"_OrganizerEmail":"","_OrganizerPhone":"","_OrganizerWebsite":"","_VenueAddress":"","_VenueCity":"","_VenueCountry":"","_VenueProvince":"","_VenueState":"","_VenueZip":"","_VenuePhone":"","_VenueURL":"","_VenueStateProvince":"","_VenueLat":"","_VenueLng":"","_VenueShowMap":false,"_VenueShowMapLink":false,"footnotes":""},"class_list":["post-129","page","type-page","status-publish","hentry"],"_links":{"self":[{"href":"https:\/\/www.fiscaliadecuentas.gob.pa\/index.php?rest_route=\/wp\/v2\/pages\/129","targetHints":{"allow":["GET"]}}],"collection":[{"href":"https:\/\/www.fiscaliadecuentas.gob.pa\/index.php?rest_route=\/wp\/v2\/pages"}],"about":[{"href":"https:\/\/www.fiscaliadecuentas.gob.pa\/index.php?rest_route=\/wp\/v2\/types\/page"}],"author":[{"embeddable":true,"href":"https:\/\/www.fiscaliadecuentas.gob.pa\/index.php?rest_route=\/wp\/v2\/users\/1"}],"replies":[{"embeddable":true,"href":"https:\/\/www.fiscaliadecuentas.gob.pa\/index.php?rest_route=%2Fwp%2Fv2%2Fcomments&post=129"}],"version-history":[{"count":1,"href":"https:\/\/www.fiscaliadecuentas.gob.pa\/index.php?rest_route=\/wp\/v2\/pages\/129\/revisions"}],"predecessor-version":[{"id":130,"href":"https:\/\/www.fiscaliadecuentas.gob.pa\/index.php?rest_route=\/wp\/v2\/pages\/129\/revisions\/130"}],"wp:attachment":[{"href":"https:\/\/www.fiscaliadecuentas.gob.pa\/index.php?rest_route=%2Fwp%2Fv2%2Fmedia&parent=129"}],"curies":[{"name":"wp","href":"https:\/\/api.w.org\/{rel}","templated":true}]}}