{"id":21105,"date":"2022-01-20T17:14:50","date_gmt":"2022-01-20T22:14:50","guid":{"rendered":"https:\/\/www.fiscaliadecuentas.gob.pa\/?page_id=21105"},"modified":"2023-02-08T08:05:41","modified_gmt":"2023-02-08T13:05:41","slug":"hoja-de-vida-armando-fuentes","status":"publish","type":"page","link":"https:\/\/www.fiscaliadecuentas.gob.pa\/?page_id=21105","title":{"rendered":"Hoja de Vida: Armando Fuentes"},"content":{"rendered":"<div id='layer_slider_1'  class='avia-layerslider main_color avia-shadow  avia-builder-el-0  el_before_av_textblock  avia-builder-el-first  container_wrap sidebar_right'  style='height: 451px;'  ><\/div><div id='after_layer_slider_1'  class='main_color av_default_container_wrap container_wrap sidebar_right'  ><div class='container av-section-cont-open' ><div class='template-page content  av-content-small alpha units'><div class='post-entry post-entry-type-page post-entry-21105'><div class='entry-content-wrapper clearfix'>\n<section  class='av_textblock_section av-kynjazrc-8932c9d6adb189df7c645f17b4dba980 '   itemscope=\"itemscope\" itemtype=\"https:\/\/schema.org\/CreativeWork\" ><div class='avia_textblock'  itemprop=\"text\" ><h2 style=\"text-align: center;\">Hoja de Vida de Expositor: Armando Fuentes<\/h2>\n<\/div><\/section>\n\n<style type=\"text\/css\" data-created_by=\"avia_inline_auto\" id=\"style-css-av-kynjh3oj-3c9f9d5b9be8f122960690c4a773615b\">\n#top .hr.hr-invisible.av-kynjh3oj-3c9f9d5b9be8f122960690c4a773615b{\nheight:50px;\n}\n<\/style>\n<div  class='hr av-kynjh3oj-3c9f9d5b9be8f122960690c4a773615b hr-invisible  avia-builder-el-2  el_after_av_textblock  el_before_av_three_fifth '><span class='hr-inner '><span class=\"hr-inner-style\"><\/span><\/span><\/div>\n<div  class='flex_column av-1gwhu5t-e16646f52c09aa8414abffaacc8071e5 av_three_fifth  avia-builder-el-3  el_after_av_hr  el_before_av_two_fifth  first flex_column_div  '     ><section  class='av_textblock_section av-kynjecxu-96de833bc9c743a30e05ca91a8c202cf '   itemscope=\"itemscope\" itemtype=\"https:\/\/schema.org\/CreativeWork\" ><div class='avia_textblock'  itemprop=\"text\" ><p><object class=\"vanilla-pdf-embed\" data=\"https:\/\/www.fiscaliadecuentas.gob.pa\/wp-content\/uploads\/2022\/01\/ARMANDO-FUENTES.pdf#page=1&#038;view=FitH\" type=\"application\/pdf\" width=\"100%\" height=\"500em\"><p><a href=\"https:\/\/www.fiscaliadecuentas.gob.pa\/wp-content\/uploads\/2022\/01\/ARMANDO-FUENTES.pdf\">Download the PDF file .<\/a><\/p><\/object><\/p>\n<p style=\"text-align: left;\"><a href=\"https:\/\/www.fiscaliadecuentas.gob.pa\/wp-content\/uploads\/2022\/01\/ARMANDO-FUENTES.pdf\" target=\"_blank\" rel=\"noopener\"><i class=\"fas fa-search-plus fa-1x\"><\/i> Ampliar documento<\/a><\/p>\n<\/div><\/section><\/div>\n<div  class='flex_column av-13k9lm9-d696b4077653ce602789f748ecf2d3ba av_two_fifth  avia-builder-el-5  el_after_av_three_fifth  el_before_av_hr  flex_column_div  '     ><section  class='av_textblock_section av-kz619wba-a2ca27bfd5585f26f26f2667a613f7be '   itemscope=\"itemscope\" itemtype=\"https:\/\/schema.org\/CreativeWork\" ><div class='avia_textblock'  itemprop=\"text\" ><p style=\"text-align: left; font-size: 24px;\"><strong>Expositor:<\/strong> Armando Fuentes<\/p>\n<p style=\"text-align: left; font-size: 24px;\"><strong>Administrador General de la Autoridad Nacional de los Servicios P\u00fablicos. Rep\u00fablica de Panam\u00e1.<\/strong><\/p>\n<p style=\"text-align: left; font-size: 24px;\"><strong>Tema:<\/strong> La Prueba Indiciaria en la Jurisdicci\u00f3n de Cuentas.<\/p>\n<\/div><\/section><br \/>\n<div  class='avia-video av-kz6188c3-e63eddbb32e0a72ed74f844a2d815f6c avia-video-16-9 av-html5-fullscreen-btn av-no-preview-image avia-video-load-always av-lazyload-immediate av-lazyload-video-embed'  itemprop=\"video\" itemtype=\"https:\/\/schema.org\/VideoObject\"  data-original_url='https:\/\/youtu.be\/lkpsS_z7-7M'><script type='text\/html' class='av-video-tmpl'><div class='avia-iframe-wrap'><iframe loading=\"lazy\" title=\"I Congreso Bilateral e Internacional de la Jurisdicci\u00f3n de Cuentas 20-1-2022\" width=\"1500\" height=\"844\" src=\"https:\/\/www.youtube.com\/embed\/lkpsS_z7-7M?feature=oembed&autoplay=1&loop=1&controls=1&mute=1\" frameborder=\"0\" allow=\"accelerometer; autoplay; clipboard-write; encrypted-media; gyroscope; picture-in-picture; web-share\" allowfullscreen><\/iframe><\/div><\/script><div class='av-click-to-play-overlay'><div class=\"avia_playpause_icon\"><\/div><\/div><\/div><\/p><\/div>\n<style type=\"text\/css\" data-created_by=\"avia_inline_auto\" id=\"style-css-av-kgq88h-d4d1d1110f347226d57bedd74c82c463\">\n#top .hr.hr-invisible.av-kgq88h-d4d1d1110f347226d57bedd74c82c463{\nheight:50px;\n}\n<\/style>\n<div  class='hr av-kgq88h-d4d1d1110f347226d57bedd74c82c463 hr-invisible  avia-builder-el-8  el_after_av_two_fifth  el_before_av_iconlist '><span class='hr-inner '><span class=\"hr-inner-style\"><\/span><\/span><\/div><\/p>\n\n<style type=\"text\/css\" data-created_by=\"avia_inline_auto\" id=\"style-css-av-kz61h3a1-006469b6b21181d6b6af0968ca0cb7a5\">\n#top .avia-icon-list-container.av-kz61h3a1-006469b6b21181d6b6af0968ca0cb7a5 .iconlist_icon{\nbackground-color:#b02b2c;\n}\n<\/style>\n<div  class='avia-icon-list-container av-kz61h3a1-006469b6b21181d6b6af0968ca0cb7a5  avia-builder-el-9  el_after_av_hr  el_before_av_hr '><ul class='avia-icon-list avia_animate_when_almost_visible avia-icon-list-left av-iconlist-big av-kz61h3a1-006469b6b21181d6b6af0968ca0cb7a5 avia-iconlist-animate'>\n<li><a href='https:\/\/www.fiscaliadecuentas.gob.pa\/wp-content\/uploads\/2022\/01\/Presentacion-Armando-Fuentes.pdf' title='Presentaci\u00f3n (PDF)'  target=\"_blank\"  rel=\"noopener noreferrer\" class='iconlist_icon av-kz61h276-8cda7a9d7ee9fe8b12cea438c7753bf9 avia-font-fontawesome avia-iconfont avia-font-fontawesome'><span class='av-icon-char' data-av_icon='\uf1c1' data-av_iconfont='fontawesome' aria-hidden=\"true\"><\/span><\/a><article class=\"article-icon-entry \"  itemscope=\"itemscope\" itemtype=\"https:\/\/schema.org\/CreativeWork\" ><div class=\"iconlist_content_wrap\"><header class=\"entry-content-header\" aria-label=\"Icon: &lt;a href=&#039;https:\/\/www.fiscaliadecuentas.gob.pa\/wp-content\/uploads\/2022\/01\/Presentacion-Armando-Fuentes.pdf&#039; title=&#039;Presentaci\u00f3n (PDF)&#039; target=&quot;_blank&quot;  rel=&quot;noopener noreferrer&quot;&gt;Presentaci\u00f3n (PDF)&lt;\/a&gt;\"><h4 class='av_iconlist_title iconlist_title  '  itemprop=\"headline\" ><a href='https:\/\/www.fiscaliadecuentas.gob.pa\/wp-content\/uploads\/2022\/01\/Presentacion-Armando-Fuentes.pdf' title='Presentaci\u00f3n (PDF)' target=\"_blank\"  rel=\"noopener noreferrer\">Presentaci\u00f3n (PDF)<\/a><\/h4><\/header><div class='iconlist_content '  itemprop=\"text\" ><p style=\"text-align: left; font-size: 24px;\"><strong>Ver contenido:<\/strong> <a href=\"https:\/\/www.fiscaliadecuentas.gob.pa\/wp-content\/uploads\/2022\/01\/Presentacion-Armando-Fuentes.pdf\" target=\"_blank\" rel=\"noopener\">La Prueba Indiciaria en la Jurisdicci\u00f3n de Cuentas.<\/a><\/p>\n<\/div><\/div><footer class=\"entry-footer\"><\/footer><\/article><div class=\"iconlist-timeline\"><\/div><\/li>\n<\/ul><\/div>\n<div  class='hr av-kyp2lxy5-833850e8c1d296ec50ed650008086002 hr-big  avia-builder-el-10  el_after_av_iconlist  el_before_av_one_third '><span class='hr-inner '><span class=\"hr-inner-style\"><\/span><\/span><\/div>\n<div  class='flex_column av-vmltkh-a4c0cbf02d827decc9217df2265a1f21 av_one_third  avia-builder-el-11  el_after_av_hr  avia-builder-el-last  first flex_column_div  '     ><\/div>\n","protected":false},"excerpt":{"rendered":"","protected":false},"author":9,"featured_media":0,"parent":21028,"menu_order":0,"comment_status":"closed","ping_status":"closed","template":"","meta":{"_EventAllDay":false,"_EventTimezone":"","_EventStartDate":"","_EventEndDate":"","_EventStartDateUTC":"","_EventEndDateUTC":"","_EventShowMap":false,"_EventShowMapLink":false,"_EventURL":"","_EventCost":"","_EventCostDescription":"","_EventCurrencySymbol":"","_EventCurrencyCode":"","_EventCurrencyPosition":"","_EventDateTimeSeparator":"","_EventTimeRangeSeparator":"","_EventOrganizerID":[],"_EventVenueID":[],"_OrganizerEmail":"","_OrganizerPhone":"","_OrganizerWebsite":"","_VenueAddress":"","_VenueCity":"","_VenueCountry":"","_VenueProvince":"","_VenueState":"","_VenueZip":"","_VenuePhone":"","_VenueURL":"","_VenueStateProvince":"","_VenueLat":"","_VenueLng":"","_VenueShowMap":false,"_VenueShowMapLink":false,"footnotes":""},"class_list":["post-21105","page","type-page","status-publish","hentry"],"_links":{"self":[{"href":"https:\/\/www.fiscaliadecuentas.gob.pa\/index.php?rest_route=\/wp\/v2\/pages\/21105","targetHints":{"allow":["GET"]}}],"collection":[{"href":"https:\/\/www.fiscaliadecuentas.gob.pa\/index.php?rest_route=\/wp\/v2\/pages"}],"about":[{"href":"https:\/\/www.fiscaliadecuentas.gob.pa\/index.php?rest_route=\/wp\/v2\/types\/page"}],"author":[{"embeddable":true,"href":"https:\/\/www.fiscaliadecuentas.gob.pa\/index.php?rest_route=\/wp\/v2\/users\/9"}],"replies":[{"embeddable":true,"href":"https:\/\/www.fiscaliadecuentas.gob.pa\/index.php?rest_route=%2Fwp%2Fv2%2Fcomments&post=21105"}],"version-history":[{"count":21,"href":"https:\/\/www.fiscaliadecuentas.gob.pa\/index.php?rest_route=\/wp\/v2\/pages\/21105\/revisions"}],"predecessor-version":[{"id":28077,"href":"https:\/\/www.fiscaliadecuentas.gob.pa\/index.php?rest_route=\/wp\/v2\/pages\/21105\/revisions\/28077"}],"up":[{"embeddable":true,"href":"https:\/\/www.fiscaliadecuentas.gob.pa\/index.php?rest_route=\/wp\/v2\/pages\/21028"}],"wp:attachment":[{"href":"https:\/\/www.fiscaliadecuentas.gob.pa\/index.php?rest_route=%2Fwp%2Fv2%2Fmedia&parent=21105"}],"curies":[{"name":"wp","href":"https:\/\/api.w.org\/{rel}","templated":true}]}}

<div id='layer_slider_1'  class='avia-layerslider main_color avia-shadow  avia-builder-el-0  el_before_av_textblock  avia-builder-el-first  container_wrap sidebar_right'  style='height: 451px;'  ></div><div id='after_layer_slider_1'  class='main_color av_default_container_wrap container_wrap sidebar_right'  ><div class='container av-section-cont-open' ><div class='template-page content  av-content-small alpha units'><div class='post-entry post-entry-type-page post-entry-21105'><div class='entry-content-wrapper clearfix'>
<section  class='av_textblock_section av-kynjazrc-8932c9d6adb189df7c645f17b4dba980 '   itemscope="itemscope" itemtype="https://schema.org/CreativeWork" ><div class='avia_textblock'  itemprop="text" ><h2 style="text-align: center;">Hoja de Vida de Expositor: Armando Fuentes</h2>
</div></section>

<style type="text/css" data-created_by="avia_inline_auto" id="style-css-av-kynjh3oj-3c9f9d5b9be8f122960690c4a773615b">
#top .hr.hr-invisible.av-kynjh3oj-3c9f9d5b9be8f122960690c4a773615b{
height:50px;
}
</style>
<div  class='hr av-kynjh3oj-3c9f9d5b9be8f122960690c4a773615b hr-invisible  avia-builder-el-2  el_after_av_textblock  el_before_av_three_fifth '><span class='hr-inner '><span class="hr-inner-style"></span></span></div>
<div  class='flex_column av-1gwhu5t-e16646f52c09aa8414abffaacc8071e5 av_three_fifth  avia-builder-el-3  el_after_av_hr  el_before_av_two_fifth  first flex_column_div  '     ><section  class='av_textblock_section av-kynjecxu-96de833bc9c743a30e05ca91a8c202cf '   itemscope="itemscope" itemtype="https://schema.org/CreativeWork" ><div class='avia_textblock'  itemprop="text" ><p><object class="vanilla-pdf-embed" data="https://www.fiscaliadecuentas.gob.pa/wp-content/uploads/2022/01/ARMANDO-FUENTES.pdf#page=1&#038;view=FitH" type="application/pdf" width="100%" height="500em"><p><a href="https://www.fiscaliadecuentas.gob.pa/wp-content/uploads/2022/01/ARMANDO-FUENTES.pdf">Download the PDF file .</a></p></object></p>
<p style="text-align: left;"><a href="https://www.fiscaliadecuentas.gob.pa/wp-content/uploads/2022/01/ARMANDO-FUENTES.pdf" target="_blank" rel="noopener"><i class="fas fa-search-plus fa-1x"></i> Ampliar documento</a></p>
</div></section></div>
<div  class='flex_column av-13k9lm9-d696b4077653ce602789f748ecf2d3ba av_two_fifth  avia-builder-el-5  el_after_av_three_fifth  el_before_av_hr  flex_column_div  '     ><section  class='av_textblock_section av-kz619wba-a2ca27bfd5585f26f26f2667a613f7be '   itemscope="itemscope" itemtype="https://schema.org/CreativeWork" ><div class='avia_textblock'  itemprop="text" ><p style="text-align: left; font-size: 24px;"><strong>Expositor:</strong> Armando Fuentes</p>
<p style="text-align: left; font-size: 24px;"><strong>Administrador General de la Autoridad Nacional de los Servicios Públicos. República de Panamá.</strong></p>
<p style="text-align: left; font-size: 24px;"><strong>Tema:</strong> La Prueba Indiciaria en la Jurisdicción de Cuentas.</p>
</div></section><br />
<div  class='avia-video av-kz6188c3-e63eddbb32e0a72ed74f844a2d815f6c avia-video-16-9 av-html5-fullscreen-btn av-no-preview-image avia-video-load-always av-lazyload-immediate av-lazyload-video-embed'  itemprop="video" itemtype="https://schema.org/VideoObject"  data-original_url='https://youtu.be/lkpsS_z7-7M'><script type='text/html' class='av-video-tmpl'><div class='avia-iframe-wrap'><iframe loading="lazy" title="I Congreso Bilateral e Internacional de la Jurisdicción de Cuentas 20-1-2022" width="1500" height="844" src="https://www.youtube.com/embed/lkpsS_z7-7M?feature=oembed&autoplay=1&loop=1&controls=1&mute=1" frameborder="0" allow="accelerometer; autoplay; clipboard-write; encrypted-media; gyroscope; picture-in-picture; web-share" allowfullscreen></iframe></div></script><div class='av-click-to-play-overlay'><div class="avia_playpause_icon"></div></div></div></p></div>
<style type="text/css" data-created_by="avia_inline_auto" id="style-css-av-kgq88h-d4d1d1110f347226d57bedd74c82c463">
#top .hr.hr-invisible.av-kgq88h-d4d1d1110f347226d57bedd74c82c463{
height:50px;
}
</style>
<div  class='hr av-kgq88h-d4d1d1110f347226d57bedd74c82c463 hr-invisible  avia-builder-el-8  el_after_av_two_fifth  el_before_av_iconlist '><span class='hr-inner '><span class="hr-inner-style"></span></span></div></p>

<style type="text/css" data-created_by="avia_inline_auto" id="style-css-av-kz61h3a1-006469b6b21181d6b6af0968ca0cb7a5">
#top .avia-icon-list-container.av-kz61h3a1-006469b6b21181d6b6af0968ca0cb7a5 .iconlist_icon{
background-color:#b02b2c;
}
</style>
<div  class='avia-icon-list-container av-kz61h3a1-006469b6b21181d6b6af0968ca0cb7a5  avia-builder-el-9  el_after_av_hr  el_before_av_hr '><ul class='avia-icon-list avia_animate_when_almost_visible avia-icon-list-left av-iconlist-big av-kz61h3a1-006469b6b21181d6b6af0968ca0cb7a5 avia-iconlist-animate'>
<li><a href='https://www.fiscaliadecuentas.gob.pa/wp-content/uploads/2022/01/Presentacion-Armando-Fuentes.pdf' title='Presentación (PDF)'  target="_blank"  rel="noopener noreferrer" class='iconlist_icon av-kz61h276-8cda7a9d7ee9fe8b12cea438c7753bf9 avia-font-fontawesome avia-iconfont avia-font-fontawesome'><span class='av-icon-char' data-av_icon='' data-av_iconfont='fontawesome' aria-hidden="true"></span></a><article class="article-icon-entry "  itemscope="itemscope" itemtype="https://schema.org/CreativeWork" ><div class="iconlist_content_wrap"><header class="entry-content-header" aria-label="Icon: &lt;a href=&#039;https://www.fiscaliadecuentas.gob.pa/wp-content/uploads/2022/01/Presentacion-Armando-Fuentes.pdf&#039; title=&#039;Presentación (PDF)&#039; target=&quot;_blank&quot;  rel=&quot;noopener noreferrer&quot;&gt;Presentación (PDF)&lt;/a&gt;"><h4 class='av_iconlist_title iconlist_title  '  itemprop="headline" ><a href='https://www.fiscaliadecuentas.gob.pa/wp-content/uploads/2022/01/Presentacion-Armando-Fuentes.pdf' title='Presentación (PDF)' target="_blank"  rel="noopener noreferrer">Presentación (PDF)</a></h4></header><div class='iconlist_content '  itemprop="text" ><p style="text-align: left; font-size: 24px;"><strong>Ver contenido:</strong> <a href="https://www.fiscaliadecuentas.gob.pa/wp-content/uploads/2022/01/Presentacion-Armando-Fuentes.pdf" target="_blank" rel="noopener">La Prueba Indiciaria en la Jurisdicción de Cuentas.</a></p>
</div></div><footer class="entry-footer"></footer></article><div class="iconlist-timeline"></div></li>
</ul></div>
<div  class='hr av-kyp2lxy5-833850e8c1d296ec50ed650008086002 hr-big  avia-builder-el-10  el_after_av_iconlist  el_before_av_one_third '><span class='hr-inner '><span class="hr-inner-style"></span></span></div>
<div  class='flex_column av-vmltkh-a4c0cbf02d827decc9217df2265a1f21 av_one_third  avia-builder-el-11  el_after_av_hr  avia-builder-el-last  first flex_column_div  '     ></div>
