{"id":21130,"date":"2022-01-20T17:36:32","date_gmt":"2022-01-20T22:36:32","guid":{"rendered":"https:\/\/www.fiscaliadecuentas.gob.pa\/?page_id=21130"},"modified":"2022-09-20T08:38:46","modified_gmt":"2022-09-20T13:38:46","slug":"hoja-de-vida-ramon-ivan-garcia","status":"publish","type":"page","link":"https:\/\/www.fiscaliadecuentas.gob.pa\/?page_id=21130","title":{"rendered":"Hoja de Vida: Ram\u00f3n Iv\u00e1n Garc\u00eda"},"content":{"rendered":"<div id='layer_slider_1'  class='avia-layerslider main_color avia-shadow  avia-builder-el-0  el_before_av_textblock  avia-builder-el-first  container_wrap sidebar_right'  style='height: 451px;'  ><\/div><div id='after_layer_slider_1'  class='main_color av_default_container_wrap container_wrap sidebar_right'  ><div class='container av-section-cont-open' ><div class='template-page content  av-content-small alpha units'><div class='post-entry post-entry-type-page post-entry-21130'><div class='entry-content-wrapper clearfix'>\n<section  class='av_textblock_section av-kynk0n5y-1f31c1e93daec2efe54d4e1f5965de54 '   itemscope=\"itemscope\" itemtype=\"https:\/\/schema.org\/CreativeWork\" ><div class='avia_textblock'  itemprop=\"text\" ><h2 style=\"text-align: center;\">Hoja de Vida de Expositor: Ram\u00f3n Iv\u00e1n Garc\u00eda<\/h2>\n<\/div><\/section>\n\n<style type=\"text\/css\" data-created_by=\"avia_inline_auto\" id=\"style-css-av-1h381be-db2c83f6f0ef0b63d0d515a3fe4f12f1\">\n#top .hr.hr-invisible.av-1h381be-db2c83f6f0ef0b63d0d515a3fe4f12f1{\nheight:50px;\n}\n<\/style>\n<div  class='hr av-1h381be-db2c83f6f0ef0b63d0d515a3fe4f12f1 hr-invisible  avia-builder-el-2  el_after_av_textblock  el_before_av_three_fifth '><span class='hr-inner '><span class=\"hr-inner-style\"><\/span><\/span><\/div>\n<div  class='flex_column av-av_three_fifth-e35d4d7392d344ede5b92e9eb6686da9 av_three_fifth  avia-builder-el-3  el_after_av_hr  el_before_av_two_fifth  first flex_column_div  '     ><section  class='av_textblock_section av-kynk1mzl-d101ab70e5d1a8ae1da8d907f340e4a8 '   itemscope=\"itemscope\" itemtype=\"https:\/\/schema.org\/CreativeWork\" ><div class='avia_textblock'  itemprop=\"text\" ><p><object class=\"vanilla-pdf-embed\" data=\"https:\/\/www.fiscaliadecuentas.gob.pa\/wp-content\/uploads\/2022\/01\/RAMON-IVAN-GARCIA.pdf#page=1&#038;view=FitH\" type=\"application\/pdf\" width=\"100%\" height=\"500em\"><p><a href=\"https:\/\/www.fiscaliadecuentas.gob.pa\/wp-content\/uploads\/2022\/01\/RAMON-IVAN-GARCIA.pdf\">Download the PDF file .<\/a><\/p><\/object><\/p>\n<p style=\"text-align: left;\"><a href=\"https:\/\/www.fiscaliadecuentas.gob.pa\/wp-content\/uploads\/2022\/01\/RAMON-IVAN-GARCIA.pdf\" target=\"_blank\" rel=\"noopener\"><i class=\"fas fa-search-plus fa-1x\"><\/i> Ampliar documento<\/a><\/p>\n<\/div><\/section><\/div><div  class='flex_column av-av_two_fifth-42d37b427ea0fe62155da7ff29a9dab8 av_two_fifth  avia-builder-el-5  el_after_av_three_fifth  el_before_av_one_half  flex_column_div  '     ><section  class='av_textblock_section av-kz5xlaqx-3797aa71ad6cf945add65d52d84923e5 '   itemscope=\"itemscope\" itemtype=\"https:\/\/schema.org\/CreativeWork\" ><div class='avia_textblock'  itemprop=\"text\" ><p style=\"text-align: left; font-size: 24px;\"><strong>Expositor:<\/strong> Ram\u00f3n Iv\u00e1n Garc\u00eda<\/p>\n<p style=\"text-align: left; font-size: 24px;\"><strong>Magistrado Presidente de la C\u00e1mara Primera de Lo Penal, Corte Suprema de Justicia. El Salvador.<\/strong><\/p>\n<p style=\"text-align: left; font-size: 24px;\"><strong>Tema 1:<\/strong> Principios Generales de la Extinci\u00f3n de Dominio y Su Impacto en la Recuperaci\u00f3n de Bienes y Fondos P\u00fablicos.<\/p>\n<p style=\"text-align: left; font-size: 24px;\"><strong>Tema 2:<\/strong> La Carga Din\u00e1mica de la Prueba en la Rendici\u00f3n de Cuentas de los Servidores P\u00fablicos.<\/p>\n<\/div><\/section><\/div><div  class='flex_column av-av_one_half-e35d4d7392d344ede5b92e9eb6686da9 av_one_half  avia-builder-el-7  el_after_av_two_fifth  el_before_av_one_half  first flex_column_div  '     ><div  class='avia-video av-kz5xyt57-c61ccf8e6b3762c00b396f2978e6c0fb avia-video-16-9 av-html5-fullscreen-btn av-no-preview-image avia-video-load-always av-lazyload-immediate av-lazyload-video-embed'  itemprop=\"video\" itemtype=\"https:\/\/schema.org\/VideoObject\"  data-original_url='https:\/\/youtu.be\/t3zxFXGHjek'><script type='text\/html' class='av-video-tmpl'><div class='avia-iframe-wrap'><iframe loading=\"lazy\" title=\"I Congreso Bilateral e Internacional de la Jurisdicci\u00f3n de Cuentas 20-1-2022\" width=\"1500\" height=\"844\" src=\"https:\/\/www.youtube.com\/embed\/t3zxFXGHjek?feature=oembed&autoplay=1&loop=1&controls=1&mute=1\" frameborder=\"0\" allow=\"accelerometer; autoplay; clipboard-write; encrypted-media; gyroscope; picture-in-picture; web-share\" allowfullscreen><\/iframe><\/div><\/script><div class='av-click-to-play-overlay'><div class=\"avia_playpause_icon\"><\/div><\/div><\/div><\/div><div  class='flex_column av-av_one_half-42d37b427ea0fe62155da7ff29a9dab8 av_one_half  avia-builder-el-9  el_after_av_one_half  el_before_av_hr  flex_column_div  '     ><div  class='avia-video av-kz5xnmzz-5f433fe55b78aa03c8131387db8c1b9f avia-video-16-9 av-no-preview-image avia-video-load-always av-lazyload-immediate av-lazyload-video-embed'  itemprop=\"video\" itemtype=\"https:\/\/schema.org\/VideoObject\"  data-original_url='https:\/\/youtu.be\/byNuLOh1uGQ'><script type='text\/html' class='av-video-tmpl'><div class='avia-iframe-wrap'><iframe loading=\"lazy\" title=\"I Congreso Bilateral e Internacional de la Jurisdicci\u00f3n de Cuentas 20-1-2022\" width=\"1500\" height=\"844\" src=\"https:\/\/www.youtube.com\/embed\/byNuLOh1uGQ?feature=oembed&autoplay=0&loop=0&controls=1&mute=0\" frameborder=\"0\" allow=\"accelerometer; autoplay; clipboard-write; encrypted-media; gyroscope; picture-in-picture; web-share\" allowfullscreen><\/iframe><\/div><\/script><div class='av-click-to-play-overlay'><div class=\"avia_playpause_icon\"><\/div><\/div><\/div><\/div>\n<style type=\"text\/css\" data-created_by=\"avia_inline_auto\" id=\"style-css-av-av_hr-c212a6610ca2a1554649fe7cde83d8bf\">\n#top .hr.hr-invisible.av-av_hr-c212a6610ca2a1554649fe7cde83d8bf{\nheight:50px;\n}\n<\/style>\n<div  class='hr av-av_hr-c212a6610ca2a1554649fe7cde83d8bf hr-invisible  avia-builder-el-11  el_after_av_one_half  el_before_av_iconlist '><span class='hr-inner '><span class=\"hr-inner-style\"><\/span><\/span><\/div><\/p>\n\n<style type=\"text\/css\" data-created_by=\"avia_inline_auto\" id=\"style-css-av-kz5y4dzb-9a5c6653be4c6da717c01afd37e3f456\">\n#top .avia-icon-list-container.av-kz5y4dzb-9a5c6653be4c6da717c01afd37e3f456 .iconlist_icon{\nbackground-color:#b02b2c;\n}\n<\/style>\n<div  class='avia-icon-list-container av-kz5y4dzb-9a5c6653be4c6da717c01afd37e3f456  avia-builder-el-12  el_after_av_hr  el_before_av_hr '><ul class='avia-icon-list avia_animate_when_almost_visible avia-icon-list-left av-iconlist-big av-kz5y4dzb-9a5c6653be4c6da717c01afd37e3f456 avia-iconlist-animate'>\n<li><a href='https:\/\/www.fiscaliadecuentas.gob.pa\/wp-content\/uploads\/2022\/01\/Presentacion-1-Ramon-Ivan-Garcia.pdf' title='Presentaci\u00f3n 1 (PDF)'  target=\"_blank\"  rel=\"noopener noreferrer\" class='iconlist_icon av-kz5y4cti-ab98b5f31cdbffbe56ae6fe9f6cd68af avia-font-fontawesome avia-iconfont avia-font-fontawesome'><span class='av-icon-char' data-av_icon='\uf1c1' data-av_iconfont='fontawesome' aria-hidden=\"true\"><\/span><\/a><article class=\"article-icon-entry \"  itemscope=\"itemscope\" itemtype=\"https:\/\/schema.org\/CreativeWork\" ><div class=\"iconlist_content_wrap\"><header class=\"entry-content-header\" aria-label=\"Icon: &lt;a href=&#039;https:\/\/www.fiscaliadecuentas.gob.pa\/wp-content\/uploads\/2022\/01\/Presentacion-1-Ramon-Ivan-Garcia.pdf&#039; title=&#039;Presentaci\u00f3n 1 (PDF)&#039; target=&quot;_blank&quot;  rel=&quot;noopener noreferrer&quot;&gt;Presentaci\u00f3n 1 (PDF)&lt;\/a&gt;\"><h4 class='av_iconlist_title iconlist_title  '  itemprop=\"headline\" ><a href='https:\/\/www.fiscaliadecuentas.gob.pa\/wp-content\/uploads\/2022\/01\/Presentacion-1-Ramon-Ivan-Garcia.pdf' title='Presentaci\u00f3n 1 (PDF)' target=\"_blank\"  rel=\"noopener noreferrer\">Presentaci\u00f3n 1 (PDF)<\/a><\/h4><\/header><div class='iconlist_content '  itemprop=\"text\" ><p style=\"text-align: left; font-size: 24px;\"><strong>Ver contenido:<\/strong> <a href=\"https:\/\/www.fiscaliadecuentas.gob.pa\/wp-content\/uploads\/2022\/01\/Presentacion-1-Ramon-Ivan-Garcia.pdf\" target=\"_blank\" rel=\"noopener\">Principios Generales de la Extinci\u00f3n de Dominio y Su Impacto en la Recuperaci\u00f3n de Bienes y Fondos P\u00fablicos.<\/a><\/p>\n<\/div><\/div><footer class=\"entry-footer\"><\/footer><\/article><div class=\"iconlist-timeline\"><\/div><\/li>\n<li><a href='https:\/\/www.fiscaliadecuentas.gob.pa\/wp-content\/uploads\/2022\/01\/Presentacion-2-Ramon-Ivan-Garcia.pdf' title='Presentaci\u00f3n 2 (PDF)'  target=\"_blank\"  rel=\"noopener noreferrer\" class='iconlist_icon av-av_iconlist_item-4b1da14fe4ecf7c1f65d3581b93baaa8 avia-font-fontawesome avia-iconfont avia-font-fontawesome'><span class='av-icon-char' data-av_icon='\uf1c1' data-av_iconfont='fontawesome' aria-hidden=\"true\"><\/span><\/a><article class=\"article-icon-entry \"  itemscope=\"itemscope\" itemtype=\"https:\/\/schema.org\/CreativeWork\" ><div class=\"iconlist_content_wrap\"><header class=\"entry-content-header\" aria-label=\"Icon: &lt;a href=&#039;https:\/\/www.fiscaliadecuentas.gob.pa\/wp-content\/uploads\/2022\/01\/Presentacion-2-Ramon-Ivan-Garcia.pdf&#039; title=&#039;Presentaci\u00f3n 2 (PDF)&#039; target=&quot;_blank&quot;  rel=&quot;noopener noreferrer&quot;&gt;Presentaci\u00f3n 2 (PDF)&lt;\/a&gt;\"><h4 class='av_iconlist_title iconlist_title  '  itemprop=\"headline\" ><a href='https:\/\/www.fiscaliadecuentas.gob.pa\/wp-content\/uploads\/2022\/01\/Presentacion-2-Ramon-Ivan-Garcia.pdf' title='Presentaci\u00f3n 2 (PDF)' target=\"_blank\"  rel=\"noopener noreferrer\">Presentaci\u00f3n 2 (PDF)<\/a><\/h4><\/header><div class='iconlist_content '  itemprop=\"text\" ><p style=\"text-align: left; font-size: 24px;\"><strong>Ver contenido:<\/strong> <a href=\"https:\/\/www.fiscaliadecuentas.gob.pa\/wp-content\/uploads\/2022\/01\/Presentacion-2-Ramon-Ivan-Garcia.pdf\" target=\"_blank\" rel=\"noopener\">La Carga Din\u00e1mica de la Prueba en la Rendici\u00f3n De Cuentas de los Servidores P\u00fablicos.<\/a><\/p>\n<\/div><\/div><footer class=\"entry-footer\"><\/footer><\/article><div class=\"iconlist-timeline\"><\/div><\/li>\n<\/ul><\/div>\n<div  class='hr av-kz5xmgri-7587870753b689c7cdaca73283d4f955 hr-big  avia-builder-el-13  el_after_av_iconlist  el_before_av_one_third '><span class='hr-inner '><span class=\"hr-inner-style\"><\/span><\/span><\/div>\n<div  class='flex_column av-10bkn2i-53aa9185b1144a9e4f1f64dafbc173fb av_one_third  avia-builder-el-14  el_after_av_hr  avia-builder-el-last  first flex_column_div  '     ><\/div>\n","protected":false},"excerpt":{"rendered":"","protected":false},"author":9,"featured_media":0,"parent":21028,"menu_order":0,"comment_status":"closed","ping_status":"closed","template":"","meta":{"_EventAllDay":false,"_EventTimezone":"","_EventStartDate":"","_EventEndDate":"","_EventStartDateUTC":"","_EventEndDateUTC":"","_EventShowMap":false,"_EventShowMapLink":false,"_EventURL":"","_EventCost":"","_EventCostDescription":"","_EventCurrencySymbol":"","_EventCurrencyCode":"","_EventCurrencyPosition":"","_EventDateTimeSeparator":"","_EventTimeRangeSeparator":"","_EventOrganizerID":[],"_EventVenueID":[],"_OrganizerEmail":"","_OrganizerPhone":"","_OrganizerWebsite":"","_VenueAddress":"","_VenueCity":"","_VenueCountry":"","_VenueProvince":"","_VenueState":"","_VenueZip":"","_VenuePhone":"","_VenueURL":"","_VenueStateProvince":"","_VenueLat":"","_VenueLng":"","_VenueShowMap":false,"_VenueShowMapLink":false,"footnotes":""},"class_list":["post-21130","page","type-page","status-publish","hentry"],"_links":{"self":[{"href":"https:\/\/www.fiscaliadecuentas.gob.pa\/index.php?rest_route=\/wp\/v2\/pages\/21130","targetHints":{"allow":["GET"]}}],"collection":[{"href":"https:\/\/www.fiscaliadecuentas.gob.pa\/index.php?rest_route=\/wp\/v2\/pages"}],"about":[{"href":"https:\/\/www.fiscaliadecuentas.gob.pa\/index.php?rest_route=\/wp\/v2\/types\/page"}],"author":[{"embeddable":true,"href":"https:\/\/www.fiscaliadecuentas.gob.pa\/index.php?rest_route=\/wp\/v2\/users\/9"}],"replies":[{"embeddable":true,"href":"https:\/\/www.fiscaliadecuentas.gob.pa\/index.php?rest_route=%2Fwp%2Fv2%2Fcomments&post=21130"}],"version-history":[{"count":17,"href":"https:\/\/www.fiscaliadecuentas.gob.pa\/index.php?rest_route=\/wp\/v2\/pages\/21130\/revisions"}],"predecessor-version":[{"id":27862,"href":"https:\/\/www.fiscaliadecuentas.gob.pa\/index.php?rest_route=\/wp\/v2\/pages\/21130\/revisions\/27862"}],"up":[{"embeddable":true,"href":"https:\/\/www.fiscaliadecuentas.gob.pa\/index.php?rest_route=\/wp\/v2\/pages\/21028"}],"wp:attachment":[{"href":"https:\/\/www.fiscaliadecuentas.gob.pa\/index.php?rest_route=%2Fwp%2Fv2%2Fmedia&parent=21130"}],"curies":[{"name":"wp","href":"https:\/\/api.w.org\/{rel}","templated":true}]}}

Hoja de Vida: Ramón Iván García

<div id='layer_slider_1'  class='avia-layerslider main_color avia-shadow  avia-builder-el-0  el_before_av_textblock  avia-builder-el-first  container_wrap sidebar_right'  style='height: 451px;'  ></div><div id='after_layer_slider_1'  class='main_color av_default_container_wrap container_wrap sidebar_right'  ><div class='container av-section-cont-open' ><div class='template-page content  av-content-small alpha units'><div class='post-entry post-entry-type-page post-entry-21130'><div class='entry-content-wrapper clearfix'>
<section  class='av_textblock_section av-kynk0n5y-1f31c1e93daec2efe54d4e1f5965de54 '   itemscope="itemscope" itemtype="https://schema.org/CreativeWork" ><div class='avia_textblock'  itemprop="text" ><h2 style="text-align: center;">Hoja de Vida de Expositor: Ramón Iván García</h2>
</div></section>

<style type="text/css" data-created_by="avia_inline_auto" id="style-css-av-1h381be-db2c83f6f0ef0b63d0d515a3fe4f12f1">
#top .hr.hr-invisible.av-1h381be-db2c83f6f0ef0b63d0d515a3fe4f12f1{
height:50px;
}
</style>
<div  class='hr av-1h381be-db2c83f6f0ef0b63d0d515a3fe4f12f1 hr-invisible  avia-builder-el-2  el_after_av_textblock  el_before_av_three_fifth '><span class='hr-inner '><span class="hr-inner-style"></span></span></div>
<div  class='flex_column av-av_three_fifth-e35d4d7392d344ede5b92e9eb6686da9 av_three_fifth  avia-builder-el-3  el_after_av_hr  el_before_av_two_fifth  first flex_column_div  '     ><section  class='av_textblock_section av-kynk1mzl-d101ab70e5d1a8ae1da8d907f340e4a8 '   itemscope="itemscope" itemtype="https://schema.org/CreativeWork" ><div class='avia_textblock'  itemprop="text" ><p><object class="vanilla-pdf-embed" data="https://www.fiscaliadecuentas.gob.pa/wp-content/uploads/2022/01/RAMON-IVAN-GARCIA.pdf#page=1&#038;view=FitH" type="application/pdf" width="100%" height="500em"><p><a href="https://www.fiscaliadecuentas.gob.pa/wp-content/uploads/2022/01/RAMON-IVAN-GARCIA.pdf">Download the PDF file .</a></p></object></p>
<p style="text-align: left;"><a href="https://www.fiscaliadecuentas.gob.pa/wp-content/uploads/2022/01/RAMON-IVAN-GARCIA.pdf" target="_blank" rel="noopener"><i class="fas fa-search-plus fa-1x"></i> Ampliar documento</a></p>
</div></section></div><div  class='flex_column av-av_two_fifth-42d37b427ea0fe62155da7ff29a9dab8 av_two_fifth  avia-builder-el-5  el_after_av_three_fifth  el_before_av_one_half  flex_column_div  '     ><section  class='av_textblock_section av-kz5xlaqx-3797aa71ad6cf945add65d52d84923e5 '   itemscope="itemscope" itemtype="https://schema.org/CreativeWork" ><div class='avia_textblock'  itemprop="text" ><p style="text-align: left; font-size: 24px;"><strong>Expositor:</strong> Ramón Iván García</p>
<p style="text-align: left; font-size: 24px;"><strong>Magistrado Presidente de la Cámara Primera de Lo Penal, Corte Suprema de Justicia. El Salvador.</strong></p>
<p style="text-align: left; font-size: 24px;"><strong>Tema 1:</strong> Principios Generales de la Extinción de Dominio y Su Impacto en la Recuperación de Bienes y Fondos Públicos.</p>
<p style="text-align: left; font-size: 24px;"><strong>Tema 2:</strong> La Carga Dinámica de la Prueba en la Rendición de Cuentas de los Servidores Públicos.</p>
</div></section></div><div  class='flex_column av-av_one_half-e35d4d7392d344ede5b92e9eb6686da9 av_one_half  avia-builder-el-7  el_after_av_two_fifth  el_before_av_one_half  first flex_column_div  '     ><div  class='avia-video av-kz5xyt57-c61ccf8e6b3762c00b396f2978e6c0fb avia-video-16-9 av-html5-fullscreen-btn av-no-preview-image avia-video-load-always av-lazyload-immediate av-lazyload-video-embed'  itemprop="video" itemtype="https://schema.org/VideoObject"  data-original_url='https://youtu.be/t3zxFXGHjek'><script type='text/html' class='av-video-tmpl'><div class='avia-iframe-wrap'><iframe loading="lazy" title="I Congreso Bilateral e Internacional de la Jurisdicción de Cuentas 20-1-2022" width="1500" height="844" src="https://www.youtube.com/embed/t3zxFXGHjek?feature=oembed&autoplay=1&loop=1&controls=1&mute=1" frameborder="0" allow="accelerometer; autoplay; clipboard-write; encrypted-media; gyroscope; picture-in-picture; web-share" allowfullscreen></iframe></div></script><div class='av-click-to-play-overlay'><div class="avia_playpause_icon"></div></div></div></div><div  class='flex_column av-av_one_half-42d37b427ea0fe62155da7ff29a9dab8 av_one_half  avia-builder-el-9  el_after_av_one_half  el_before_av_hr  flex_column_div  '     ><div  class='avia-video av-kz5xnmzz-5f433fe55b78aa03c8131387db8c1b9f avia-video-16-9 av-no-preview-image avia-video-load-always av-lazyload-immediate av-lazyload-video-embed'  itemprop="video" itemtype="https://schema.org/VideoObject"  data-original_url='https://youtu.be/byNuLOh1uGQ'><script type='text/html' class='av-video-tmpl'><div class='avia-iframe-wrap'><iframe loading="lazy" title="I Congreso Bilateral e Internacional de la Jurisdicción de Cuentas 20-1-2022" width="1500" height="844" src="https://www.youtube.com/embed/byNuLOh1uGQ?feature=oembed&autoplay=0&loop=0&controls=1&mute=0" frameborder="0" allow="accelerometer; autoplay; clipboard-write; encrypted-media; gyroscope; picture-in-picture; web-share" allowfullscreen></iframe></div></script><div class='av-click-to-play-overlay'><div class="avia_playpause_icon"></div></div></div></div>
<style type="text/css" data-created_by="avia_inline_auto" id="style-css-av-av_hr-c212a6610ca2a1554649fe7cde83d8bf">
#top .hr.hr-invisible.av-av_hr-c212a6610ca2a1554649fe7cde83d8bf{
height:50px;
}
</style>
<div  class='hr av-av_hr-c212a6610ca2a1554649fe7cde83d8bf hr-invisible  avia-builder-el-11  el_after_av_one_half  el_before_av_iconlist '><span class='hr-inner '><span class="hr-inner-style"></span></span></div></p>

<style type="text/css" data-created_by="avia_inline_auto" id="style-css-av-kz5y4dzb-9a5c6653be4c6da717c01afd37e3f456">
#top .avia-icon-list-container.av-kz5y4dzb-9a5c6653be4c6da717c01afd37e3f456 .iconlist_icon{
background-color:#b02b2c;
}
</style>
<div  class='avia-icon-list-container av-kz5y4dzb-9a5c6653be4c6da717c01afd37e3f456  avia-builder-el-12  el_after_av_hr  el_before_av_hr '><ul class='avia-icon-list avia_animate_when_almost_visible avia-icon-list-left av-iconlist-big av-kz5y4dzb-9a5c6653be4c6da717c01afd37e3f456 avia-iconlist-animate'>
<li><a href='https://www.fiscaliadecuentas.gob.pa/wp-content/uploads/2022/01/Presentacion-1-Ramon-Ivan-Garcia.pdf' title='Presentación 1 (PDF)'  target="_blank"  rel="noopener noreferrer" class='iconlist_icon av-kz5y4cti-ab98b5f31cdbffbe56ae6fe9f6cd68af avia-font-fontawesome avia-iconfont avia-font-fontawesome'><span class='av-icon-char' data-av_icon='' data-av_iconfont='fontawesome' aria-hidden="true"></span></a><article class="article-icon-entry "  itemscope="itemscope" itemtype="https://schema.org/CreativeWork" ><div class="iconlist_content_wrap"><header class="entry-content-header" aria-label="Icon: &lt;a href=&#039;https://www.fiscaliadecuentas.gob.pa/wp-content/uploads/2022/01/Presentacion-1-Ramon-Ivan-Garcia.pdf&#039; title=&#039;Presentación 1 (PDF)&#039; target=&quot;_blank&quot;  rel=&quot;noopener noreferrer&quot;&gt;Presentación 1 (PDF)&lt;/a&gt;"><h4 class='av_iconlist_title iconlist_title  '  itemprop="headline" ><a href='https://www.fiscaliadecuentas.gob.pa/wp-content/uploads/2022/01/Presentacion-1-Ramon-Ivan-Garcia.pdf' title='Presentación 1 (PDF)' target="_blank"  rel="noopener noreferrer">Presentación 1 (PDF)</a></h4></header><div class='iconlist_content '  itemprop="text" ><p style="text-align: left; font-size: 24px;"><strong>Ver contenido:</strong> <a href="https://www.fiscaliadecuentas.gob.pa/wp-content/uploads/2022/01/Presentacion-1-Ramon-Ivan-Garcia.pdf" target="_blank" rel="noopener">Principios Generales de la Extinción de Dominio y Su Impacto en la Recuperación de Bienes y Fondos Públicos.</a></p>
</div></div><footer class="entry-footer"></footer></article><div class="iconlist-timeline"></div></li>
<li><a href='https://www.fiscaliadecuentas.gob.pa/wp-content/uploads/2022/01/Presentacion-2-Ramon-Ivan-Garcia.pdf' title='Presentación 2 (PDF)'  target="_blank"  rel="noopener noreferrer" class='iconlist_icon av-av_iconlist_item-4b1da14fe4ecf7c1f65d3581b93baaa8 avia-font-fontawesome avia-iconfont avia-font-fontawesome'><span class='av-icon-char' data-av_icon='' data-av_iconfont='fontawesome' aria-hidden="true"></span></a><article class="article-icon-entry "  itemscope="itemscope" itemtype="https://schema.org/CreativeWork" ><div class="iconlist_content_wrap"><header class="entry-content-header" aria-label="Icon: &lt;a href=&#039;https://www.fiscaliadecuentas.gob.pa/wp-content/uploads/2022/01/Presentacion-2-Ramon-Ivan-Garcia.pdf&#039; title=&#039;Presentación 2 (PDF)&#039; target=&quot;_blank&quot;  rel=&quot;noopener noreferrer&quot;&gt;Presentación 2 (PDF)&lt;/a&gt;"><h4 class='av_iconlist_title iconlist_title  '  itemprop="headline" ><a href='https://www.fiscaliadecuentas.gob.pa/wp-content/uploads/2022/01/Presentacion-2-Ramon-Ivan-Garcia.pdf' title='Presentación 2 (PDF)' target="_blank"  rel="noopener noreferrer">Presentación 2 (PDF)</a></h4></header><div class='iconlist_content '  itemprop="text" ><p style="text-align: left; font-size: 24px;"><strong>Ver contenido:</strong> <a href="https://www.fiscaliadecuentas.gob.pa/wp-content/uploads/2022/01/Presentacion-2-Ramon-Ivan-Garcia.pdf" target="_blank" rel="noopener">La Carga Dinámica de la Prueba en la Rendición De Cuentas de los Servidores Públicos.</a></p>
</div></div><footer class="entry-footer"></footer></article><div class="iconlist-timeline"></div></li>
</ul></div>
<div  class='hr av-kz5xmgri-7587870753b689c7cdaca73283d4f955 hr-big  avia-builder-el-13  el_after_av_iconlist  el_before_av_one_third '><span class='hr-inner '><span class="hr-inner-style"></span></span></div>
<div  class='flex_column av-10bkn2i-53aa9185b1144a9e4f1f64dafbc173fb av_one_third  avia-builder-el-14  el_after_av_hr  avia-builder-el-last  first flex_column_div  '     ></div>
