{"id":21136,"date":"2022-01-20T17:44:37","date_gmt":"2022-01-20T22:44:37","guid":{"rendered":"https:\/\/www.fiscaliadecuentas.gob.pa\/?page_id=21136"},"modified":"2022-09-20T08:38:46","modified_gmt":"2022-09-20T13:38:46","slug":"hoja-de-vida-ricardo-boza","status":"publish","type":"page","link":"https:\/\/www.fiscaliadecuentas.gob.pa\/?page_id=21136","title":{"rendered":"Hoja de Vida: Ricardo Boza"},"content":{"rendered":"<div id='layer_slider_1'  class='avia-layerslider main_color avia-shadow  avia-builder-el-0  el_before_av_textblock  avia-builder-el-first  container_wrap sidebar_right'  style='height: 451px;'  ><\/div><div id='after_layer_slider_1'  class='main_color av_default_container_wrap container_wrap sidebar_right'  ><div class='container av-section-cont-open' ><div class='template-page content  av-content-small alpha units'><div class='post-entry post-entry-type-page post-entry-21136'><div class='entry-content-wrapper clearfix'>\n<section  class='av_textblock_section av-kynkbpp9-7378fe924eb4345e2632f68a96f7d961 '   itemscope=\"itemscope\" itemtype=\"https:\/\/schema.org\/CreativeWork\" ><div class='avia_textblock'  itemprop=\"text\" ><h2 style=\"text-align: center;\">Hoja de Vida del Moderador: Ricardo Boza<\/h2>\n<\/div><\/section>\n\n<style type=\"text\/css\" data-created_by=\"avia_inline_auto\" id=\"style-css-av-5uf1hs-50bf9f3327f8fe2069e29fb873b4dd04\">\n#top .hr.hr-invisible.av-5uf1hs-50bf9f3327f8fe2069e29fb873b4dd04{\nheight:50px;\n}\n<\/style>\n<div  class='hr av-5uf1hs-50bf9f3327f8fe2069e29fb873b4dd04 hr-invisible  avia-builder-el-2  el_after_av_textblock  el_before_av_three_fifth '><span class='hr-inner '><span class=\"hr-inner-style\"><\/span><\/span><\/div>\n<div  class='flex_column av-1rsjs1c-1b1826bcbe19668bec64e4aee1d80c2c av_three_fifth  avia-builder-el-3  el_after_av_hr  el_before_av_two_fifth  first flex_column_div  '     ><section  class='av_textblock_section av-kynkco8g-1010544bcfba6e13d775ccae3ea88c96 '   itemscope=\"itemscope\" itemtype=\"https:\/\/schema.org\/CreativeWork\" ><div class='avia_textblock'  itemprop=\"text\" ><p><object class=\"vanilla-pdf-embed\" data=\"https:\/\/www.fiscaliadecuentas.gob.pa\/wp-content\/uploads\/2022\/01\/RICARDO-BOZA.pdf#page=1&#038;view=FitH\" type=\"application\/pdf\" width=\"100%\" height=\"500em\"><p><a href=\"https:\/\/www.fiscaliadecuentas.gob.pa\/wp-content\/uploads\/2022\/01\/RICARDO-BOZA.pdf\">Download the PDF file .<\/a><\/p><\/object><\/p>\n<\/div><\/section><\/div>\n<div  class='flex_column av-100oepc-06209d6dd710158c3008336e637bc846 av_two_fifth  avia-builder-el-5  el_after_av_three_fifth  el_before_av_hr  flex_column_div  '     ><section  class='av_textblock_section av-kz5wtn9n-67a9bf46f56778f1d02213610d52d475 '   itemscope=\"itemscope\" itemtype=\"https:\/\/schema.org\/CreativeWork\" ><div class='avia_textblock'  itemprop=\"text\" ><p style=\"text-align: left; font-size: 24px;\"><strong>Moderador (Mesa redonda):<\/strong> Ricardo Boza<\/p>\n<p style=\"text-align: left; font-size: 24px;\"><strong>Asesor Legal, Contralor\u00eda General de la Rep\u00fablica de Panam\u00e1.<\/strong><\/p>\n<p style=\"text-align: left; font-size: 24px;\"><strong>Tema:<\/strong> La Importancia del Informe de Auditor\u00eda.<\/p>\n<\/div><\/section><br \/>\n<div  class='avia-video av-kz5wu87e-357f9bf7cae32d2fb6063f4d71d65d27 avia-video-16-9 av-html5-fullscreen-btn av-no-preview-image avia-video-load-always av-lazyload-immediate av-lazyload-video-embed'  itemprop=\"video\" itemtype=\"https:\/\/schema.org\/VideoObject\"  data-original_url='https:\/\/youtu.be\/nm6eNWeIuTE'><script type='text\/html' class='av-video-tmpl'><div class='avia-iframe-wrap'><iframe loading=\"lazy\" title=\"I Congreso Bilateral e Internacional de la Jurisdicci\u00f3n de Cuentas 21-1-2022\" width=\"1500\" height=\"844\" src=\"https:\/\/www.youtube.com\/embed\/nm6eNWeIuTE?feature=oembed&autoplay=1&loop=1&controls=1&mute=1\" frameborder=\"0\" allow=\"accelerometer; autoplay; clipboard-write; encrypted-media; gyroscope; picture-in-picture\" allowfullscreen><\/iframe><\/div><\/script><div class='av-click-to-play-overlay'><div class=\"avia_playpause_icon\"><\/div><\/div><\/div><\/p><\/div>\n<style type=\"text\/css\" data-created_by=\"avia_inline_auto\" id=\"style-css-av-irpar4-438189694bfcc033a7bd6123fd434acc\">\n#top .hr.hr-invisible.av-irpar4-438189694bfcc033a7bd6123fd434acc{\nheight:50px;\n}\n<\/style>\n<div  class='hr av-irpar4-438189694bfcc033a7bd6123fd434acc hr-invisible  avia-builder-el-8  el_after_av_two_fifth  el_before_av_one_third '><span class='hr-inner '><span class=\"hr-inner-style\"><\/span><\/span><\/div><\/p>\n<div  class='flex_column av-19ns4ds-777065516fbe62ce5f3b846c9bf80536 av_one_third  avia-builder-el-9  el_after_av_hr  avia-builder-el-last  first flex_column_div  '     ><\/div>\n","protected":false},"excerpt":{"rendered":"","protected":false},"author":9,"featured_media":0,"parent":21028,"menu_order":0,"comment_status":"closed","ping_status":"closed","template":"","meta":{"_EventAllDay":false,"_EventTimezone":"","_EventStartDate":"","_EventEndDate":"","_EventStartDateUTC":"","_EventEndDateUTC":"","_EventShowMap":false,"_EventShowMapLink":false,"_EventURL":"","_EventCost":"","_EventCostDescription":"","_EventCurrencySymbol":"","_EventCurrencyCode":"","_EventCurrencyPosition":"","_EventDateTimeSeparator":"","_EventTimeRangeSeparator":"","_EventOrganizerID":[],"_EventVenueID":[],"_OrganizerEmail":"","_OrganizerPhone":"","_OrganizerWebsite":"","_VenueAddress":"","_VenueCity":"","_VenueCountry":"","_VenueProvince":"","_VenueState":"","_VenueZip":"","_VenuePhone":"","_VenueURL":"","_VenueStateProvince":"","_VenueLat":"","_VenueLng":"","_VenueShowMap":false,"_VenueShowMapLink":false,"footnotes":""},"class_list":["post-21136","page","type-page","status-publish","hentry"],"_links":{"self":[{"href":"https:\/\/www.fiscaliadecuentas.gob.pa\/index.php?rest_route=\/wp\/v2\/pages\/21136","targetHints":{"allow":["GET"]}}],"collection":[{"href":"https:\/\/www.fiscaliadecuentas.gob.pa\/index.php?rest_route=\/wp\/v2\/pages"}],"about":[{"href":"https:\/\/www.fiscaliadecuentas.gob.pa\/index.php?rest_route=\/wp\/v2\/types\/page"}],"author":[{"embeddable":true,"href":"https:\/\/www.fiscaliadecuentas.gob.pa\/index.php?rest_route=\/wp\/v2\/users\/9"}],"replies":[{"embeddable":true,"href":"https:\/\/www.fiscaliadecuentas.gob.pa\/index.php?rest_route=%2Fwp%2Fv2%2Fcomments&post=21136"}],"version-history":[{"count":6,"href":"https:\/\/www.fiscaliadecuentas.gob.pa\/index.php?rest_route=\/wp\/v2\/pages\/21136\/revisions"}],"predecessor-version":[{"id":21828,"href":"https:\/\/www.fiscaliadecuentas.gob.pa\/index.php?rest_route=\/wp\/v2\/pages\/21136\/revisions\/21828"}],"up":[{"embeddable":true,"href":"https:\/\/www.fiscaliadecuentas.gob.pa\/index.php?rest_route=\/wp\/v2\/pages\/21028"}],"wp:attachment":[{"href":"https:\/\/www.fiscaliadecuentas.gob.pa\/index.php?rest_route=%2Fwp%2Fv2%2Fmedia&parent=21136"}],"curies":[{"name":"wp","href":"https:\/\/api.w.org\/{rel}","templated":true}]}}

<div id='layer_slider_1'  class='avia-layerslider main_color avia-shadow  avia-builder-el-0  el_before_av_textblock  avia-builder-el-first  container_wrap sidebar_right'  style='height: 451px;'  ></div><div id='after_layer_slider_1'  class='main_color av_default_container_wrap container_wrap sidebar_right'  ><div class='container av-section-cont-open' ><div class='template-page content  av-content-small alpha units'><div class='post-entry post-entry-type-page post-entry-21136'><div class='entry-content-wrapper clearfix'>
<section  class='av_textblock_section av-kynkbpp9-7378fe924eb4345e2632f68a96f7d961 '   itemscope="itemscope" itemtype="https://schema.org/CreativeWork" ><div class='avia_textblock'  itemprop="text" ><h2 style="text-align: center;">Hoja de Vida del Moderador: Ricardo Boza</h2>
</div></section>

<style type="text/css" data-created_by="avia_inline_auto" id="style-css-av-5uf1hs-50bf9f3327f8fe2069e29fb873b4dd04">
#top .hr.hr-invisible.av-5uf1hs-50bf9f3327f8fe2069e29fb873b4dd04{
height:50px;
}
</style>
<div  class='hr av-5uf1hs-50bf9f3327f8fe2069e29fb873b4dd04 hr-invisible  avia-builder-el-2  el_after_av_textblock  el_before_av_three_fifth '><span class='hr-inner '><span class="hr-inner-style"></span></span></div>
<div  class='flex_column av-1rsjs1c-1b1826bcbe19668bec64e4aee1d80c2c av_three_fifth  avia-builder-el-3  el_after_av_hr  el_before_av_two_fifth  first flex_column_div  '     ><section  class='av_textblock_section av-kynkco8g-1010544bcfba6e13d775ccae3ea88c96 '   itemscope="itemscope" itemtype="https://schema.org/CreativeWork" ><div class='avia_textblock'  itemprop="text" ><p><object class="vanilla-pdf-embed" data="https://www.fiscaliadecuentas.gob.pa/wp-content/uploads/2022/01/RICARDO-BOZA.pdf#page=1&#038;view=FitH" type="application/pdf" width="100%" height="500em"><p><a href="https://www.fiscaliadecuentas.gob.pa/wp-content/uploads/2022/01/RICARDO-BOZA.pdf">Download the PDF file .</a></p></object></p>
</div></section></div>
<div  class='flex_column av-100oepc-06209d6dd710158c3008336e637bc846 av_two_fifth  avia-builder-el-5  el_after_av_three_fifth  el_before_av_hr  flex_column_div  '     ><section  class='av_textblock_section av-kz5wtn9n-67a9bf46f56778f1d02213610d52d475 '   itemscope="itemscope" itemtype="https://schema.org/CreativeWork" ><div class='avia_textblock'  itemprop="text" ><p style="text-align: left; font-size: 24px;"><strong>Moderador (Mesa redonda):</strong> Ricardo Boza</p>
<p style="text-align: left; font-size: 24px;"><strong>Asesor Legal, Contraloría General de la República de Panamá.</strong></p>
<p style="text-align: left; font-size: 24px;"><strong>Tema:</strong> La Importancia del Informe de Auditoría.</p>
</div></section><br />
<div  class='avia-video av-kz5wu87e-357f9bf7cae32d2fb6063f4d71d65d27 avia-video-16-9 av-html5-fullscreen-btn av-no-preview-image avia-video-load-always av-lazyload-immediate av-lazyload-video-embed'  itemprop="video" itemtype="https://schema.org/VideoObject"  data-original_url='https://youtu.be/nm6eNWeIuTE'><script type='text/html' class='av-video-tmpl'><div class='avia-iframe-wrap'><iframe loading="lazy" title="I Congreso Bilateral e Internacional de la Jurisdicción de Cuentas 21-1-2022" width="1500" height="844" src="https://www.youtube.com/embed/nm6eNWeIuTE?feature=oembed&autoplay=1&loop=1&controls=1&mute=1" frameborder="0" allow="accelerometer; autoplay; clipboard-write; encrypted-media; gyroscope; picture-in-picture" allowfullscreen></iframe></div></script><div class='av-click-to-play-overlay'><div class="avia_playpause_icon"></div></div></div></p></div>
<style type="text/css" data-created_by="avia_inline_auto" id="style-css-av-irpar4-438189694bfcc033a7bd6123fd434acc">
#top .hr.hr-invisible.av-irpar4-438189694bfcc033a7bd6123fd434acc{
height:50px;
}
</style>
<div  class='hr av-irpar4-438189694bfcc033a7bd6123fd434acc hr-invisible  avia-builder-el-8  el_after_av_two_fifth  el_before_av_one_third '><span class='hr-inner '><span class="hr-inner-style"></span></span></div></p>
<div  class='flex_column av-19ns4ds-777065516fbe62ce5f3b846c9bf80536 av_one_third  avia-builder-el-9  el_after_av_hr  avia-builder-el-last  first flex_column_div  '     ></div>
