{"id":21478,"date":"2022-01-31T15:35:22","date_gmt":"2022-01-31T20:35:22","guid":{"rendered":"https:\/\/www.fiscaliadecuentas.gob.pa\/?page_id=21478"},"modified":"2022-09-20T08:38:46","modified_gmt":"2022-09-20T13:38:46","slug":"hoja-de-vida-ilena-turner","status":"publish","type":"page","link":"https:\/\/www.fiscaliadecuentas.gob.pa\/?page_id=21478","title":{"rendered":"Hoja de Vida: Ilena Turner"},"content":{"rendered":"<div id='layer_slider_1'  class='avia-layerslider main_color avia-shadow  avia-builder-el-0  el_before_av_textblock  avia-builder-el-first  container_wrap sidebar_right'  style='height: 451px;'  ><\/div><div id='after_layer_slider_1'  class='main_color av_default_container_wrap container_wrap sidebar_right'  ><div class='container av-section-cont-open' ><div class='template-page content  av-content-small alpha units'><div class='post-entry post-entry-type-page post-entry-21478'><div class='entry-content-wrapper clearfix'>\n<section  class='av_textblock_section av-kz35jdp8-1406b49386f8ab56b6ffa415d5245f90 '   itemscope=\"itemscope\" itemtype=\"https:\/\/schema.org\/CreativeWork\" ><div class='avia_textblock'  itemprop=\"text\" ><h2 style=\"text-align: center;\">Hoja de Vida de Expositor: Ilena Turner<\/h2>\n<\/div><\/section>\n\n<style type=\"text\/css\" data-created_by=\"avia_inline_auto\" id=\"style-css-av-23o7g4m-43503d6a0c79d0d0d580c329fc7c446a\">\n#top .hr.hr-invisible.av-23o7g4m-43503d6a0c79d0d0d580c329fc7c446a{\nheight:50px;\n}\n<\/style>\n<div  class='hr av-23o7g4m-43503d6a0c79d0d0d580c329fc7c446a hr-invisible  avia-builder-el-2  el_after_av_textblock  el_before_av_three_fifth '><span class='hr-inner '><span class=\"hr-inner-style\"><\/span><\/span><\/div>\n<div  class='flex_column av-av_three_fifth-e35d4d7392d344ede5b92e9eb6686da9 av_three_fifth  avia-builder-el-3  el_after_av_hr  el_before_av_two_fifth  first flex_column_div  '     ><section  class='av_textblock_section av-kz35n713-b1324273b1c6a997cca1b348c9d09d3a '   itemscope=\"itemscope\" itemtype=\"https:\/\/schema.org\/CreativeWork\" ><div class='avia_textblock'  itemprop=\"text\" ><p><object class=\"vanilla-pdf-embed\" data=\"https:\/\/www.fiscaliadecuentas.gob.pa\/wp-content\/uploads\/2022\/01\/Ilena-Turner.pdf#page=1&#038;view=FitH\" type=\"application\/pdf\" width=\"100%\" height=\"500em\"><p><a href=\"https:\/\/www.fiscaliadecuentas.gob.pa\/wp-content\/uploads\/2022\/01\/Ilena-Turner.pdf\">Download the PDF file .<\/a><\/p><\/object><\/p>\n<p style=\"text-align: left;\"><a href=\"https:\/\/www.fiscaliadecuentas.gob.pa\/wp-content\/uploads\/2022\/01\/Ilena-Turner.pdf\" target=\"_blank\" rel=\"noopener\"><i class=\"fas fa-search-plus fa-1x\"><\/i> Ampliar documento<\/a><\/p>\n<\/div><\/section><\/div><div  class='flex_column av-av_two_fifth-42d37b427ea0fe62155da7ff29a9dab8 av_two_fifth  avia-builder-el-5  el_after_av_three_fifth  el_before_av_hr  flex_column_div  '     ><section  class='av_textblock_section av-kz5pwfda-c44d2675f8937dd2ffa4287f7e3b455b '   itemscope=\"itemscope\" itemtype=\"https:\/\/schema.org\/CreativeWork\" ><div class='avia_textblock'  itemprop=\"text\" ><p style=\"text-align: left; font-size: 24px;\"><strong>Expositora: <\/strong>Ileana Turner Montenegro<\/p>\n<p style=\"text-align: left; font-size: 24px;\"><strong>Directora del Sistema Nacional Integrado de Estad\u00edsticas Criminales del Ministerio de Seguridad P\u00fablica. Rep\u00fablica de Panam\u00e1.<\/strong><\/p>\n<p style=\"text-align: left; font-size: 24px;\"><strong>Tema:<\/strong> El Tribunal de Cuentas y su Autonom\u00eda Jur\u00eddica.<\/p>\n<\/div><\/section><br \/>\n<div  class='avia-video av-kz5pxp7o-fa23839de585624e3c74cad59fc3d234 avia-video-16-9 av-no-preview-image avia-video-load-always av-lazyload-immediate av-lazyload-video-embed'  itemprop=\"video\" itemtype=\"https:\/\/schema.org\/VideoObject\"  data-original_url='https:\/\/youtu.be\/Xw5e5qvz0G4'><script type='text\/html' class='av-video-tmpl'><div class='avia-iframe-wrap'><iframe loading=\"lazy\" title=\"I Congreso Bilateral e Internacional de la Jurisdicci\u00f3n de Cuentas 21-1-2022\" width=\"1500\" height=\"844\" src=\"https:\/\/www.youtube.com\/embed\/Xw5e5qvz0G4?feature=oembed&autoplay=0&loop=0&controls=1&mute=0\" frameborder=\"0\" allow=\"accelerometer; autoplay; clipboard-write; encrypted-media; gyroscope; picture-in-picture\" allowfullscreen><\/iframe><\/div><\/script><div class='av-click-to-play-overlay'><div class=\"avia_playpause_icon\"><\/div><\/div><\/div><\/p><\/div>\n<style type=\"text\/css\" data-created_by=\"avia_inline_auto\" id=\"style-css-av-av_hr-c212a6610ca2a1554649fe7cde83d8bf\">\n#top .hr.hr-invisible.av-av_hr-c212a6610ca2a1554649fe7cde83d8bf{\nheight:50px;\n}\n<\/style>\n<div  class='hr av-av_hr-c212a6610ca2a1554649fe7cde83d8bf hr-invisible  avia-builder-el-8  el_after_av_two_fifth  el_before_av_iconlist '><span class='hr-inner '><span class=\"hr-inner-style\"><\/span><\/span><\/div><\/p>\n\n<style type=\"text\/css\" data-created_by=\"avia_inline_auto\" id=\"style-css-av-kz5qyhxf-040d990ba5c62e257d03c7c18d6fb9ad\">\n#top .avia-icon-list-container.av-kz5qyhxf-040d990ba5c62e257d03c7c18d6fb9ad .iconlist_icon{\nbackground-color:#b02b2c;\n}\n<\/style>\n<div  class='avia-icon-list-container av-kz5qyhxf-040d990ba5c62e257d03c7c18d6fb9ad  avia-builder-el-9  el_after_av_hr  el_before_av_hr '><ul class='avia-icon-list avia_animate_when_almost_visible avia-icon-list-left av-iconlist-big av-kz5qyhxf-040d990ba5c62e257d03c7c18d6fb9ad avia-iconlist-animate'>\n<li><a href='https:\/\/www.fiscaliadecuentas.gob.pa\/wp-content\/uploads\/2022\/01\/Presentacion-Ilena-Turner.pdf' title='Presentaci\u00f3n (PDF)'  target=\"_blank\"  rel=\"noopener noreferrer\" class='iconlist_icon av-kz5qyfw0-dff33fd84e9e1150c802e7062ba9d567 avia-font-fontawesome avia-iconfont avia-font-fontawesome'><span class='av-icon-char' data-av_icon='\uf1c1' data-av_iconfont='fontawesome' aria-hidden=\"true\"><\/span><\/a><article class=\"article-icon-entry \"  itemscope=\"itemscope\" itemtype=\"https:\/\/schema.org\/CreativeWork\" ><div class=\"iconlist_content_wrap\"><header class=\"entry-content-header\" aria-label=\"Icon: &lt;a href=&#039;https:\/\/www.fiscaliadecuentas.gob.pa\/wp-content\/uploads\/2022\/01\/Presentacion-Ilena-Turner.pdf&#039; title=&#039;Presentaci\u00f3n (PDF)&#039; target=&quot;_blank&quot;  rel=&quot;noopener noreferrer&quot;&gt;Presentaci\u00f3n (PDF)&lt;\/a&gt;\"><h4 class='av_iconlist_title iconlist_title  '  itemprop=\"headline\" ><a href='https:\/\/www.fiscaliadecuentas.gob.pa\/wp-content\/uploads\/2022\/01\/Presentacion-Ilena-Turner.pdf' title='Presentaci\u00f3n (PDF)' target=\"_blank\"  rel=\"noopener noreferrer\">Presentaci\u00f3n (PDF)<\/a><\/h4><\/header><div class='iconlist_content '  itemprop=\"text\" ><p style=\"text-align: left; font-size: 24px;\"><strong>Ver contenido:<\/strong> <a href=\"https:\/\/www.fiscaliadecuentas.gob.pa\/wp-content\/uploads\/2022\/01\/Presentacion-Ilena-Turner.pdf\" target=\"_blank\" rel=\"noopener\">El Tribunal de Cuentas y su Autonom\u00eda Jur\u00eddica.<\/a><\/p>\n<\/div><\/div><footer class=\"entry-footer\"><\/footer><\/article><div class=\"iconlist-timeline\"><\/div><\/li>\n<\/ul><\/div>\n<div  class='hr av-1r15uh2-da5dae2a74049e802f6c13debb54a17b hr-big  avia-builder-el-10  el_after_av_iconlist  el_before_av_one_third '><span class='hr-inner '><span class=\"hr-inner-style\"><\/span><\/span><\/div>\n<div  class='flex_column av-17l6ijq-2afad538a667b46b8c5bfd7d472f2d7c av_one_third  avia-builder-el-11  el_after_av_hr  avia-builder-el-last  first flex_column_div  '     ><\/div>\n","protected":false},"excerpt":{"rendered":"","protected":false},"author":9,"featured_media":0,"parent":21028,"menu_order":0,"comment_status":"closed","ping_status":"closed","template":"","meta":{"_EventAllDay":false,"_EventTimezone":"","_EventStartDate":"","_EventEndDate":"","_EventStartDateUTC":"","_EventEndDateUTC":"","_EventShowMap":false,"_EventShowMapLink":false,"_EventURL":"","_EventCost":"","_EventCostDescription":"","_EventCurrencySymbol":"","_EventCurrencyCode":"","_EventCurrencyPosition":"","_EventDateTimeSeparator":"","_EventTimeRangeSeparator":"","_EventOrganizerID":[],"_EventVenueID":[],"_OrganizerEmail":"","_OrganizerPhone":"","_OrganizerWebsite":"","_VenueAddress":"","_VenueCity":"","_VenueCountry":"","_VenueProvince":"","_VenueState":"","_VenueZip":"","_VenuePhone":"","_VenueURL":"","_VenueStateProvince":"","_VenueLat":"","_VenueLng":"","_VenueShowMap":false,"_VenueShowMapLink":false,"footnotes":""},"class_list":["post-21478","page","type-page","status-publish","hentry"],"_links":{"self":[{"href":"https:\/\/www.fiscaliadecuentas.gob.pa\/index.php?rest_route=\/wp\/v2\/pages\/21478","targetHints":{"allow":["GET"]}}],"collection":[{"href":"https:\/\/www.fiscaliadecuentas.gob.pa\/index.php?rest_route=\/wp\/v2\/pages"}],"about":[{"href":"https:\/\/www.fiscaliadecuentas.gob.pa\/index.php?rest_route=\/wp\/v2\/types\/page"}],"author":[{"embeddable":true,"href":"https:\/\/www.fiscaliadecuentas.gob.pa\/index.php?rest_route=\/wp\/v2\/users\/9"}],"replies":[{"embeddable":true,"href":"https:\/\/www.fiscaliadecuentas.gob.pa\/index.php?rest_route=%2Fwp%2Fv2%2Fcomments&post=21478"}],"version-history":[{"count":8,"href":"https:\/\/www.fiscaliadecuentas.gob.pa\/index.php?rest_route=\/wp\/v2\/pages\/21478\/revisions"}],"predecessor-version":[{"id":21742,"href":"https:\/\/www.fiscaliadecuentas.gob.pa\/index.php?rest_route=\/wp\/v2\/pages\/21478\/revisions\/21742"}],"up":[{"embeddable":true,"href":"https:\/\/www.fiscaliadecuentas.gob.pa\/index.php?rest_route=\/wp\/v2\/pages\/21028"}],"wp:attachment":[{"href":"https:\/\/www.fiscaliadecuentas.gob.pa\/index.php?rest_route=%2Fwp%2Fv2%2Fmedia&parent=21478"}],"curies":[{"name":"wp","href":"https:\/\/api.w.org\/{rel}","templated":true}]}}

<div id='layer_slider_1'  class='avia-layerslider main_color avia-shadow  avia-builder-el-0  el_before_av_textblock  avia-builder-el-first  container_wrap sidebar_right'  style='height: 451px;'  ></div><div id='after_layer_slider_1'  class='main_color av_default_container_wrap container_wrap sidebar_right'  ><div class='container av-section-cont-open' ><div class='template-page content  av-content-small alpha units'><div class='post-entry post-entry-type-page post-entry-21478'><div class='entry-content-wrapper clearfix'>
<section  class='av_textblock_section av-kz35jdp8-1406b49386f8ab56b6ffa415d5245f90 '   itemscope="itemscope" itemtype="https://schema.org/CreativeWork" ><div class='avia_textblock'  itemprop="text" ><h2 style="text-align: center;">Hoja de Vida de Expositor: Ilena Turner</h2>
</div></section>

<style type="text/css" data-created_by="avia_inline_auto" id="style-css-av-23o7g4m-43503d6a0c79d0d0d580c329fc7c446a">
#top .hr.hr-invisible.av-23o7g4m-43503d6a0c79d0d0d580c329fc7c446a{
height:50px;
}
</style>
<div  class='hr av-23o7g4m-43503d6a0c79d0d0d580c329fc7c446a hr-invisible  avia-builder-el-2  el_after_av_textblock  el_before_av_three_fifth '><span class='hr-inner '><span class="hr-inner-style"></span></span></div>
<div  class='flex_column av-av_three_fifth-e35d4d7392d344ede5b92e9eb6686da9 av_three_fifth  avia-builder-el-3  el_after_av_hr  el_before_av_two_fifth  first flex_column_div  '     ><section  class='av_textblock_section av-kz35n713-b1324273b1c6a997cca1b348c9d09d3a '   itemscope="itemscope" itemtype="https://schema.org/CreativeWork" ><div class='avia_textblock'  itemprop="text" ><p><object class="vanilla-pdf-embed" data="https://www.fiscaliadecuentas.gob.pa/wp-content/uploads/2022/01/Ilena-Turner.pdf#page=1&#038;view=FitH" type="application/pdf" width="100%" height="500em"><p><a href="https://www.fiscaliadecuentas.gob.pa/wp-content/uploads/2022/01/Ilena-Turner.pdf">Download the PDF file .</a></p></object></p>
<p style="text-align: left;"><a href="https://www.fiscaliadecuentas.gob.pa/wp-content/uploads/2022/01/Ilena-Turner.pdf" target="_blank" rel="noopener"><i class="fas fa-search-plus fa-1x"></i> Ampliar documento</a></p>
</div></section></div><div  class='flex_column av-av_two_fifth-42d37b427ea0fe62155da7ff29a9dab8 av_two_fifth  avia-builder-el-5  el_after_av_three_fifth  el_before_av_hr  flex_column_div  '     ><section  class='av_textblock_section av-kz5pwfda-c44d2675f8937dd2ffa4287f7e3b455b '   itemscope="itemscope" itemtype="https://schema.org/CreativeWork" ><div class='avia_textblock'  itemprop="text" ><p style="text-align: left; font-size: 24px;"><strong>Expositora: </strong>Ileana Turner Montenegro</p>
<p style="text-align: left; font-size: 24px;"><strong>Directora del Sistema Nacional Integrado de Estadísticas Criminales del Ministerio de Seguridad Pública. República de Panamá.</strong></p>
<p style="text-align: left; font-size: 24px;"><strong>Tema:</strong> El Tribunal de Cuentas y su Autonomía Jurídica.</p>
</div></section><br />
<div  class='avia-video av-kz5pxp7o-fa23839de585624e3c74cad59fc3d234 avia-video-16-9 av-no-preview-image avia-video-load-always av-lazyload-immediate av-lazyload-video-embed'  itemprop="video" itemtype="https://schema.org/VideoObject"  data-original_url='https://youtu.be/Xw5e5qvz0G4'><script type='text/html' class='av-video-tmpl'><div class='avia-iframe-wrap'><iframe loading="lazy" title="I Congreso Bilateral e Internacional de la Jurisdicción de Cuentas 21-1-2022" width="1500" height="844" src="https://www.youtube.com/embed/Xw5e5qvz0G4?feature=oembed&autoplay=0&loop=0&controls=1&mute=0" frameborder="0" allow="accelerometer; autoplay; clipboard-write; encrypted-media; gyroscope; picture-in-picture" allowfullscreen></iframe></div></script><div class='av-click-to-play-overlay'><div class="avia_playpause_icon"></div></div></div></p></div>
<style type="text/css" data-created_by="avia_inline_auto" id="style-css-av-av_hr-c212a6610ca2a1554649fe7cde83d8bf">
#top .hr.hr-invisible.av-av_hr-c212a6610ca2a1554649fe7cde83d8bf{
height:50px;
}
</style>
<div  class='hr av-av_hr-c212a6610ca2a1554649fe7cde83d8bf hr-invisible  avia-builder-el-8  el_after_av_two_fifth  el_before_av_iconlist '><span class='hr-inner '><span class="hr-inner-style"></span></span></div></p>

<style type="text/css" data-created_by="avia_inline_auto" id="style-css-av-kz5qyhxf-040d990ba5c62e257d03c7c18d6fb9ad">
#top .avia-icon-list-container.av-kz5qyhxf-040d990ba5c62e257d03c7c18d6fb9ad .iconlist_icon{
background-color:#b02b2c;
}
</style>
<div  class='avia-icon-list-container av-kz5qyhxf-040d990ba5c62e257d03c7c18d6fb9ad  avia-builder-el-9  el_after_av_hr  el_before_av_hr '><ul class='avia-icon-list avia_animate_when_almost_visible avia-icon-list-left av-iconlist-big av-kz5qyhxf-040d990ba5c62e257d03c7c18d6fb9ad avia-iconlist-animate'>
<li><a href='https://www.fiscaliadecuentas.gob.pa/wp-content/uploads/2022/01/Presentacion-Ilena-Turner.pdf' title='Presentación (PDF)'  target="_blank"  rel="noopener noreferrer" class='iconlist_icon av-kz5qyfw0-dff33fd84e9e1150c802e7062ba9d567 avia-font-fontawesome avia-iconfont avia-font-fontawesome'><span class='av-icon-char' data-av_icon='' data-av_iconfont='fontawesome' aria-hidden="true"></span></a><article class="article-icon-entry "  itemscope="itemscope" itemtype="https://schema.org/CreativeWork" ><div class="iconlist_content_wrap"><header class="entry-content-header" aria-label="Icon: &lt;a href=&#039;https://www.fiscaliadecuentas.gob.pa/wp-content/uploads/2022/01/Presentacion-Ilena-Turner.pdf&#039; title=&#039;Presentación (PDF)&#039; target=&quot;_blank&quot;  rel=&quot;noopener noreferrer&quot;&gt;Presentación (PDF)&lt;/a&gt;"><h4 class='av_iconlist_title iconlist_title  '  itemprop="headline" ><a href='https://www.fiscaliadecuentas.gob.pa/wp-content/uploads/2022/01/Presentacion-Ilena-Turner.pdf' title='Presentación (PDF)' target="_blank"  rel="noopener noreferrer">Presentación (PDF)</a></h4></header><div class='iconlist_content '  itemprop="text" ><p style="text-align: left; font-size: 24px;"><strong>Ver contenido:</strong> <a href="https://www.fiscaliadecuentas.gob.pa/wp-content/uploads/2022/01/Presentacion-Ilena-Turner.pdf" target="_blank" rel="noopener">El Tribunal de Cuentas y su Autonomía Jurídica.</a></p>
</div></div><footer class="entry-footer"></footer></article><div class="iconlist-timeline"></div></li>
</ul></div>
<div  class='hr av-1r15uh2-da5dae2a74049e802f6c13debb54a17b hr-big  avia-builder-el-10  el_after_av_iconlist  el_before_av_one_third '><span class='hr-inner '><span class="hr-inner-style"></span></span></div>
<div  class='flex_column av-17l6ijq-2afad538a667b46b8c5bfd7d472f2d7c av_one_third  avia-builder-el-11  el_after_av_hr  avia-builder-el-last  first flex_column_div  '     ></div>
