{"id":21495,"date":"2022-01-31T15:52:41","date_gmt":"2022-01-31T20:52:41","guid":{"rendered":"https:\/\/www.fiscaliadecuentas.gob.pa\/?page_id=21495"},"modified":"2022-09-20T08:38:47","modified_gmt":"2022-09-20T13:38:47","slug":"hoja-de-vida-yonel-de-la-cruz-2","status":"publish","type":"page","link":"https:\/\/www.fiscaliadecuentas.gob.pa\/?page_id=21495","title":{"rendered":"Hoja de Vida: Yonel de la Cruz"},"content":{"rendered":"<div id='layer_slider_1'  class='avia-layerslider main_color avia-shadow  avia-builder-el-0  el_before_av_textblock  avia-builder-el-first  container_wrap sidebar_right'  style='height: 451px;'  ><\/div><div id='after_layer_slider_1'  class='main_color av_default_container_wrap container_wrap sidebar_right'  ><div class='container av-section-cont-open' ><div class='template-page content  av-content-small alpha units'><div class='post-entry post-entry-type-page post-entry-21495'><div class='entry-content-wrapper clearfix'>\n<section  class='av_textblock_section av-kz3671wn-24c8312f1d495972c3d6b40575130036 '   itemscope=\"itemscope\" itemtype=\"https:\/\/schema.org\/CreativeWork\" ><div class='avia_textblock'  itemprop=\"text\" ><h2 style=\"text-align: center;\">Hoja de Vida de Expositor: Yonel de la Cruz<\/h2>\n<\/div><\/section>\n\n<style type=\"text\/css\" data-created_by=\"avia_inline_auto\" id=\"style-css-av-7dui6v-398642563f843e74b6ed0134e6882a2c\">\n#top .hr.hr-invisible.av-7dui6v-398642563f843e74b6ed0134e6882a2c{\nheight:50px;\n}\n<\/style>\n<div  class='hr av-7dui6v-398642563f843e74b6ed0134e6882a2c hr-invisible  avia-builder-el-2  el_after_av_textblock  el_before_av_three_fifth '><span class='hr-inner '><span class=\"hr-inner-style\"><\/span><\/span><\/div>\n<div  class='flex_column av-av_three_fifth-e35d4d7392d344ede5b92e9eb6686da9 av_three_fifth  avia-builder-el-3  el_after_av_hr  el_before_av_two_fifth  first flex_column_div  '     ><section  class='av_textblock_section av-kz368m8f-b9eb96ae93f21dc5e7ead095e4770527 '   itemscope=\"itemscope\" itemtype=\"https:\/\/schema.org\/CreativeWork\" ><div class='avia_textblock'  itemprop=\"text\" ><p><object class=\"vanilla-pdf-embed\" data=\"https:\/\/www.fiscaliadecuentas.gob.pa\/wp-content\/uploads\/2022\/01\/YONEL-DE-LA-CRUZ.pdf#page=1&#038;view=FitH\" type=\"application\/pdf\" width=\"100%\" height=\"500em\"><p><a href=\"https:\/\/www.fiscaliadecuentas.gob.pa\/wp-content\/uploads\/2022\/01\/YONEL-DE-LA-CRUZ.pdf\">Download the PDF file .<\/a><\/p><\/object><\/p>\n<p style=\"text-align: left;\"><a href=\"https:\/\/www.fiscaliadecuentas.gob.pa\/wp-content\/uploads\/2022\/01\/Yonel-De-La-Cruz.pdf\" target=\"_blank\" rel=\"noopener\"><i class=\"fas fa-search-plus fa-1x\"><\/i> Ampliar documento<\/a><\/p>\n<\/div><\/section><\/div><div  class='flex_column av-av_two_fifth-42d37b427ea0fe62155da7ff29a9dab8 av_two_fifth  avia-builder-el-5  el_after_av_three_fifth  el_before_av_hr  flex_column_div  '     ><section  class='av_textblock_section av-kz5syrgu-88de55825b7996e9aac74233a9f69d50 '   itemscope=\"itemscope\" itemtype=\"https:\/\/schema.org\/CreativeWork\" ><div class='avia_textblock'  itemprop=\"text\" ><p style=\"text-align: left; font-size: 24px;\"><strong>Expositor:<\/strong> Yonel De La Cruz P.<\/p>\n<p style=\"text-align: left; font-size: 24px;\"><strong>Director Nacional de Investigaciones y Auditor\u00eda Forense, Contralor\u00eda General de la Rep\u00fablica de Panam\u00e1.<\/strong><\/p>\n<p style=\"text-align: left; font-size: 24px;\"><strong>Tema:<\/strong> La Incidencia del Informe de Auditor\u00eda de la Contralor\u00eda General de la Rep\u00fablica en el Proceso Patrimonial.<\/p>\n<\/div><\/section><br \/>\n<div  class='avia-video av-kz5t09ic-bf4f194c3b692a0a44d8de872f028baa avia-video-16-9 av-html5-fullscreen-btn av-no-preview-image avia-video-load-always av-lazyload-immediate av-lazyload-video-embed'  itemprop=\"video\" itemtype=\"https:\/\/schema.org\/VideoObject\"  data-original_url='https:\/\/youtu.be\/LUHtZ80ltGw'><script type='text\/html' class='av-video-tmpl'><div class='avia-iframe-wrap'><iframe loading=\"lazy\" title=\"I Congreso Bilateral e Internacional de la Jurisdicci\u00f3n de Cuentas 21-1-2022\" width=\"1500\" height=\"844\" src=\"https:\/\/www.youtube.com\/embed\/LUHtZ80ltGw?feature=oembed&autoplay=1&loop=1&controls=1&mute=1\" frameborder=\"0\" allow=\"accelerometer; autoplay; clipboard-write; encrypted-media; gyroscope; picture-in-picture\" allowfullscreen><\/iframe><\/div><\/script><div class='av-click-to-play-overlay'><div class=\"avia_playpause_icon\"><\/div><\/div><\/div><\/p><\/div>\n<style type=\"text\/css\" data-created_by=\"avia_inline_auto\" id=\"style-css-av-av_hr-c212a6610ca2a1554649fe7cde83d8bf\">\n#top .hr.hr-invisible.av-av_hr-c212a6610ca2a1554649fe7cde83d8bf{\nheight:50px;\n}\n<\/style>\n<div  class='hr av-av_hr-c212a6610ca2a1554649fe7cde83d8bf hr-invisible  avia-builder-el-8  el_after_av_two_fifth  el_before_av_iconlist '><span class='hr-inner '><span class=\"hr-inner-style\"><\/span><\/span><\/div><\/p>\n\n<style type=\"text\/css\" data-created_by=\"avia_inline_auto\" id=\"style-css-av-kz5sztql-405abe94659704dd4aa0bcb60822338c\">\n#top .avia-icon-list-container.av-kz5sztql-405abe94659704dd4aa0bcb60822338c .iconlist_icon{\nbackground-color:#b02b2c;\n}\n<\/style>\n<div  class='avia-icon-list-container av-kz5sztql-405abe94659704dd4aa0bcb60822338c  avia-builder-el-9  el_after_av_hr  el_before_av_hr '><ul class='avia-icon-list avia_animate_when_almost_visible avia-icon-list-left av-iconlist-big av-kz5sztql-405abe94659704dd4aa0bcb60822338c avia-iconlist-animate'>\n<li><a href='https:\/\/www.fiscaliadecuentas.gob.pa\/wp-content\/uploads\/2022\/01\/Presentacion-Yoel-De-La-Cruz.pdf' title='Presentaci\u00f3n (PDF)'  target=\"_blank\"  rel=\"noopener noreferrer\" class='iconlist_icon av-kz5szsur-a882100b8e1a4355598dee5176e4a5fb avia-font-fontawesome avia-iconfont avia-font-fontawesome'><span class='av-icon-char' data-av_icon='\uf1c1' data-av_iconfont='fontawesome' aria-hidden=\"true\"><\/span><\/a><article class=\"article-icon-entry \"  itemscope=\"itemscope\" itemtype=\"https:\/\/schema.org\/CreativeWork\" ><div class=\"iconlist_content_wrap\"><header class=\"entry-content-header\" aria-label=\"Icon: &lt;a href=&#039;https:\/\/www.fiscaliadecuentas.gob.pa\/wp-content\/uploads\/2022\/01\/Presentacion-Yoel-De-La-Cruz.pdf&#039; title=&#039;Presentaci\u00f3n (PDF)&#039; target=&quot;_blank&quot;  rel=&quot;noopener noreferrer&quot;&gt;Presentaci\u00f3n (PDF)&lt;\/a&gt;\"><h4 class='av_iconlist_title iconlist_title  '  itemprop=\"headline\" ><a href='https:\/\/www.fiscaliadecuentas.gob.pa\/wp-content\/uploads\/2022\/01\/Presentacion-Yoel-De-La-Cruz.pdf' title='Presentaci\u00f3n (PDF)' target=\"_blank\"  rel=\"noopener noreferrer\">Presentaci\u00f3n (PDF)<\/a><\/h4><\/header><div class='iconlist_content '  itemprop=\"text\" ><p style=\"text-align: left; font-size: 24px;\"><strong>Ver contenido:<\/strong> <a href=\"https:\/\/www.fiscaliadecuentas.gob.pa\/wp-content\/uploads\/2022\/01\/Presentacion-Yoel-De-La-Cruz.pdf\" target=\"_blank\" rel=\"noopener\">La Incidencia del Informe de Auditor\u00eda de la Contralor\u00eda General de la Rep\u00fablica en el Proceso Patrimonial.<\/a><\/p>\n<\/div><\/div><footer class=\"entry-footer\"><\/footer><\/article><div class=\"iconlist-timeline\"><\/div><\/li>\n<\/ul><\/div>\n<div  class='hr av-1g2lvw7-b61c56506f6a206ad11af3cee6cf9835 hr-big  avia-builder-el-10  el_after_av_iconlist  el_before_av_one_third '><span class='hr-inner '><span class=\"hr-inner-style\"><\/span><\/span><\/div>\n<div  class='flex_column av-1529mhj-b1a91e9cff70a49f014ba05196359384 av_one_third  avia-builder-el-11  el_after_av_hr  avia-builder-el-last  first flex_column_div  '     ><\/div>\n","protected":false},"excerpt":{"rendered":"","protected":false},"author":9,"featured_media":0,"parent":21028,"menu_order":0,"comment_status":"closed","ping_status":"closed","template":"","meta":{"_EventAllDay":false,"_EventTimezone":"","_EventStartDate":"","_EventEndDate":"","_EventStartDateUTC":"","_EventEndDateUTC":"","_EventShowMap":false,"_EventShowMapLink":false,"_EventURL":"","_EventCost":"","_EventCostDescription":"","_EventCurrencySymbol":"","_EventCurrencyCode":"","_EventCurrencyPosition":"","_EventDateTimeSeparator":"","_EventTimeRangeSeparator":"","_EventOrganizerID":[],"_EventVenueID":[],"_OrganizerEmail":"","_OrganizerPhone":"","_OrganizerWebsite":"","_VenueAddress":"","_VenueCity":"","_VenueCountry":"","_VenueProvince":"","_VenueState":"","_VenueZip":"","_VenuePhone":"","_VenueURL":"","_VenueStateProvince":"","_VenueLat":"","_VenueLng":"","_VenueShowMap":false,"_VenueShowMapLink":false,"footnotes":""},"class_list":["post-21495","page","type-page","status-publish","hentry"],"_links":{"self":[{"href":"https:\/\/www.fiscaliadecuentas.gob.pa\/index.php?rest_route=\/wp\/v2\/pages\/21495","targetHints":{"allow":["GET"]}}],"collection":[{"href":"https:\/\/www.fiscaliadecuentas.gob.pa\/index.php?rest_route=\/wp\/v2\/pages"}],"about":[{"href":"https:\/\/www.fiscaliadecuentas.gob.pa\/index.php?rest_route=\/wp\/v2\/types\/page"}],"author":[{"embeddable":true,"href":"https:\/\/www.fiscaliadecuentas.gob.pa\/index.php?rest_route=\/wp\/v2\/users\/9"}],"replies":[{"embeddable":true,"href":"https:\/\/www.fiscaliadecuentas.gob.pa\/index.php?rest_route=%2Fwp%2Fv2%2Fcomments&post=21495"}],"version-history":[{"count":7,"href":"https:\/\/www.fiscaliadecuentas.gob.pa\/index.php?rest_route=\/wp\/v2\/pages\/21495\/revisions"}],"predecessor-version":[{"id":21756,"href":"https:\/\/www.fiscaliadecuentas.gob.pa\/index.php?rest_route=\/wp\/v2\/pages\/21495\/revisions\/21756"}],"up":[{"embeddable":true,"href":"https:\/\/www.fiscaliadecuentas.gob.pa\/index.php?rest_route=\/wp\/v2\/pages\/21028"}],"wp:attachment":[{"href":"https:\/\/www.fiscaliadecuentas.gob.pa\/index.php?rest_route=%2Fwp%2Fv2%2Fmedia&parent=21495"}],"curies":[{"name":"wp","href":"https:\/\/api.w.org\/{rel}","templated":true}]}}

<div id='layer_slider_1'  class='avia-layerslider main_color avia-shadow  avia-builder-el-0  el_before_av_textblock  avia-builder-el-first  container_wrap sidebar_right'  style='height: 451px;'  ></div><div id='after_layer_slider_1'  class='main_color av_default_container_wrap container_wrap sidebar_right'  ><div class='container av-section-cont-open' ><div class='template-page content  av-content-small alpha units'><div class='post-entry post-entry-type-page post-entry-21495'><div class='entry-content-wrapper clearfix'>
<section  class='av_textblock_section av-kz3671wn-24c8312f1d495972c3d6b40575130036 '   itemscope="itemscope" itemtype="https://schema.org/CreativeWork" ><div class='avia_textblock'  itemprop="text" ><h2 style="text-align: center;">Hoja de Vida de Expositor: Yonel de la Cruz</h2>
</div></section>

<style type="text/css" data-created_by="avia_inline_auto" id="style-css-av-7dui6v-398642563f843e74b6ed0134e6882a2c">
#top .hr.hr-invisible.av-7dui6v-398642563f843e74b6ed0134e6882a2c{
height:50px;
}
</style>
<div  class='hr av-7dui6v-398642563f843e74b6ed0134e6882a2c hr-invisible  avia-builder-el-2  el_after_av_textblock  el_before_av_three_fifth '><span class='hr-inner '><span class="hr-inner-style"></span></span></div>
<div  class='flex_column av-av_three_fifth-e35d4d7392d344ede5b92e9eb6686da9 av_three_fifth  avia-builder-el-3  el_after_av_hr  el_before_av_two_fifth  first flex_column_div  '     ><section  class='av_textblock_section av-kz368m8f-b9eb96ae93f21dc5e7ead095e4770527 '   itemscope="itemscope" itemtype="https://schema.org/CreativeWork" ><div class='avia_textblock'  itemprop="text" ><p><object class="vanilla-pdf-embed" data="https://www.fiscaliadecuentas.gob.pa/wp-content/uploads/2022/01/YONEL-DE-LA-CRUZ.pdf#page=1&#038;view=FitH" type="application/pdf" width="100%" height="500em"><p><a href="https://www.fiscaliadecuentas.gob.pa/wp-content/uploads/2022/01/YONEL-DE-LA-CRUZ.pdf">Download the PDF file .</a></p></object></p>
<p style="text-align: left;"><a href="https://www.fiscaliadecuentas.gob.pa/wp-content/uploads/2022/01/Yonel-De-La-Cruz.pdf" target="_blank" rel="noopener"><i class="fas fa-search-plus fa-1x"></i> Ampliar documento</a></p>
</div></section></div><div  class='flex_column av-av_two_fifth-42d37b427ea0fe62155da7ff29a9dab8 av_two_fifth  avia-builder-el-5  el_after_av_three_fifth  el_before_av_hr  flex_column_div  '     ><section  class='av_textblock_section av-kz5syrgu-88de55825b7996e9aac74233a9f69d50 '   itemscope="itemscope" itemtype="https://schema.org/CreativeWork" ><div class='avia_textblock'  itemprop="text" ><p style="text-align: left; font-size: 24px;"><strong>Expositor:</strong> Yonel De La Cruz P.</p>
<p style="text-align: left; font-size: 24px;"><strong>Director Nacional de Investigaciones y Auditoría Forense, Contraloría General de la República de Panamá.</strong></p>
<p style="text-align: left; font-size: 24px;"><strong>Tema:</strong> La Incidencia del Informe de Auditoría de la Contraloría General de la República en el Proceso Patrimonial.</p>
</div></section><br />
<div  class='avia-video av-kz5t09ic-bf4f194c3b692a0a44d8de872f028baa avia-video-16-9 av-html5-fullscreen-btn av-no-preview-image avia-video-load-always av-lazyload-immediate av-lazyload-video-embed'  itemprop="video" itemtype="https://schema.org/VideoObject"  data-original_url='https://youtu.be/LUHtZ80ltGw'><script type='text/html' class='av-video-tmpl'><div class='avia-iframe-wrap'><iframe loading="lazy" title="I Congreso Bilateral e Internacional de la Jurisdicción de Cuentas 21-1-2022" width="1500" height="844" src="https://www.youtube.com/embed/LUHtZ80ltGw?feature=oembed&autoplay=1&loop=1&controls=1&mute=1" frameborder="0" allow="accelerometer; autoplay; clipboard-write; encrypted-media; gyroscope; picture-in-picture" allowfullscreen></iframe></div></script><div class='av-click-to-play-overlay'><div class="avia_playpause_icon"></div></div></div></p></div>
<style type="text/css" data-created_by="avia_inline_auto" id="style-css-av-av_hr-c212a6610ca2a1554649fe7cde83d8bf">
#top .hr.hr-invisible.av-av_hr-c212a6610ca2a1554649fe7cde83d8bf{
height:50px;
}
</style>
<div  class='hr av-av_hr-c212a6610ca2a1554649fe7cde83d8bf hr-invisible  avia-builder-el-8  el_after_av_two_fifth  el_before_av_iconlist '><span class='hr-inner '><span class="hr-inner-style"></span></span></div></p>

<style type="text/css" data-created_by="avia_inline_auto" id="style-css-av-kz5sztql-405abe94659704dd4aa0bcb60822338c">
#top .avia-icon-list-container.av-kz5sztql-405abe94659704dd4aa0bcb60822338c .iconlist_icon{
background-color:#b02b2c;
}
</style>
<div  class='avia-icon-list-container av-kz5sztql-405abe94659704dd4aa0bcb60822338c  avia-builder-el-9  el_after_av_hr  el_before_av_hr '><ul class='avia-icon-list avia_animate_when_almost_visible avia-icon-list-left av-iconlist-big av-kz5sztql-405abe94659704dd4aa0bcb60822338c avia-iconlist-animate'>
<li><a href='https://www.fiscaliadecuentas.gob.pa/wp-content/uploads/2022/01/Presentacion-Yoel-De-La-Cruz.pdf' title='Presentación (PDF)'  target="_blank"  rel="noopener noreferrer" class='iconlist_icon av-kz5szsur-a882100b8e1a4355598dee5176e4a5fb avia-font-fontawesome avia-iconfont avia-font-fontawesome'><span class='av-icon-char' data-av_icon='' data-av_iconfont='fontawesome' aria-hidden="true"></span></a><article class="article-icon-entry "  itemscope="itemscope" itemtype="https://schema.org/CreativeWork" ><div class="iconlist_content_wrap"><header class="entry-content-header" aria-label="Icon: &lt;a href=&#039;https://www.fiscaliadecuentas.gob.pa/wp-content/uploads/2022/01/Presentacion-Yoel-De-La-Cruz.pdf&#039; title=&#039;Presentación (PDF)&#039; target=&quot;_blank&quot;  rel=&quot;noopener noreferrer&quot;&gt;Presentación (PDF)&lt;/a&gt;"><h4 class='av_iconlist_title iconlist_title  '  itemprop="headline" ><a href='https://www.fiscaliadecuentas.gob.pa/wp-content/uploads/2022/01/Presentacion-Yoel-De-La-Cruz.pdf' title='Presentación (PDF)' target="_blank"  rel="noopener noreferrer">Presentación (PDF)</a></h4></header><div class='iconlist_content '  itemprop="text" ><p style="text-align: left; font-size: 24px;"><strong>Ver contenido:</strong> <a href="https://www.fiscaliadecuentas.gob.pa/wp-content/uploads/2022/01/Presentacion-Yoel-De-La-Cruz.pdf" target="_blank" rel="noopener">La Incidencia del Informe de Auditoría de la Contraloría General de la República en el Proceso Patrimonial.</a></p>
</div></div><footer class="entry-footer"></footer></article><div class="iconlist-timeline"></div></li>
</ul></div>
<div  class='hr av-1g2lvw7-b61c56506f6a206ad11af3cee6cf9835 hr-big  avia-builder-el-10  el_after_av_iconlist  el_before_av_one_third '><span class='hr-inner '><span class="hr-inner-style"></span></span></div>
<div  class='flex_column av-1529mhj-b1a91e9cff70a49f014ba05196359384 av_one_third  avia-builder-el-11  el_after_av_hr  avia-builder-el-last  first flex_column_div  '     ></div>
