{"id":25103,"date":"2022-07-20T12:59:57","date_gmt":"2022-07-20T17:59:57","guid":{"rendered":"https:\/\/www.fiscaliadecuentas.gob.pa\/?page_id=25103"},"modified":"2024-04-11T16:23:00","modified_gmt":"2024-04-11T21:23:00","slug":"firma-electronica-3","status":"publish","type":"page","link":"https:\/\/www.fiscaliadecuentas.gob.pa\/?page_id=25103","title":{"rendered":"Firma Electr\u00f3nica Calificada"},"content":{"rendered":"<div id='layer_slider_1'  class='avia-layerslider main_color avia-shadow  avia-builder-el-0  el_before_av_hr  avia-builder-el-first  container_wrap sidebar_right'  style='height: 301px; max-width: 1310px; margin: 0 auto;'  ><\/div><div id='after_layer_slider_1'  class='main_color av_default_container_wrap container_wrap sidebar_right'  ><div class='container av-section-cont-open' ><div class='template-page content  av-content-small alpha units'><div class='post-entry post-entry-type-page post-entry-25103'><div class='entry-content-wrapper clearfix'>\n\n<style type=\"text\/css\" data-created_by=\"avia_inline_auto\" id=\"style-css-av-ghfa0f-dcc1d5ecc2b48351ce0e052d0ca21c3f\">\n#top .hr.hr-invisible.av-ghfa0f-dcc1d5ecc2b48351ce0e052d0ca21c3f{\nheight:50px;\n}\n<\/style>\n<div  class='hr av-ghfa0f-dcc1d5ecc2b48351ce0e052d0ca21c3f hr-invisible  avia-builder-el-1  el_after_av_layerslider  el_before_av_textblock  avia-builder-el-first '><span class='hr-inner '><span class=\"hr-inner-style\"><\/span><\/span><\/div>\n<section  class='av_textblock_section av-l5txjhbo-ebe0fc3bafddf46ef43dea961d702d5a '   itemscope=\"itemscope\" itemtype=\"https:\/\/schema.org\/CreativeWork\" ><div class='avia_textblock'  itemprop=\"text\" ><h1 style=\"text-align: center; text-shadow: rgba(0, 0, 0, 0.3) 0px 0px 10px;\"><span style=\"color: #7a7a7a;\"><span style=\"font-size: 38px;\">Firma Electr\u00f3nica Calificada &#8211; Base Legal<\/span><\/span><\/h1>\n<\/div><\/section>\n\n<style type=\"text\/css\" data-created_by=\"avia_inline_auto\" id=\"style-css-av-3v3agdr-00ddb0b205867957b6b21fab7bc19163\">\n#top .hr.hr-invisible.av-3v3agdr-00ddb0b205867957b6b21fab7bc19163{\nheight:50px;\n}\n<\/style>\n<div  class='hr av-3v3agdr-00ddb0b205867957b6b21fab7bc19163 hr-invisible  avia-builder-el-3  el_after_av_textblock  el_before_av_one_half '><span class='hr-inner '><span class=\"hr-inner-style\"><\/span><\/span><\/div>\n<div  class='flex_column av-3byuxlb-412e1f1a44b6c03bd45638d9fa9b56cf av_one_half  avia-builder-el-4  el_after_av_hr  el_before_av_one_half  first flex_column_div  '     ><div  class='avia-icon-list-container av-luvqtddc-d33f4857d91ef11ea9d13cd3dd8fdc4d  avia-builder-el-5  avia-builder-el-no-sibling '><ul class='avia-icon-list avia_animate_when_almost_visible avia-icon-list-left av-iconlist-big av-luvqtddc-d33f4857d91ef11ea9d13cd3dd8fdc4d avia-iconlist-animate'>\n<li><a href='https:\/\/www.fiscaliadecuentas.gob.pa\/wp-content\/uploads\/2023\/06\/RESOLUCION-FGC-033-2023-GACETA-OFICIAL-DIGITAL29797.pdf' title='Resoluci\u00f3n FGC-033-2023 de 22 de mayo de 2023'  target=\"_blank\"  rel=\"noopener noreferrer\" class='iconlist_icon av-luvqtcft-efac5fb8f4f39276343bde16a1f5a638 avia-font-fontawesome avia-iconfont avia-font-fontawesome'><span class='av-icon-char' data-av_icon='\uf1c1' data-av_iconfont='fontawesome' aria-hidden=\"true\"><\/span><\/a><article class=\"article-icon-entry \"  itemscope=\"itemscope\" itemtype=\"https:\/\/schema.org\/CreativeWork\" ><div class=\"iconlist_content_wrap\"><header class=\"entry-content-header\" aria-label=\"Icon: &lt;a href=&#039;https:\/\/www.fiscaliadecuentas.gob.pa\/wp-content\/uploads\/2023\/06\/RESOLUCION-FGC-033-2023-GACETA-OFICIAL-DIGITAL29797.pdf&#039; title=&#039;Resoluci\u00f3n FGC-033-2023 de 22 de mayo de 2023&#039; target=&quot;_blank&quot;  rel=&quot;noopener noreferrer&quot;&gt;Resoluci\u00f3n FGC-033-2023 de 22 de mayo de 2023&lt;\/a&gt;\"><h4 class='av_iconlist_title iconlist_title  '  itemprop=\"headline\" ><a href='https:\/\/www.fiscaliadecuentas.gob.pa\/wp-content\/uploads\/2023\/06\/RESOLUCION-FGC-033-2023-GACETA-OFICIAL-DIGITAL29797.pdf' title='Resoluci\u00f3n FGC-033-2023 de 22 de mayo de 2023' target=\"_blank\"  rel=\"noopener noreferrer\">Resoluci\u00f3n FGC-033-2023 de 22 de mayo de 2023<\/a><\/h4><\/header><div class='iconlist_content '  itemprop=\"text\" ><p style=\"text-align: justify;\">Que comunica la implementaci\u00f3n del gestor documental y el uso de la firma electr\u00f3nica en la fiscal\u00eda general de cuentas.<\/p>\n<\/div><\/div><footer class=\"entry-footer\"><\/footer><\/article><div class=\"iconlist-timeline\"><\/div><\/li>\n<li><a href='https:\/\/www.fiscaliadecuentas.gob.pa\/wp-content\/uploads\/2022\/09\/RESOLUCION-N.\u00b0-FGC-042-2022.pdf' title='Resoluci\u00f3n N.\u00b0FGC-042-2022 de 29 de agosto de 2022'  target=\"_blank\"  rel=\"noopener noreferrer\" class='iconlist_icon av-26x2wz3-12ae5512b8acee9b96d6df2ad9b1b4a0 avia-font-fontawesome avia-iconfont avia-font-fontawesome'><span class='av-icon-char' data-av_icon='\uf1c1' data-av_iconfont='fontawesome' aria-hidden=\"true\"><\/span><\/a><article class=\"article-icon-entry \"  itemscope=\"itemscope\" itemtype=\"https:\/\/schema.org\/CreativeWork\" ><div class=\"iconlist_content_wrap\"><header class=\"entry-content-header\" aria-label=\"Icon: &lt;a href=&#039;https:\/\/www.fiscaliadecuentas.gob.pa\/wp-content\/uploads\/2022\/09\/RESOLUCION-N.\u00b0-FGC-042-2022.pdf&#039; title=&#039;Resoluci\u00f3n N.\u00b0FGC-042-2022 de 29 de agosto de 2022&#039; target=&quot;_blank&quot;  rel=&quot;noopener noreferrer&quot;&gt;Resoluci\u00f3n N.\u00b0FGC-042-2022 de 29 de agosto de 2022&lt;\/a&gt;\"><h4 class='av_iconlist_title iconlist_title  '  itemprop=\"headline\" ><a href='https:\/\/www.fiscaliadecuentas.gob.pa\/wp-content\/uploads\/2022\/09\/RESOLUCION-N.\u00b0-FGC-042-2022.pdf' title='Resoluci\u00f3n N.\u00b0FGC-042-2022 de 29 de agosto de 2022' target=\"_blank\"  rel=\"noopener noreferrer\">Resoluci\u00f3n N.\u00b0FGC-042-2022 de 29 de agosto de 2022<\/a><\/h4><\/header><div class='iconlist_content '  itemprop=\"text\" ><p style=\"text-align: justify;\">Que adopta el uso de la Firma Electr\u00f3nica calificada y aprueban las pol\u00edticas de Control y Responsabilidad de los firmantes.<\/p>\n<\/div><\/div><footer class=\"entry-footer\"><\/footer><\/article><div class=\"iconlist-timeline\"><\/div><\/li>\n<li><a href='https:\/\/www.firmaelectronica.gob.pa\/documentos\/Decreto_684-Que_reglamenta_la_Ley_51_y_82.pdf' title='DECRETO EJECUTIVO N.\u00b0684 De 18 de octubre de 2013'  target=\"_blank\"  rel=\"noopener noreferrer\" class='iconlist_icon av-1me5u33-50dae31581fcf234a6c549bd397e09fa avia-font-fontawesome avia-iconfont avia-font-fontawesome'><span class='av-icon-char' data-av_icon='\uf1c1' data-av_iconfont='fontawesome' aria-hidden=\"true\"><\/span><\/a><article class=\"article-icon-entry \"  itemscope=\"itemscope\" itemtype=\"https:\/\/schema.org\/CreativeWork\" ><div class=\"iconlist_content_wrap\"><header class=\"entry-content-header\" aria-label=\"Icon: &lt;a href=&#039;https:\/\/www.firmaelectronica.gob.pa\/documentos\/Decreto_684-Que_reglamenta_la_Ley_51_y_82.pdf&#039; title=&#039;DECRETO EJECUTIVO N.\u00b0684 De 18 de octubre de 2013&#039; target=&quot;_blank&quot;  rel=&quot;noopener noreferrer&quot;&gt;DECRETO EJECUTIVO N.\u00b0684 De 18 de octubre de 2013&lt;\/a&gt;\"><h4 class='av_iconlist_title iconlist_title  '  itemprop=\"headline\" ><a href='https:\/\/www.firmaelectronica.gob.pa\/documentos\/Decreto_684-Que_reglamenta_la_Ley_51_y_82.pdf' title='DECRETO EJECUTIVO N.\u00b0684 De 18 de octubre de 2013' target=\"_blank\"  rel=\"noopener noreferrer\">DECRETO EJECUTIVO N.\u00b0684 De 18 de octubre de 2013<\/a><\/h4><\/header><div class='iconlist_content '  itemprop=\"text\" ><p style=\"text-align: justify;\">Que reglamenta la Ley 51 de 22 de julio de 2008 y la Ley 82 de 9 de noviembre de 2012 en materia de firma electr\u00f3nica.<\/p>\n<\/div><\/div><footer class=\"entry-footer\"><\/footer><\/article><div class=\"iconlist-timeline\"><\/div><\/li>\n<li><a href='https:\/\/www.firmaelectronica.gob.pa\/documentos\/Ley_82-Que_modifica_la_Ley_51_de_2008.pdf' title='LEY 82 de 9 de noviembre de 2012'  target=\"_blank\"  rel=\"noopener noreferrer\" class='iconlist_icon av-19htve7-71cf38cc2c6c8adfca90982e2c037d95 avia-font-fontawesome avia-iconfont avia-font-fontawesome'><span class='av-icon-char' data-av_icon='\uf1c1' data-av_iconfont='fontawesome' aria-hidden=\"true\"><\/span><\/a><article class=\"article-icon-entry \"  itemscope=\"itemscope\" itemtype=\"https:\/\/schema.org\/CreativeWork\" ><div class=\"iconlist_content_wrap\"><header class=\"entry-content-header\" aria-label=\"Icon: &lt;a href=&#039;https:\/\/www.firmaelectronica.gob.pa\/documentos\/Ley_82-Que_modifica_la_Ley_51_de_2008.pdf&#039; title=&#039;LEY 82 de 9 de noviembre de 2012&#039; target=&quot;_blank&quot;  rel=&quot;noopener noreferrer&quot;&gt;LEY 82 de 9 de noviembre de 2012&lt;\/a&gt;\"><h4 class='av_iconlist_title iconlist_title  '  itemprop=\"headline\" ><a href='https:\/\/www.firmaelectronica.gob.pa\/documentos\/Ley_82-Que_modifica_la_Ley_51_de_2008.pdf' title='LEY 82 de 9 de noviembre de 2012' target=\"_blank\"  rel=\"noopener noreferrer\">LEY 82 de 9 de noviembre de 2012<\/a><\/h4><\/header><div class='iconlist_content '  itemprop=\"text\" ><p style=\"text-align: justify;\">Que otorga al Registro P\u00fablico de Panam\u00e1 atribuciones de autoridad registradora y certificadora ra\u00edz de firma electr\u00f3nica para la rep\u00fablica de Panam\u00e1, modifica la Ley 51 de 2008 y adopta otras disposiciones.<\/p>\n<\/div><\/div><footer class=\"entry-footer\"><\/footer><\/article><div class=\"iconlist-timeline\"><\/div><\/li>\n<li><a href='https:\/\/www.firmaelectronica.gob.pa\/documentos\/Ley_51-Firma_electronicas_almacenamiento_tecnologico_y_comercio_electronico.pdf' title='LEY 51 De 22 de julio de 2008'  target=\"_blank\"  rel=\"noopener noreferrer\" class='iconlist_icon av-j4omsv-6049ff3dfbe0fd17ad8099ff895d69bd avia-font-fontawesome avia-iconfont avia-font-fontawesome'><span class='av-icon-char' data-av_icon='\uf1c1' data-av_iconfont='fontawesome' aria-hidden=\"true\"><\/span><\/a><article class=\"article-icon-entry \"  itemscope=\"itemscope\" itemtype=\"https:\/\/schema.org\/CreativeWork\" ><div class=\"iconlist_content_wrap\"><header class=\"entry-content-header\" aria-label=\"Icon: &lt;a href=&#039;https:\/\/www.firmaelectronica.gob.pa\/documentos\/Ley_51-Firma_electronicas_almacenamiento_tecnologico_y_comercio_electronico.pdf&#039; title=&#039;LEY 51 De 22 de julio de 2008&#039; target=&quot;_blank&quot;  rel=&quot;noopener noreferrer&quot;&gt;LEY 51 De 22 de julio de 2008&lt;\/a&gt;\"><h4 class='av_iconlist_title iconlist_title  '  itemprop=\"headline\" ><a href='https:\/\/www.firmaelectronica.gob.pa\/documentos\/Ley_51-Firma_electronicas_almacenamiento_tecnologico_y_comercio_electronico.pdf' title='LEY 51 De 22 de julio de 2008' target=\"_blank\"  rel=\"noopener noreferrer\">LEY 51 De 22 de julio de 2008<\/a><\/h4><\/header><div class='iconlist_content '  itemprop=\"text\" ><p style=\"text-align: justify;\">Que define y regula los documentos electr\u00f3nicos y las firmas electr\u00f3nicas y la prestaci\u00f3n de servicios de almacenamiento tecnol\u00f3gico de documentos y de certificaci\u00f3n de firmas electr\u00f3nicas y adopta otras disposiciones para el desarrollo del comercio electr\u00f3nico<\/p>\n<\/div><\/div><footer class=\"entry-footer\"><\/footer><\/article><div class=\"iconlist-timeline\"><\/div><\/li>\n<\/ul><\/div><\/div>\n<div  class='flex_column av-29t5hin-588fcbfa86417e2e31a8a8d3db35d980 av_one_half  avia-builder-el-6  el_after_av_one_half  el_before_av_hr  flex_column_div  '     ><div  class='avia-icon-list-container av-luvqx2zf-de99fadcd09bfc5206ef8202f6394ca5  avia-builder-el-7  avia-builder-el-no-sibling '><ul class='avia-icon-list avia_animate_when_almost_visible avia-icon-list-left av-iconlist-big av-luvqx2zf-de99fadcd09bfc5206ef8202f6394ca5 avia-iconlist-animate'>\n<li><a href='https:\/\/www.fiscaliadecuentas.gob.pa\/wp-content\/uploads\/2024\/04\/RESOLUCION-23-DE-2024-FIRMA-ELECTRONICA.pdf' title='RESOLUCI\u00d3N N.\u00b0 FGC-23-2024 (De 1 de abril de 2024)'  target=\"_blank\"  rel=\"noopener noreferrer\" class='iconlist_icon av-luvquz2q-001bf22121b270f3a46e48697e71f0b9 avia-font-fontawesome avia-iconfont avia-font-fontawesome'><span class='av-icon-char' data-av_icon='\uf1c1' data-av_iconfont='fontawesome' aria-hidden=\"true\"><\/span><\/a><article class=\"article-icon-entry \"  itemscope=\"itemscope\" itemtype=\"https:\/\/schema.org\/CreativeWork\" ><div class=\"iconlist_content_wrap\"><header class=\"entry-content-header\" aria-label=\"Icon: &lt;a href=&#039;https:\/\/www.fiscaliadecuentas.gob.pa\/wp-content\/uploads\/2024\/04\/RESOLUCION-23-DE-2024-FIRMA-ELECTRONICA.pdf&#039; title=&#039;RESOLUCI\u00d3N N.\u00b0 FGC-23-2024 (De 1 de abril de 2024)&#039; target=&quot;_blank&quot;  rel=&quot;noopener noreferrer&quot;&gt;RESOLUCI\u00d3N N.\u00b0 FGC-23-2024 (De 1 de abril de 2024)&lt;\/a&gt;\"><h4 class='av_iconlist_title iconlist_title  '  itemprop=\"headline\" ><a href='https:\/\/www.fiscaliadecuentas.gob.pa\/wp-content\/uploads\/2024\/04\/RESOLUCION-23-DE-2024-FIRMA-ELECTRONICA.pdf' title='RESOLUCI\u00d3N N.\u00b0 FGC-23-2024 (De 1 de abril de 2024)' target=\"_blank\"  rel=\"noopener noreferrer\">RESOLUCI\u00d3N N.\u00b0 FGC-23-2024 (De 1 de abril de 2024)<\/a><\/h4><\/header><div class='iconlist_content '  itemprop=\"text\" ><p style=\"text-align: justify;\">Por la cual se adiciona la Resoluci\u00f3n N.\u00b0 FGC-042-2022 de 29 de agosto de 2022, que adopta el uso de la firma electr\u00f3nica calificada y aprueban las pol\u00edticas de control y responsabilidad de los firmantes.<\/p>\n<\/div><\/div><footer class=\"entry-footer\"><\/footer><\/article><div class=\"iconlist-timeline\"><\/div><\/li>\n<li><a href='https:\/\/www.fiscaliadecuentas.gob.pa\/wp-content\/uploads\/2023\/02\/RESOLUCION-No.-DG-033-2023.pdf' title='RESOLUCI\u00d3N No. DG-033-2023 (De 26 de enero de 2023)'  target=\"_blank\"  rel=\"noopener noreferrer\" class='iconlist_icon av-av_iconlist_item-8cbdc926cea119f71a1385ec3e367cad avia-font-fontawesome avia-iconfont avia-font-fontawesome'><span class='av-icon-char' data-av_icon='\uf1c1' data-av_iconfont='fontawesome' aria-hidden=\"true\"><\/span><\/a><article class=\"article-icon-entry \"  itemscope=\"itemscope\" itemtype=\"https:\/\/schema.org\/CreativeWork\" ><div class=\"iconlist_content_wrap\"><header class=\"entry-content-header\" aria-label=\"Icon: &lt;a href=&#039;https:\/\/www.fiscaliadecuentas.gob.pa\/wp-content\/uploads\/2023\/02\/RESOLUCION-No.-DG-033-2023.pdf&#039; title=&#039;RESOLUCI\u00d3N No. DG-033-2023 (De 26 de enero de 2023)&#039; target=&quot;_blank&quot;  rel=&quot;noopener noreferrer&quot;&gt;RESOLUCI\u00d3N No. DG-033-2023 (De 26 de enero de 2023)&lt;\/a&gt;\"><h4 class='av_iconlist_title iconlist_title  '  itemprop=\"headline\" ><a href='https:\/\/www.fiscaliadecuentas.gob.pa\/wp-content\/uploads\/2023\/02\/RESOLUCION-No.-DG-033-2023.pdf' title='RESOLUCI\u00d3N No. DG-033-2023 (De 26 de enero de 2023)' target=\"_blank\"  rel=\"noopener noreferrer\">RESOLUCI\u00d3N No. DG-033-2023 (De 26 de enero de 2023)<\/a><\/h4><\/header><div class='iconlist_content '  itemprop=\"text\" ><p style=\"text-align: justify;\">Por la cual se dicta el Reglamento T\u00e9cnico No. 3 de la Direcci\u00f3n Nacional de Firma Electr\u00f3nica que crea un nuevo perfil de Firma Electr\u00f3nica Calificada, aprueba la Firma Electr\u00f3nica Calificada en la nube y dicta otras disposiciones.<\/p>\n<\/div><\/div><footer class=\"entry-footer\"><\/footer><\/article><div class=\"iconlist-timeline\"><\/div><\/li>\n<li><a href='https:\/\/www.firmaelectronica.gob.pa\/documentos\/Reglamento-Tecnico-No.2.pdf' title='RESOLUCI\u00d3N No. DG-087-2019 De 19 de agosto de 2019'  target=\"_blank\"  rel=\"noopener noreferrer\" class='iconlist_icon av-av_iconlist_item-a0fb7bffbe091f54330902a41202c999 avia-font-fontawesome avia-iconfont avia-font-fontawesome'><span class='av-icon-char' data-av_icon='\uf1c1' data-av_iconfont='fontawesome' aria-hidden=\"true\"><\/span><\/a><article class=\"article-icon-entry \"  itemscope=\"itemscope\" itemtype=\"https:\/\/schema.org\/CreativeWork\" ><div class=\"iconlist_content_wrap\"><header class=\"entry-content-header\" aria-label=\"Icon: &lt;a href=&#039;https:\/\/www.firmaelectronica.gob.pa\/documentos\/Reglamento-Tecnico-No.2.pdf&#039; title=&#039;RESOLUCI\u00d3N No. DG-087-2019 De 19 de agosto de 2019&#039; target=&quot;_blank&quot;  rel=&quot;noopener noreferrer&quot;&gt;RESOLUCI\u00d3N No. DG-087-2019 De 19 de agosto de 2019&lt;\/a&gt;\"><h4 class='av_iconlist_title iconlist_title  '  itemprop=\"headline\" ><a href='https:\/\/www.firmaelectronica.gob.pa\/documentos\/Reglamento-Tecnico-No.2.pdf' title='RESOLUCI\u00d3N No. DG-087-2019 De 19 de agosto de 2019' target=\"_blank\"  rel=\"noopener noreferrer\">RESOLUCI\u00d3N No. DG-087-2019 De 19 de agosto de 2019<\/a><\/h4><\/header><div class='iconlist_content '  itemprop=\"text\" ><p style=\"text-align: justify;\">Por la cual se dicta el Reglamento T\u00e9cnico No. 2 de la Direcci\u00f3n Nacional de Firma Electr\u00f3nica que crea nuevos perfiles de Firma Electr\u00f3nica Calificada y dicta otras disipaciones.<\/p>\n<\/div><\/div><footer class=\"entry-footer\"><\/footer><\/article><div class=\"iconlist-timeline\"><\/div><\/li>\n<li><a href='https:\/\/www.firmaelectronica.gob.pa\/documentos\/Resolucion-JD-003-2015-Tarifas-Certificados-Electronicos.pdf' title='RESOLUCI\u00d3N JD-003-2015 (de 02 de julio de 2015)'  target=\"_blank\"  rel=\"noopener noreferrer\" class='iconlist_icon av-av_iconlist_item-ca70d711d598602903513cca51d434de avia-font-fontawesome avia-iconfont avia-font-fontawesome'><span class='av-icon-char' data-av_icon='\uf1c1' data-av_iconfont='fontawesome' aria-hidden=\"true\"><\/span><\/a><article class=\"article-icon-entry \"  itemscope=\"itemscope\" itemtype=\"https:\/\/schema.org\/CreativeWork\" ><div class=\"iconlist_content_wrap\"><header class=\"entry-content-header\" aria-label=\"Icon: &lt;a href=&#039;https:\/\/www.firmaelectronica.gob.pa\/documentos\/Resolucion-JD-003-2015-Tarifas-Certificados-Electronicos.pdf&#039; title=&#039;RESOLUCI\u00d3N JD-003-2015 (de 02 de julio de 2015)&#039; target=&quot;_blank&quot;  rel=&quot;noopener noreferrer&quot;&gt;RESOLUCI\u00d3N JD-003-2015 (de 02 de julio de 2015)&lt;\/a&gt;\"><h4 class='av_iconlist_title iconlist_title  '  itemprop=\"headline\" ><a href='https:\/\/www.firmaelectronica.gob.pa\/documentos\/Resolucion-JD-003-2015-Tarifas-Certificados-Electronicos.pdf' title='RESOLUCI\u00d3N JD-003-2015 (de 02 de julio de 2015)' target=\"_blank\"  rel=\"noopener noreferrer\">RESOLUCI\u00d3N JD-003-2015 (de 02 de julio de 2015)<\/a><\/h4><\/header><div class='iconlist_content '  itemprop=\"text\" ><p style=\"text-align: justify;\">Por la cual se establece las tarifas de los certificados electr\u00f3nicos calificados emitidos por el Registro P\u00fablico de Panam\u00e1.<\/p>\n<\/div><\/div><footer class=\"entry-footer\"><\/footer><\/article><div class=\"iconlist-timeline\"><\/div><\/li>\n<li><a href='https:\/\/www.firmaelectronica.gob.pa\/documentos\/Reglamentacion_Tecnica_1.pdf' title='RESOLUCI\u00d3N No. DGH-125-2013 (De 6 de noviembre de 2013)'  target=\"_blank\"  rel=\"noopener noreferrer\" class='iconlist_icon av-av_iconlist_item-d1d52f00d13d4efed045aecf9619b8ad avia-font-fontawesome avia-iconfont avia-font-fontawesome'><span class='av-icon-char' data-av_icon='\uf1c1' data-av_iconfont='fontawesome' aria-hidden=\"true\"><\/span><\/a><article class=\"article-icon-entry \"  itemscope=\"itemscope\" itemtype=\"https:\/\/schema.org\/CreativeWork\" ><div class=\"iconlist_content_wrap\"><header class=\"entry-content-header\" aria-label=\"Icon: &lt;a href=&#039;https:\/\/www.firmaelectronica.gob.pa\/documentos\/Reglamentacion_Tecnica_1.pdf&#039; title=&#039;RESOLUCI\u00d3N No. DGH-125-2013 (De 6 de noviembre de 2013)&#039; target=&quot;_blank&quot;  rel=&quot;noopener noreferrer&quot;&gt;RESOLUCI\u00d3N No. DGH-125-2013 (De 6 de noviembre de 2013)&lt;\/a&gt;\"><h4 class='av_iconlist_title iconlist_title  '  itemprop=\"headline\" ><a href='https:\/\/www.firmaelectronica.gob.pa\/documentos\/Reglamentacion_Tecnica_1.pdf' title='RESOLUCI\u00d3N No. DGH-125-2013 (De 6 de noviembre de 2013)' target=\"_blank\"  rel=\"noopener noreferrer\">RESOLUCI\u00d3N No. DGH-125-2013 (De 6 de noviembre de 2013)<\/a><\/h4><\/header><div class='iconlist_content '  itemprop=\"text\" ><p style=\"text-align: justify;\">Por la cual se dicta el Reglamento T\u00e9cnico No.1 de la Direcci\u00f3n Nacional de Firma Electr\u00f3nica.<\/p>\n<\/div><\/div><footer class=\"entry-footer\"><\/footer><\/article><div class=\"iconlist-timeline\"><\/div><\/li>\n<\/ul><\/div><\/div>\n<style type=\"text\/css\" data-created_by=\"avia_inline_auto\" id=\"style-css-av-1st3vn3-78815b05dbdbd229a6f834a2a64bc8d0\">\n#top .hr.hr-invisible.av-1st3vn3-78815b05dbdbd229a6f834a2a64bc8d0{\nheight:50px;\n}\n<\/style>\n<div  class='hr av-1st3vn3-78815b05dbdbd229a6f834a2a64bc8d0 hr-invisible  avia-builder-el-8  el_after_av_one_half  el_before_av_one_half '><span class='hr-inner '><span class=\"hr-inner-style\"><\/span><\/span><\/div><\/p>\n<div  class='flex_column av-19jqgj3-47c4e198b95a4f526a4e26c3cc9216bb av_one_half  avia-builder-el-9  el_after_av_hr  avia-builder-el-last  first flex_column_div  '     ><\/div>\n","protected":false},"excerpt":{"rendered":"","protected":false},"author":9,"featured_media":0,"parent":0,"menu_order":0,"comment_status":"closed","ping_status":"closed","template":"","meta":{"_EventAllDay":false,"_EventTimezone":"","_EventStartDate":"","_EventEndDate":"","_EventStartDateUTC":"","_EventEndDateUTC":"","_EventShowMap":false,"_EventShowMapLink":false,"_EventURL":"","_EventCost":"","_EventCostDescription":"","_EventCurrencySymbol":"","_EventCurrencyCode":"","_EventCurrencyPosition":"","_EventDateTimeSeparator":"","_EventTimeRangeSeparator":"","_EventOrganizerID":[],"_EventVenueID":[],"_OrganizerEmail":"","_OrganizerPhone":"","_OrganizerWebsite":"","_VenueAddress":"","_VenueCity":"","_VenueCountry":"","_VenueProvince":"","_VenueState":"","_VenueZip":"","_VenuePhone":"","_VenueURL":"","_VenueStateProvince":"","_VenueLat":"","_VenueLng":"","_VenueShowMap":false,"_VenueShowMapLink":false,"footnotes":""},"class_list":["post-25103","page","type-page","status-publish","hentry"],"_links":{"self":[{"href":"https:\/\/www.fiscaliadecuentas.gob.pa\/index.php?rest_route=\/wp\/v2\/pages\/25103","targetHints":{"allow":["GET"]}}],"collection":[{"href":"https:\/\/www.fiscaliadecuentas.gob.pa\/index.php?rest_route=\/wp\/v2\/pages"}],"about":[{"href":"https:\/\/www.fiscaliadecuentas.gob.pa\/index.php?rest_route=\/wp\/v2\/types\/page"}],"author":[{"embeddable":true,"href":"https:\/\/www.fiscaliadecuentas.gob.pa\/index.php?rest_route=\/wp\/v2\/users\/9"}],"replies":[{"embeddable":true,"href":"https:\/\/www.fiscaliadecuentas.gob.pa\/index.php?rest_route=%2Fwp%2Fv2%2Fcomments&post=25103"}],"version-history":[{"count":23,"href":"https:\/\/www.fiscaliadecuentas.gob.pa\/index.php?rest_route=\/wp\/v2\/pages\/25103\/revisions"}],"predecessor-version":[{"id":35960,"href":"https:\/\/www.fiscaliadecuentas.gob.pa\/index.php?rest_route=\/wp\/v2\/pages\/25103\/revisions\/35960"}],"wp:attachment":[{"href":"https:\/\/www.fiscaliadecuentas.gob.pa\/index.php?rest_route=%2Fwp%2Fv2%2Fmedia&parent=25103"}],"curies":[{"name":"wp","href":"https:\/\/api.w.org\/{rel}","templated":true}]}}