{"id":32190,"date":"2023-07-04T08:32:39","date_gmt":"2023-07-04T13:32:39","guid":{"rendered":"https:\/\/www.fiscaliadecuentas.gob.pa\/?page_id=32190"},"modified":"2023-07-04T13:08:22","modified_gmt":"2023-07-04T18:08:22","slug":"contrataciones-publicas","status":"publish","type":"page","link":"https:\/\/www.fiscaliadecuentas.gob.pa\/?page_id=32190","title":{"rendered":"Contrataciones P\u00fablicas"},"content":{"rendered":"<div id='layer_slider_1'  class='avia-layerslider main_color avia-shadow  avia-builder-el-0  el_before_av_hr  avia-builder-el-first  container_wrap sidebar_right'  style='height: 301px; max-width: 1310px; margin: 0 auto;'  ><\/div><div id='after_layer_slider_1'  class='main_color av_default_container_wrap container_wrap sidebar_right'  ><div class='container av-section-cont-open' ><div class='template-page content  av-content-small alpha units'><div class='post-entry post-entry-type-page post-entry-32190'><div class='entry-content-wrapper clearfix'>\n\n<style type=\"text\/css\" data-created_by=\"avia_inline_auto\" id=\"style-css-av-3q8qba6-2285ab28283e46301563860315b4aa68\">\n#top .hr.hr-invisible.av-3q8qba6-2285ab28283e46301563860315b4aa68{\nheight:50px;\n}\n<\/style>\n<div  class='hr av-3q8qba6-2285ab28283e46301563860315b4aa68 hr-invisible  avia-builder-el-1  el_after_av_layerslider  el_before_av_textblock  avia-builder-el-first '><span class='hr-inner '><span class=\"hr-inner-style\"><\/span><\/span><\/div>\n<section  class='av_textblock_section av-ljolevpr-3da0d66093bc9f98d5a43c4e3288f1b8 '   itemscope=\"itemscope\" itemtype=\"https:\/\/schema.org\/CreativeWork\" ><div class='avia_textblock'  itemprop=\"text\" ><h1 style=\"text-align: center; text-shadow: rgba(0, 0, 0, 0.3) 0px 0px 10px;\"><span style=\"color: #7a7a7a;\"><span style=\"font-size: 38px;\">Contrataciones P\u00fablicas<\/span><\/span><\/h1>\n<\/div><\/section>\n\n<style type=\"text\/css\" data-created_by=\"avia_inline_auto\" id=\"style-css-av-c3ezj2-50746889896cd713cbe195ed28ac1f30\">\n#top .hr.hr-invisible.av-c3ezj2-50746889896cd713cbe195ed28ac1f30{\nheight:50px;\n}\n<\/style>\n<div  class='hr av-c3ezj2-50746889896cd713cbe195ed28ac1f30 hr-invisible  avia-builder-el-3  el_after_av_textblock  el_before_av_one_full '><span class='hr-inner '><span class=\"hr-inner-style\"><\/span><\/span><\/div>\n<div  class='flex_column av-34mghb2-51f7530ae3de129fac1486710892c7dc av_one_full  avia-builder-el-4  el_after_av_hr  el_before_av_hr  first flex_column_div  '     ><div  class='avia-icon-list-container av-ljolsifq-f823145347e6190ee4a37cb2b00c43c9  avia-builder-el-5  avia-builder-el-no-sibling '><ul class='avia-icon-list avia_animate_when_almost_visible avia-icon-list-left av-iconlist-big av-ljolsifq-f823145347e6190ee4a37cb2b00c43c9 avia-iconlist-animate'>\n<li><a href='https:\/\/www.fiscaliadecuentas.gob.pa\/wp-content\/uploads\/2022\/09\/RESOLUCION-N.\u00b0-FGC-042-2022.pdf' title='Decreto Ejecutivo No. 439 de 10 de septiembre de 2020'  target=\"_blank\"  rel=\"noopener noreferrer\" class='iconlist_icon av-ljolshil-f5753963b6afecdf114504ec493ea714 avia-font-fontawesome avia-iconfont avia-font-fontawesome'><span class='av-icon-char' data-av_icon='\uf1c1' data-av_iconfont='fontawesome' aria-hidden=\"true\"><\/span><\/a><article class=\"article-icon-entry \"  itemscope=\"itemscope\" itemtype=\"https:\/\/schema.org\/CreativeWork\" ><div class=\"iconlist_content_wrap\"><header class=\"entry-content-header\" aria-label=\"Icon: &lt;a href=&#039;https:\/\/www.fiscaliadecuentas.gob.pa\/wp-content\/uploads\/2022\/09\/RESOLUCION-N.\u00b0-FGC-042-2022.pdf&#039; title=&#039;Decreto Ejecutivo No. 439 de 10 de septiembre de 2020&#039; target=&quot;_blank&quot;  rel=&quot;noopener noreferrer&quot;&gt;Decreto Ejecutivo No. 439 de 10 de septiembre de 2020&lt;\/a&gt;\"><h4 class='av_iconlist_title iconlist_title  '  itemprop=\"headline\" ><a href='https:\/\/www.fiscaliadecuentas.gob.pa\/wp-content\/uploads\/2022\/09\/RESOLUCION-N.\u00b0-FGC-042-2022.pdf' title='Decreto Ejecutivo No. 439 de 10 de septiembre de 2020' target=\"_blank\"  rel=\"noopener noreferrer\">Decreto Ejecutivo No. 439 de 10 de septiembre de 2020<\/a><\/h4><\/header><div class='iconlist_content '  itemprop=\"text\" ><p style=\"text-align: justify;\">Que reglamenta la Ley 22 de 2006, que regula la contrataci\u00f3n p\u00fablica.<\/p>\n<\/div><\/div><footer class=\"entry-footer\"><\/footer><\/article><div class=\"iconlist-timeline\"><\/div><\/li>\n<\/ul><\/div><\/div><div  class='hr av-ljollgvy-e8dbe50216abbb5afaf3abaf21d6e824 hr-full  avia-builder-el-6  el_after_av_one_full  el_before_av_one_half  hr-no-shadow'><span class='hr-inner '><span class=\"hr-inner-style\"><\/span><\/span><\/div><\/p>\n<div  class='flex_column av-2du0egu-a2865e2ea338076b3ad57ced5d314fa4 av_one_half  avia-builder-el-7  el_after_av_hr  el_before_av_one_half  first flex_column_div  '     ><div  class='avia-icon-list-container av-ljolhd8h-10ed49a53b1ef0a4a3378a9857871ede  avia-builder-el-8  avia-builder-el-no-sibling '><ul class='avia-icon-list avia_animate_when_almost_visible avia-icon-list-left av-iconlist-big av-ljolhd8h-10ed49a53b1ef0a4a3378a9857871ede avia-iconlist-animate'>\n<li><a href='https:\/\/www.fiscaliadecuentas.gob.pa\/wp-content\/uploads\/2021\/06\/Codigo-de-Etica-en-la-Contratacion-Publica.pdf' title='Resoluci\u00f3n No. 285-2021'  target=\"_blank\"  rel=\"noopener noreferrer\" class='iconlist_icon av-ljolhcfk-ed5c4a543e686f90592074807e7aecd5 avia-font-fontawesome avia-iconfont avia-font-fontawesome'><span class='av-icon-char' data-av_icon='\uf1c1' data-av_iconfont='fontawesome' aria-hidden=\"true\"><\/span><\/a><article class=\"article-icon-entry \"  itemscope=\"itemscope\" itemtype=\"https:\/\/schema.org\/CreativeWork\" ><div class=\"iconlist_content_wrap\"><header class=\"entry-content-header\" aria-label=\"Icon: &lt;a href=&#039;https:\/\/www.fiscaliadecuentas.gob.pa\/wp-content\/uploads\/2021\/06\/Codigo-de-Etica-en-la-Contratacion-Publica.pdf&#039; title=&#039;Resoluci\u00f3n No. 285-2021&#039; target=&quot;_blank&quot;  rel=&quot;noopener noreferrer&quot;&gt;Resoluci\u00f3n No. 285-2021&lt;\/a&gt;\"><h4 class='av_iconlist_title iconlist_title  '  itemprop=\"headline\" ><a href='https:\/\/www.fiscaliadecuentas.gob.pa\/wp-content\/uploads\/2021\/06\/Codigo-de-Etica-en-la-Contratacion-Publica.pdf' title='Resoluci\u00f3n No. 285-2021' target=\"_blank\"  rel=\"noopener noreferrer\">Resoluci\u00f3n No. 285-2021<\/a><\/h4><\/header><div class='iconlist_content '  itemprop=\"text\" ><p style=\"text-align: justify;\">Por la cual se aprueba el C\u00f3digo de \u00c9tica en la Contrataci\u00f3n P\u00fablica.<\/p>\n<\/div><\/div><footer class=\"entry-footer\"><\/footer><\/article><div class=\"iconlist-timeline\"><\/div><\/li>\n<\/ul><\/div><\/div>\n<div  class='flex_column av-2aa2cke-1b41955f1224f351bb0fec1300ac9c23 av_one_half  avia-builder-el-9  el_after_av_one_half  el_before_av_hr  flex_column_div  '     ><div  class='avia-icon-list-container av-ljoljehk-45fa182d9e4fd0ee63e9d6c5bf781a09  avia-builder-el-10  avia-builder-el-no-sibling '><ul class='avia-icon-list avia_animate_when_almost_visible avia-icon-list-left av-iconlist-big av-ljoljehk-45fa182d9e4fd0ee63e9d6c5bf781a09 avia-iconlist-animate'>\n<li><a href='https:\/\/www.fiscaliadecuentas.gob.pa\/wp-content\/uploads\/2020\/09\/TEXTO-UNICO-De-la-Ley-22-de-27-de-junio-de-2006-que-regula-la-contratacion-publica-ordenado-por-la-Ley-153-de-2020.pdf' title='Texto \u00danico de la Ley 22 de 27 de junio de 2006'  target=\"_blank\"  rel=\"noopener noreferrer\" class='iconlist_icon av-ljoljdpx-80659c39e84a78676951d4c9f0119765 avia-font-fontawesome avia-iconfont avia-font-fontawesome'><span class='av-icon-char' data-av_icon='\uf1c1' data-av_iconfont='fontawesome' aria-hidden=\"true\"><\/span><\/a><article class=\"article-icon-entry \"  itemscope=\"itemscope\" itemtype=\"https:\/\/schema.org\/CreativeWork\" ><div class=\"iconlist_content_wrap\"><header class=\"entry-content-header\" aria-label=\"Icon: &lt;a href=&#039;https:\/\/www.fiscaliadecuentas.gob.pa\/wp-content\/uploads\/2020\/09\/TEXTO-UNICO-De-la-Ley-22-de-27-de-junio-de-2006-que-regula-la-contratacion-publica-ordenado-por-la-Ley-153-de-2020.pdf&#039; title=&#039;Texto \u00danico de la Ley 22 de 27 de junio de 2006&#039; target=&quot;_blank&quot;  rel=&quot;noopener noreferrer&quot;&gt;Texto \u00danico de la Ley 22 de 27 de junio de 2006&lt;\/a&gt;\"><h4 class='av_iconlist_title iconlist_title  '  itemprop=\"headline\" ><a href='https:\/\/www.fiscaliadecuentas.gob.pa\/wp-content\/uploads\/2020\/09\/TEXTO-UNICO-De-la-Ley-22-de-27-de-junio-de-2006-que-regula-la-contratacion-publica-ordenado-por-la-Ley-153-de-2020.pdf' title='Texto \u00danico de la Ley 22 de 27 de junio de 2006' target=\"_blank\"  rel=\"noopener noreferrer\">Texto \u00danico de la Ley 22 de 27 de junio de 2006<\/a><\/h4><\/header><div class='iconlist_content '  itemprop=\"text\" ><p style=\"text-align: justify;\">Esta Ley establece las normas, las reglas y los principios b\u00e1sicos de la obligatoria observancia que regir\u00e1n los procedimientos de la selecci\u00f3n de contratista y los contratos p\u00fablicos que realicen el Gobierno Central\u2026<\/p>\n<\/div><\/div><footer class=\"entry-footer\"><\/footer><\/article><div class=\"iconlist-timeline\"><\/div><\/li>\n<\/ul><\/div><\/div>\n\n<style type=\"text\/css\" data-created_by=\"avia_inline_auto\" id=\"style-css-av-1lyquzi-c3a14d0cd40f2d59b86a73fe897625db\">\n#top .hr.hr-invisible.av-1lyquzi-c3a14d0cd40f2d59b86a73fe897625db{\nheight:50px;\n}\n<\/style>\n<div  class='hr av-1lyquzi-c3a14d0cd40f2d59b86a73fe897625db hr-invisible  avia-builder-el-11  el_after_av_one_half  el_before_av_one_half '><span class='hr-inner '><span class=\"hr-inner-style\"><\/span><\/span><\/div>\n<div  class='flex_column av-1deir3y-c3944c085f2e2e0490861dcb706a6873 av_one_half  avia-builder-el-12  el_after_av_hr  avia-builder-el-last  first flex_column_div  '     ><\/div>\n","protected":false},"excerpt":{"rendered":"","protected":false},"author":9,"featured_media":0,"parent":7730,"menu_order":0,"comment_status":"closed","ping_status":"closed","template":"","meta":{"_EventAllDay":false,"_EventTimezone":"","_EventStartDate":"","_EventEndDate":"","_EventStartDateUTC":"","_EventEndDateUTC":"","_EventShowMap":false,"_EventShowMapLink":false,"_EventURL":"","_EventCost":"","_EventCostDescription":"","_EventCurrencySymbol":"","_EventCurrencyCode":"","_EventCurrencyPosition":"","_EventDateTimeSeparator":"","_EventTimeRangeSeparator":"","_EventOrganizerID":[],"_EventVenueID":[],"_OrganizerEmail":"","_OrganizerPhone":"","_OrganizerWebsite":"","_VenueAddress":"","_VenueCity":"","_VenueCountry":"","_VenueProvince":"","_VenueState":"","_VenueZip":"","_VenuePhone":"","_VenueURL":"","_VenueStateProvince":"","_VenueLat":"","_VenueLng":"","_VenueShowMap":false,"_VenueShowMapLink":false,"footnotes":""},"class_list":["post-32190","page","type-page","status-publish","hentry"],"_links":{"self":[{"href":"https:\/\/www.fiscaliadecuentas.gob.pa\/index.php?rest_route=\/wp\/v2\/pages\/32190","targetHints":{"allow":["GET"]}}],"collection":[{"href":"https:\/\/www.fiscaliadecuentas.gob.pa\/index.php?rest_route=\/wp\/v2\/pages"}],"about":[{"href":"https:\/\/www.fiscaliadecuentas.gob.pa\/index.php?rest_route=\/wp\/v2\/types\/page"}],"author":[{"embeddable":true,"href":"https:\/\/www.fiscaliadecuentas.gob.pa\/index.php?rest_route=\/wp\/v2\/users\/9"}],"replies":[{"embeddable":true,"href":"https:\/\/www.fiscaliadecuentas.gob.pa\/index.php?rest_route=%2Fwp%2Fv2%2Fcomments&post=32190"}],"version-history":[{"count":20,"href":"https:\/\/www.fiscaliadecuentas.gob.pa\/index.php?rest_route=\/wp\/v2\/pages\/32190\/revisions"}],"predecessor-version":[{"id":32245,"href":"https:\/\/www.fiscaliadecuentas.gob.pa\/index.php?rest_route=\/wp\/v2\/pages\/32190\/revisions\/32245"}],"up":[{"embeddable":true,"href":"https:\/\/www.fiscaliadecuentas.gob.pa\/index.php?rest_route=\/wp\/v2\/pages\/7730"}],"wp:attachment":[{"href":"https:\/\/www.fiscaliadecuentas.gob.pa\/index.php?rest_route=%2Fwp%2Fv2%2Fmedia&parent=32190"}],"curies":[{"name":"wp","href":"https:\/\/api.w.org\/{rel}","templated":true}]}}