{"id":35030,"date":"2023-01-24T11:33:49","date_gmt":"2023-01-24T16:33:49","guid":{"rendered":"https:\/\/www.fiscaliadecuentas.gob.pa\/?page_id=35030"},"modified":"2024-03-04T15:31:27","modified_gmt":"2024-03-04T20:31:27","slug":"hoja-de-vida-agustin-almario-2-2-2-2-2-4-3-5-2-2-2-2-2","status":"publish","type":"page","link":"https:\/\/www.fiscaliadecuentas.gob.pa\/?page_id=35030","title":{"rendered":"Hoja de Vida: Lorena L. Gord\u00f3n D\u00edaz"},"content":{"rendered":"<div id='layer_slider_1'  class='avia-layerslider main_color avia-shadow  avia-builder-el-0  el_before_av_textblock  avia-builder-el-first  container_wrap sidebar_right'  style='height: 451px;'  ><\/div><div id='after_layer_slider_1'  class='main_color av_default_container_wrap container_wrap sidebar_right'  ><div class='container av-section-cont-open' ><div class='template-page content  av-content-small alpha units'><div class='post-entry post-entry-type-page post-entry-35030'><div class='entry-content-wrapper clearfix'>\n<section  class='av_textblock_section av-ldagpadw-011074a75ea5dfe54326c9eac20ec6d1 '   itemscope=\"itemscope\" itemtype=\"https:\/\/schema.org\/CreativeWork\" ><div class='avia_textblock'  itemprop=\"text\" ><h2 style=\"text-align: center;\">Hoja de Vida: Lorena L. Gord\u00f3n D\u00edaz<\/h2>\n<\/div><\/section>\n\n<style type=\"text\/css\" data-created_by=\"avia_inline_auto\" id=\"style-css-av-57shne5-1d923b95605cdcf0147854c1822630b3\">\n#top .hr.hr-invisible.av-57shne5-1d923b95605cdcf0147854c1822630b3{\nheight:50px;\n}\n<\/style>\n<div  class='hr av-57shne5-1d923b95605cdcf0147854c1822630b3 hr-invisible  avia-builder-el-2  el_after_av_textblock  el_before_av_three_fifth '><span class='hr-inner '><span class=\"hr-inner-style\"><\/span><\/span><\/div>\n<div  class='flex_column av-4x0hggd-7c0fdeabf117e02f04c344907e914f70 av_three_fifth  avia-builder-el-3  el_after_av_hr  el_before_av_two_fifth  first flex_column_div  '     ><p><section  class='av_textblock_section av-4fkwfot-642ae1d2beb4b78d39536a47f012ed70 '   itemscope=\"itemscope\" itemtype=\"https:\/\/schema.org\/CreativeWork\" ><div class='avia_textblock'  itemprop=\"text\" ><p><img decoding=\"async\" style=\"border: 1px solid #000; border-radius: 7px;\" src=\"https:\/\/www.fiscaliadecuentas.gob.pa\/wp-content\/uploads\/2024\/01\/Lorena-L.-Gordon-Diaz.png\" sizes=\"(min-width: 800px) 200px, 50vw\" srcset=\"https:\/\/www.fiscaliadecuentas.gob.pa\/wp-content\/uploads\/2024\/01\/Lorena-L.-Gordon-Diaz.png\" \/><\/p>\n<p style=\"text-align: left;\"><a href=\"https:\/\/www.fiscaliadecuentas.gob.pa\/wp-content\/uploads\/2024\/01\/Lorena-L.-Gordon-Diaz.png\" target=\"_blank\" rel=\"noopener\"><i class=\"fas fa-search-plus fa-1x\"><\/i> Ampliar documento<\/a><\/p>\n<\/div><\/section><br \/>\n\n<style type=\"text\/css\" data-created_by=\"avia_inline_auto\" id=\"style-css-av-ltdecc31-6321e704f611c922e8669dead2e3e90a\">\n#top .hr.hr-invisible.av-ltdecc31-6321e704f611c922e8669dead2e3e90a{\nheight:50px;\n}\n<\/style>\n<div  class='hr av-ltdecc31-6321e704f611c922e8669dead2e3e90a hr-invisible  avia-builder-el-5  el_after_av_textblock  el_before_av_textblock '><span class='hr-inner '><span class=\"hr-inner-style\"><\/span><\/span><\/div><br \/>\n<section  class='av_textblock_section av-ltde03ap-21a544992f1d3d61cd3badde919403b1 '   itemscope=\"itemscope\" itemtype=\"https:\/\/schema.org\/CreativeWork\" ><div class='avia_textblock'  itemprop=\"text\" ><p style=\"text-align: left; font-size: 24px;\"><strong>Documentos:<\/strong><\/p>\n<\/div><\/section><br \/>\n<div  class='avia-icon-list-container av-ltde6ver-44de281be81926221c98748c93282c1f  avia-builder-el-7  el_after_av_textblock  avia-builder-el-last '><ul class='avia-icon-list avia_animate_when_almost_visible avia-icon-list-left av-iconlist-big av-ltde6ver-44de281be81926221c98748c93282c1f avia-iconlist-animate'>\n<li><div class='iconlist_icon av-ltde6utp-8caded7fc9b952b86ded08575b1f2dea avia-font-fontawesome avia-iconfont avia-font-fontawesome'><span class='av-icon-char' data-av_icon='\uf1c1' data-av_iconfont='fontawesome' aria-hidden=\"true\"><\/span><\/div><article class=\"article-icon-entry \"  itemscope=\"itemscope\" itemtype=\"https:\/\/schema.org\/CreativeWork\" ><div class=\"iconlist_content_wrap\"><header class=\"entry-content-header\" aria-label=\"Icon: Presentaci\u00f3n (PDF)\"><h4 class='av_iconlist_title iconlist_title  '  itemprop=\"headline\" >Presentaci\u00f3n (PDF)<\/h4><\/header><div class='iconlist_content '  itemprop=\"text\" ><p style=\"text-align: left; font-size: 24px;\"><strong>Ver contenido:<\/strong> <a href=\"https:\/\/www.fiscaliadecuentas.gob.pa\/wp-content\/uploads\/2024\/03\/2.1-Presentacion-de-Lorena-Gordon.pdf\" target=\"_blank\" rel=\"noopener\">ASISTENCIA JUDICIAL REC\u00cdPROCA EN MATERIA DE LA CONVENCI\u00d3N DE LAS NACIONES UNIDAS CONTRA LA CORRUPCI\u00d3N<\/a><\/p>\n<\/div><\/div><footer class=\"entry-footer\"><\/footer><\/article><div class=\"iconlist-timeline\"><\/div><\/li>\n<\/ul><\/div><\/p><\/div><div  class='flex_column av-40yttkd-c65eb1658ead826254be71791c40996b av_two_fifth  avia-builder-el-8  el_after_av_three_fifth  el_before_av_hr  flex_column_div  '     ><section  class='av_textblock_section av-ldagoh46-64e856c76f3dc5ce568bb019bed04328 '   itemscope=\"itemscope\" itemtype=\"https:\/\/schema.org\/CreativeWork\" ><div class='avia_textblock'  itemprop=\"text\" ><p style=\"text-align: left; font-size: 24px;\"><strong>Expositor:<\/strong> Lorena L. Gord\u00f3n D\u00edaz<\/p>\n<p style=\"font-size: 24px; text-align: left;\"><strong><span style=\"font-size: 18pt;\">Fiscal Adjunta <\/span><\/strong><\/p>\n<p style=\"font-size: 24px; text-align: left;\"><strong><span style=\"font-size: 18pt;\">Fiscal\u00eda Superior de Asuntos Internacionales<\/span><\/strong><\/p>\n<p style=\"text-align: left;\"><strong><span style=\"font-size: 18pt;\">Procuradur\u00eda General de la Naci\u00f3n<\/span><\/strong><\/p>\n<p><strong><span style=\"font-size: 18pt;\">Rep\u00fablica de Panam\u00e1<\/span><\/strong><\/p>\n<p style=\"text-align: left; font-size: 24px;\"><strong>Tema:<\/strong> Asistencia judicial rec\u00edproca en materia de la convenci\u00f3n de las naciones unidas contra la corrupci\u00f3n<\/p>\n<\/div><\/section><br \/>\n<div  class='hr av-1yih1y-ea491533fb82a4b694568824379b306d hr-default  avia-builder-el-10  el_after_av_textblock  el_before_av_textblock '><span class='hr-inner '><span class=\"hr-inner-style\"><\/span><\/span><\/div><br \/>\n<section  class='av_textblock_section av-ltd5loif-7c082f281e9c1d72b7d04adaa8d9bb63 '   itemscope=\"itemscope\" itemtype=\"https:\/\/schema.org\/CreativeWork\" ><div class='avia_textblock'  itemprop=\"text\" ><p style=\"text-align: left; font-size: 24px;\"><strong>Presentaci\u00f3n:<\/strong><\/p>\n<\/div><\/section><br \/>\n<div  class='avia-video av-ltd5mdbl-905b45a844f29c4c9ad1c0635e4bc692 avia-video-16-9 av-no-preview-image avia-video-load-always av-lazyload-immediate av-lazyload-video-embed'  itemprop=\"video\" itemtype=\"https:\/\/schema.org\/VideoObject\"  data-original_url='https:\/\/youtu.be\/rdsC-N9GwkY'><script type='text\/html' class='av-video-tmpl'><div class='avia-iframe-wrap'><iframe loading=\"lazy\" title=\"Presentaci\u00f3n de Lorena Gord\u00f3n\" width=\"1500\" height=\"844\" src=\"https:\/\/www.youtube.com\/embed\/rdsC-N9GwkY?feature=oembed&autoplay=0&loop=0&controls=1&mute=0\" frameborder=\"0\" allow=\"accelerometer; autoplay; clipboard-write; encrypted-media; gyroscope; picture-in-picture; web-share\" allowfullscreen><\/iframe><\/div><\/script><div class='av-click-to-play-overlay'><div class=\"avia_playpause_icon\"><\/div><\/div><\/div><\/p><\/div><div  class='hr av-1t9ns7h-8591bb8f60bcda3683b35e1bc8548ca8 hr-full  avia-builder-el-13  el_after_av_two_fifth  el_before_av_one_third  hr-no-shadow'><span class='hr-inner '><span class=\"hr-inner-style\"><\/span><\/span><\/div><\/p>\n<div  class='flex_column av-15ufk4t-05db122ab2d4741a32d531de004ee80b av_one_third  avia-builder-el-14  el_after_av_hr  avia-builder-el-last  first flex_column_div  '     ><\/div>\n","protected":false},"excerpt":{"rendered":"","protected":false},"author":22,"featured_media":0,"parent":0,"menu_order":0,"comment_status":"closed","ping_status":"closed","template":"","meta":{"_EventAllDay":false,"_EventTimezone":"","_EventStartDate":"","_EventEndDate":"","_EventStartDateUTC":"","_EventEndDateUTC":"","_EventShowMap":false,"_EventShowMapLink":false,"_EventURL":"","_EventCost":"","_EventCostDescription":"","_EventCurrencySymbol":"","_EventCurrencyCode":"","_EventCurrencyPosition":"","_EventDateTimeSeparator":"","_EventTimeRangeSeparator":"","_EventOrganizerID":[],"_EventVenueID":[],"_OrganizerEmail":"","_OrganizerPhone":"","_OrganizerWebsite":"","_VenueAddress":"","_VenueCity":"","_VenueCountry":"","_VenueProvince":"","_VenueState":"","_VenueZip":"","_VenuePhone":"","_VenueURL":"","_VenueStateProvince":"","_VenueLat":"","_VenueLng":"","_VenueShowMap":false,"_VenueShowMapLink":false,"footnotes":""},"class_list":["post-35030","page","type-page","status-publish","hentry"],"_links":{"self":[{"href":"https:\/\/www.fiscaliadecuentas.gob.pa\/index.php?rest_route=\/wp\/v2\/pages\/35030","targetHints":{"allow":["GET"]}}],"collection":[{"href":"https:\/\/www.fiscaliadecuentas.gob.pa\/index.php?rest_route=\/wp\/v2\/pages"}],"about":[{"href":"https:\/\/www.fiscaliadecuentas.gob.pa\/index.php?rest_route=\/wp\/v2\/types\/page"}],"author":[{"embeddable":true,"href":"https:\/\/www.fiscaliadecuentas.gob.pa\/index.php?rest_route=\/wp\/v2\/users\/22"}],"replies":[{"embeddable":true,"href":"https:\/\/www.fiscaliadecuentas.gob.pa\/index.php?rest_route=%2Fwp%2Fv2%2Fcomments&post=35030"}],"version-history":[{"count":6,"href":"https:\/\/www.fiscaliadecuentas.gob.pa\/index.php?rest_route=\/wp\/v2\/pages\/35030\/revisions"}],"predecessor-version":[{"id":35406,"href":"https:\/\/www.fiscaliadecuentas.gob.pa\/index.php?rest_route=\/wp\/v2\/pages\/35030\/revisions\/35406"}],"wp:attachment":[{"href":"https:\/\/www.fiscaliadecuentas.gob.pa\/index.php?rest_route=%2Fwp%2Fv2%2Fmedia&parent=35030"}],"curies":[{"name":"wp","href":"https:\/\/api.w.org\/{rel}","templated":true}]}}

Hoja de Vida: Lorena L. Gordón Díaz

<div id='layer_slider_1'  class='avia-layerslider main_color avia-shadow  avia-builder-el-0  el_before_av_textblock  avia-builder-el-first  container_wrap sidebar_right'  style='height: 451px;'  ></div><div id='after_layer_slider_1'  class='main_color av_default_container_wrap container_wrap sidebar_right'  ><div class='container av-section-cont-open' ><div class='template-page content  av-content-small alpha units'><div class='post-entry post-entry-type-page post-entry-35030'><div class='entry-content-wrapper clearfix'>
<section  class='av_textblock_section av-ldagpadw-011074a75ea5dfe54326c9eac20ec6d1 '   itemscope="itemscope" itemtype="https://schema.org/CreativeWork" ><div class='avia_textblock'  itemprop="text" ><h2 style="text-align: center;">Hoja de Vida: Lorena L. Gordón Díaz</h2>
</div></section>

<style type="text/css" data-created_by="avia_inline_auto" id="style-css-av-57shne5-1d923b95605cdcf0147854c1822630b3">
#top .hr.hr-invisible.av-57shne5-1d923b95605cdcf0147854c1822630b3{
height:50px;
}
</style>
<div  class='hr av-57shne5-1d923b95605cdcf0147854c1822630b3 hr-invisible  avia-builder-el-2  el_after_av_textblock  el_before_av_three_fifth '><span class='hr-inner '><span class="hr-inner-style"></span></span></div>
<div  class='flex_column av-4x0hggd-7c0fdeabf117e02f04c344907e914f70 av_three_fifth  avia-builder-el-3  el_after_av_hr  el_before_av_two_fifth  first flex_column_div  '     ><p><section  class='av_textblock_section av-4fkwfot-642ae1d2beb4b78d39536a47f012ed70 '   itemscope="itemscope" itemtype="https://schema.org/CreativeWork" ><div class='avia_textblock'  itemprop="text" ><p><img decoding="async" style="border: 1px solid #000; border-radius: 7px;" src="https://www.fiscaliadecuentas.gob.pa/wp-content/uploads/2024/01/Lorena-L.-Gordon-Diaz.png" sizes="(min-width: 800px) 200px, 50vw" srcset="https://www.fiscaliadecuentas.gob.pa/wp-content/uploads/2024/01/Lorena-L.-Gordon-Diaz.png" /></p>
<p style="text-align: left;"><a href="https://www.fiscaliadecuentas.gob.pa/wp-content/uploads/2024/01/Lorena-L.-Gordon-Diaz.png" target="_blank" rel="noopener"><i class="fas fa-search-plus fa-1x"></i> Ampliar documento</a></p>
</div></section><br />

<style type="text/css" data-created_by="avia_inline_auto" id="style-css-av-ltdecc31-6321e704f611c922e8669dead2e3e90a">
#top .hr.hr-invisible.av-ltdecc31-6321e704f611c922e8669dead2e3e90a{
height:50px;
}
</style>
<div  class='hr av-ltdecc31-6321e704f611c922e8669dead2e3e90a hr-invisible  avia-builder-el-5  el_after_av_textblock  el_before_av_textblock '><span class='hr-inner '><span class="hr-inner-style"></span></span></div><br />
<section  class='av_textblock_section av-ltde03ap-21a544992f1d3d61cd3badde919403b1 '   itemscope="itemscope" itemtype="https://schema.org/CreativeWork" ><div class='avia_textblock'  itemprop="text" ><p style="text-align: left; font-size: 24px;"><strong>Documentos:</strong></p>
</div></section><br />
<div  class='avia-icon-list-container av-ltde6ver-44de281be81926221c98748c93282c1f  avia-builder-el-7  el_after_av_textblock  avia-builder-el-last '><ul class='avia-icon-list avia_animate_when_almost_visible avia-icon-list-left av-iconlist-big av-ltde6ver-44de281be81926221c98748c93282c1f avia-iconlist-animate'>
<li><div class='iconlist_icon av-ltde6utp-8caded7fc9b952b86ded08575b1f2dea avia-font-fontawesome avia-iconfont avia-font-fontawesome'><span class='av-icon-char' data-av_icon='' data-av_iconfont='fontawesome' aria-hidden="true"></span></div><article class="article-icon-entry "  itemscope="itemscope" itemtype="https://schema.org/CreativeWork" ><div class="iconlist_content_wrap"><header class="entry-content-header" aria-label="Icon: Presentación (PDF)"><h4 class='av_iconlist_title iconlist_title  '  itemprop="headline" >Presentación (PDF)</h4></header><div class='iconlist_content '  itemprop="text" ><p style="text-align: left; font-size: 24px;"><strong>Ver contenido:</strong> <a href="https://www.fiscaliadecuentas.gob.pa/wp-content/uploads/2024/03/2.1-Presentacion-de-Lorena-Gordon.pdf" target="_blank" rel="noopener">ASISTENCIA JUDICIAL RECÍPROCA EN MATERIA DE LA CONVENCIÓN DE LAS NACIONES UNIDAS CONTRA LA CORRUPCIÓN</a></p>
</div></div><footer class="entry-footer"></footer></article><div class="iconlist-timeline"></div></li>
</ul></div></p></div><div  class='flex_column av-40yttkd-c65eb1658ead826254be71791c40996b av_two_fifth  avia-builder-el-8  el_after_av_three_fifth  el_before_av_hr  flex_column_div  '     ><section  class='av_textblock_section av-ldagoh46-64e856c76f3dc5ce568bb019bed04328 '   itemscope="itemscope" itemtype="https://schema.org/CreativeWork" ><div class='avia_textblock'  itemprop="text" ><p style="text-align: left; font-size: 24px;"><strong>Expositor:</strong> Lorena L. Gordón Díaz</p>
<p style="font-size: 24px; text-align: left;"><strong><span style="font-size: 18pt;">Fiscal Adjunta </span></strong></p>
<p style="font-size: 24px; text-align: left;"><strong><span style="font-size: 18pt;">Fiscalía Superior de Asuntos Internacionales</span></strong></p>
<p style="text-align: left;"><strong><span style="font-size: 18pt;">Procuraduría General de la Nación</span></strong></p>
<p><strong><span style="font-size: 18pt;">República de Panamá</span></strong></p>
<p style="text-align: left; font-size: 24px;"><strong>Tema:</strong> Asistencia judicial recíproca en materia de la convención de las naciones unidas contra la corrupción</p>
</div></section><br />
<div  class='hr av-1yih1y-ea491533fb82a4b694568824379b306d hr-default  avia-builder-el-10  el_after_av_textblock  el_before_av_textblock '><span class='hr-inner '><span class="hr-inner-style"></span></span></div><br />
<section  class='av_textblock_section av-ltd5loif-7c082f281e9c1d72b7d04adaa8d9bb63 '   itemscope="itemscope" itemtype="https://schema.org/CreativeWork" ><div class='avia_textblock'  itemprop="text" ><p style="text-align: left; font-size: 24px;"><strong>Presentación:</strong></p>
</div></section><br />
<div  class='avia-video av-ltd5mdbl-905b45a844f29c4c9ad1c0635e4bc692 avia-video-16-9 av-no-preview-image avia-video-load-always av-lazyload-immediate av-lazyload-video-embed'  itemprop="video" itemtype="https://schema.org/VideoObject"  data-original_url='https://youtu.be/rdsC-N9GwkY'><script type='text/html' class='av-video-tmpl'><div class='avia-iframe-wrap'><iframe loading="lazy" title="Presentación de Lorena Gordón" width="1500" height="844" src="https://www.youtube.com/embed/rdsC-N9GwkY?feature=oembed&autoplay=0&loop=0&controls=1&mute=0" frameborder="0" allow="accelerometer; autoplay; clipboard-write; encrypted-media; gyroscope; picture-in-picture; web-share" allowfullscreen></iframe></div></script><div class='av-click-to-play-overlay'><div class="avia_playpause_icon"></div></div></div></p></div><div  class='hr av-1t9ns7h-8591bb8f60bcda3683b35e1bc8548ca8 hr-full  avia-builder-el-13  el_after_av_two_fifth  el_before_av_one_third  hr-no-shadow'><span class='hr-inner '><span class="hr-inner-style"></span></span></div></p>
<div  class='flex_column av-15ufk4t-05db122ab2d4741a32d531de004ee80b av_one_third  avia-builder-el-14  el_after_av_hr  avia-builder-el-last  first flex_column_div  '     ></div>
