{"id":5553,"date":"2019-04-12T11:52:08","date_gmt":"2019-04-12T16:52:08","guid":{"rendered":"http:\/\/www.fiscaliadecuentas.gob.pa\/?page_id=5553"},"modified":"2024-03-11T09:44:52","modified_gmt":"2024-03-11T14:44:52","slug":"politicas-de-la-calidad","status":"publish","type":"page","link":"https:\/\/www.fiscaliadecuentas.gob.pa\/?page_id=5553","title":{"rendered":"Pol\u00edticas de la Calidad"},"content":{"rendered":"<div id='layer_slider_1'  class='avia-layerslider main_color avia-shadow  avia-builder-el-0  el_before_av_one_half  avia-builder-el-first  container_wrap sidebar_right'  style='height: 301px; max-width: 1310px; margin: 0 auto;'  ><\/div><div id='after_layer_slider_1'  class='main_color av_default_container_wrap container_wrap sidebar_right'  ><div class='container av-section-cont-open' ><div class='template-page content  av-content-small alpha units'><div class='post-entry post-entry-type-page post-entry-5553'><div class='entry-content-wrapper clearfix'>\n\n<style type=\"text\/css\" data-created_by=\"avia_inline_auto\" id=\"style-css-av-7e3le9-c89d1f758e351a82a8141e2abf0779fe\">\n.flex_column.av-7e3le9-c89d1f758e351a82a8141e2abf0779fe{\nborder-radius:0px 0px 0px 0px;\npadding:0px 0px 0px 0px;\n}\n<\/style>\n<div  class='flex_column av-7e3le9-c89d1f758e351a82a8141e2abf0779fe av_one_half  avia-builder-el-1  el_after_av_layerslider  el_before_av_one_half  avia-builder-el-first  first flex_column_div av-zero-column-padding  '     ><div id='avia-messagebox-' class='avia_message_box av_notification av-59aocx-d3b3968fd5e9b4b0d30bdbe49bd4a6c1 avia-color-green avia-size-large avia-icon_select-yes avia-border-  avia-builder-el-2  avia-builder-el-no-sibling ' ><div class=\"avia_message_box_content\"><span class='avia_message_box_icon avia-iconfont avia-font-entypo-fontello' data-av_icon='\ue82a' data-av_iconfont='entypo-fontello' ><\/span><p>La Pol\u00edtica de Calidad es la l\u00ednea de acci\u00f3n de una organizaci\u00f3n para la mejora de sus procesos internos. Se refleja a trav\u00e9s de un documento que describe el papel de los tres agentes principales en la Gesti\u00f3n de Calidad: el cliente, el mercado y la empresa.<\/p>\n<\/div><\/div><\/div>\n<style type=\"text\/css\" data-created_by=\"avia_inline_auto\" id=\"style-css-av-3rm8gh-2da692d0d8a8b4237f5c5b8012778c58\">\n.flex_column.av-3rm8gh-2da692d0d8a8b4237f5c5b8012778c58{\nborder-radius:0px 0px 0px 0px;\npadding:0px 0px 0px 0px;\n}\n<\/style>\n<div  class='flex_column av-3rm8gh-2da692d0d8a8b4237f5c5b8012778c58 av_one_half  avia-builder-el-3  el_after_av_one_half  avia-builder-el-last  flex_column_div av-zero-column-padding  '     ><section  class='av_textblock_section av-396nkh-6b5e23dacb6b5cd7aad42f301402db07 '   itemscope=\"itemscope\" itemtype=\"https:\/\/schema.org\/CreativeWork\" ><div class='avia_textblock'  itemprop=\"text\" ><h3><\/h3>\n<h3><strong>Pol\u00edtica de la Calidad<\/strong><\/h3>\n<p style=\"text-align: justify;\">La Fiscal\u00eda General de Cuentas de Panam\u00e1, como instancia de investigaci\u00f3n patrimonial, coadyuvante de la Jurisdicci\u00f3n de Cuentas, enfocada en la recuperaci\u00f3n de los fondos y bienes p\u00fablicos, se compromete con la ciudadan\u00eda y las instituciones involucradas, en brindar servicios orientados a la Prevenci\u00f3n de la Afectaci\u00f3n al Patrimonio del Estado, a la Formaci\u00f3n Continua en Materia de Jurisdicci\u00f3n de Cuentas y a la Investigaci\u00f3n de la Afectaci\u00f3n Patrimonial, con oportunidad, integridad, transparencia, innovaci\u00f3n tecnol\u00f3gica, cooperaci\u00f3n y alianzas estrat\u00e9gicas; cumpliendo la normativa legal y otras regulaciones aplicables, con un talento humano orientado al mejoramiento de la gesti\u00f3n e inspirado en la sostenibilidad y la excelencia.<\/p>\n<\/div><\/section><\/div><\/p>\n","protected":false},"excerpt":{"rendered":"","protected":false},"author":1,"featured_media":0,"parent":0,"menu_order":0,"comment_status":"closed","ping_status":"closed","template":"","meta":{"_EventAllDay":false,"_EventTimezone":"","_EventStartDate":"","_EventEndDate":"","_EventStartDateUTC":"","_EventEndDateUTC":"","_EventShowMap":false,"_EventShowMapLink":false,"_EventURL":"","_EventCost":"","_EventCostDescription":"","_EventCurrencySymbol":"","_EventCurrencyCode":"","_EventCurrencyPosition":"","_EventDateTimeSeparator":"","_EventTimeRangeSeparator":"","_EventOrganizerID":[],"_EventVenueID":[],"_OrganizerEmail":"","_OrganizerPhone":"","_OrganizerWebsite":"","_VenueAddress":"","_VenueCity":"","_VenueCountry":"","_VenueProvince":"","_VenueState":"","_VenueZip":"","_VenuePhone":"","_VenueURL":"","_VenueStateProvince":"","_VenueLat":"","_VenueLng":"","_VenueShowMap":false,"_VenueShowMapLink":false,"footnotes":""},"class_list":["post-5553","page","type-page","status-publish","hentry"],"_links":{"self":[{"href":"https:\/\/www.fiscaliadecuentas.gob.pa\/index.php?rest_route=\/wp\/v2\/pages\/5553","targetHints":{"allow":["GET"]}}],"collection":[{"href":"https:\/\/www.fiscaliadecuentas.gob.pa\/index.php?rest_route=\/wp\/v2\/pages"}],"about":[{"href":"https:\/\/www.fiscaliadecuentas.gob.pa\/index.php?rest_route=\/wp\/v2\/types\/page"}],"author":[{"embeddable":true,"href":"https:\/\/www.fiscaliadecuentas.gob.pa\/index.php?rest_route=\/wp\/v2\/users\/1"}],"replies":[{"embeddable":true,"href":"https:\/\/www.fiscaliadecuentas.gob.pa\/index.php?rest_route=%2Fwp%2Fv2%2Fcomments&post=5553"}],"version-history":[{"count":8,"href":"https:\/\/www.fiscaliadecuentas.gob.pa\/index.php?rest_route=\/wp\/v2\/pages\/5553\/revisions"}],"predecessor-version":[{"id":35493,"href":"https:\/\/www.fiscaliadecuentas.gob.pa\/index.php?rest_route=\/wp\/v2\/pages\/5553\/revisions\/35493"}],"wp:attachment":[{"href":"https:\/\/www.fiscaliadecuentas.gob.pa\/index.php?rest_route=%2Fwp%2Fv2%2Fmedia&parent=5553"}],"curies":[{"name":"wp","href":"https:\/\/api.w.org\/{rel}","templated":true}]}}

Políticas de la Calidad

<div id='layer_slider_1'  class='avia-layerslider main_color avia-shadow  avia-builder-el-0  el_before_av_one_half  avia-builder-el-first  container_wrap sidebar_right'  style='height: 301px; max-width: 1310px; margin: 0 auto;'  ></div><div id='after_layer_slider_1'  class='main_color av_default_container_wrap container_wrap sidebar_right'  ><div class='container av-section-cont-open' ><div class='template-page content  av-content-small alpha units'><div class='post-entry post-entry-type-page post-entry-5553'><div class='entry-content-wrapper clearfix'>

<style type="text/css" data-created_by="avia_inline_auto" id="style-css-av-7e3le9-c89d1f758e351a82a8141e2abf0779fe">
.flex_column.av-7e3le9-c89d1f758e351a82a8141e2abf0779fe{
border-radius:0px 0px 0px 0px;
padding:0px 0px 0px 0px;
}
</style>
<div  class='flex_column av-7e3le9-c89d1f758e351a82a8141e2abf0779fe av_one_half  avia-builder-el-1  el_after_av_layerslider  el_before_av_one_half  avia-builder-el-first  first flex_column_div av-zero-column-padding  '     ><div id='avia-messagebox-' class='avia_message_box av_notification av-59aocx-d3b3968fd5e9b4b0d30bdbe49bd4a6c1 avia-color-green avia-size-large avia-icon_select-yes avia-border-  avia-builder-el-2  avia-builder-el-no-sibling ' ><div class="avia_message_box_content"><span class='avia_message_box_icon avia-iconfont avia-font-entypo-fontello' data-av_icon='' data-av_iconfont='entypo-fontello' ></span><p>La Política de Calidad es la línea de acción de una organización para la mejora de sus procesos internos. Se refleja a través de un documento que describe el papel de los tres agentes principales en la Gestión de Calidad: el cliente, el mercado y la empresa.</p>
</div></div></div>
<style type="text/css" data-created_by="avia_inline_auto" id="style-css-av-3rm8gh-2da692d0d8a8b4237f5c5b8012778c58">
.flex_column.av-3rm8gh-2da692d0d8a8b4237f5c5b8012778c58{
border-radius:0px 0px 0px 0px;
padding:0px 0px 0px 0px;
}
</style>
<div  class='flex_column av-3rm8gh-2da692d0d8a8b4237f5c5b8012778c58 av_one_half  avia-builder-el-3  el_after_av_one_half  avia-builder-el-last  flex_column_div av-zero-column-padding  '     ><section  class='av_textblock_section av-396nkh-6b5e23dacb6b5cd7aad42f301402db07 '   itemscope="itemscope" itemtype="https://schema.org/CreativeWork" ><div class='avia_textblock'  itemprop="text" ><h3></h3>
<h3><strong>Política de la Calidad</strong></h3>
<p style="text-align: justify;">La Fiscalía General de Cuentas de Panamá, como instancia de investigación patrimonial, coadyuvante de la Jurisdicción de Cuentas, enfocada en la recuperación de los fondos y bienes públicos, se compromete con la ciudadanía y las instituciones involucradas, en brindar servicios orientados a la Prevención de la Afectación al Patrimonio del Estado, a la Formación Continua en Materia de Jurisdicción de Cuentas y a la Investigación de la Afectación Patrimonial, con oportunidad, integridad, transparencia, innovación tecnológica, cooperación y alianzas estratégicas; cumpliendo la normativa legal y otras regulaciones aplicables, con un talento humano orientado al mejoramiento de la gestión e inspirado en la sostenibilidad y la excelencia.</p>
</div></section></div></p>
