{"id":82,"date":"2015-09-15T23:46:16","date_gmt":"2015-09-15T23:46:16","guid":{"rendered":"http:\/\/fiscaliadecuentas.gob.pa\/?page_id=82"},"modified":"2024-01-29T09:54:30","modified_gmt":"2024-01-29T14:54:30","slug":"mision-y-vision","status":"publish","type":"page","link":"https:\/\/www.fiscaliadecuentas.gob.pa\/?page_id=82","title":{"rendered":"Misi\u00f3n y Visi\u00f3n"},"content":{"rendered":"<div id='layer_slider_1'  class='avia-layerslider main_color avia-shadow  avia-builder-el-0  el_before_av_one_half  avia-builder-el-first  container_wrap sidebar_right'  style='height: 301px; max-width: 1310px; margin: 0 auto;'  ><\/div><div id='after_layer_slider_1'  class='main_color av_default_container_wrap container_wrap sidebar_right'  ><div class='container av-section-cont-open' ><div class='template-page content  av-content-small alpha units'><div class='post-entry post-entry-type-page post-entry-82'><div class='entry-content-wrapper clearfix'>\n\n<style type=\"text\/css\" data-created_by=\"avia_inline_auto\" id=\"style-css-av-2h4xq-0fc005dc3868c4f6a8479250d0826601\">\n.flex_column.av-2h4xq-0fc005dc3868c4f6a8479250d0826601{\nborder-radius:0px 0px 0px 0px;\npadding:0px 0px 0px 0px;\n}\n<\/style>\n<div  class='flex_column av-2h4xq-0fc005dc3868c4f6a8479250d0826601 av_one_half  avia-builder-el-1  el_after_av_layerslider  el_before_av_one_half  avia-builder-el-first  first flex_column_div av-zero-column-padding  '     ><div id='avia-messagebox-' class='avia_message_box av_notification av-21u5y-ab691a7e3328ea74714303b4561db621 avia-color-green avia-size-large avia-icon_select-yes avia-border-  avia-builder-el-2  avia-builder-el-no-sibling ' ><div class=\"avia_message_box_content\"><span class='avia_message_box_icon avia-iconfont avia-font-entypo-fontello' data-av_icon='\ue82a' data-av_iconfont='entypo-fontello' ><\/span><p>\u00bfQu\u00e9 es la Misi\u00f3n y Visi\u00f3n? Los conceptos refieren de manera general al planteo de objetivos que una persona o grupo pueden intentar alcanzar. Ambos conceptos son medios para lograr alcanzar un estado que se considera deseable.<\/p>\n<p>El concepto de misi\u00f3n refiere a un motivo o una raz\u00f3n de ser por parte de una organizaci\u00f3n, una empresa o una instituci\u00f3n.   Por otro lado, la visi\u00f3n se refiere a una imagen que la organizaci\u00f3n plantea a largo plazo sobre c\u00f3mo espera que sea su futuro, una expectativa ideal de lo que espera que ocurra.<\/p>\n<\/div><\/div><\/div>\n\n<style type=\"text\/css\" data-created_by=\"avia_inline_auto\" id=\"style-css-av-1n90e-732680a451b6a3ce14ea473bcf8b6db9\">\n.flex_column.av-1n90e-732680a451b6a3ce14ea473bcf8b6db9{\nborder-radius:0px 0px 0px 0px;\npadding:0px 0px 0px 0px;\n}\n<\/style>\n<div  class='flex_column av-1n90e-732680a451b6a3ce14ea473bcf8b6db9 av_one_half  avia-builder-el-3  el_after_av_one_half  avia-builder-el-last  flex_column_div av-zero-column-padding  '     ><section  class='av_textblock_section av-uho6-d8d0d72bed72a0a735a7a903ead1151a '   itemscope=\"itemscope\" itemtype=\"https:\/\/schema.org\/CreativeWork\" ><div class='avia_textblock'  itemprop=\"text\" ><h3><strong>Misi\u00f3n<\/strong><\/h3>\n<p style=\"text-align: justify;\">Somos la instancia dentro de la Jurisdicci\u00f3n de Cuentas con la responsabilidad legal de investigar las supuestas irregularidades en el manejo de los fondos y bienes p\u00fablicos, por parte de empleados y agentes de manejo, contenidas en los reparos formulados por la Contralor\u00eda General de la Rep\u00fablica, acatando las normas de derecho internacional, la Constituci\u00f3n Pol\u00edtica y la Ley, para la efectiva y oportuna recuperaci\u00f3n de los bienes del Estado y la prevenci\u00f3n proactiva, din\u00e1mica y multimodal de las posibles afectaciones patrimoniales al erario.<\/p>\n<h3><strong>Visi\u00f3n<\/strong><\/h3>\n<p style=\"text-align: justify;\">Consolidar a la instituci\u00f3n en un mediano plazo, como una instancia de investigaci\u00f3n patrimonial eficaz, efectiva y eficiente, cimentada en una metodolog\u00eda cient\u00edfica, mejores pr\u00e1cticas e innovaci\u00f3n tecnol\u00f3gica, con recurso humano t\u00e9cnico y especializado, dentro de una cultura organizacional de trabajo en equipo institucional e interinstitucional, mejora continua y orientada al logro de las metas trazadas, con la optimizaci\u00f3n de los recursos financieros para brindar un servicio de calidad al usuario.<\/p>\n<\/div><\/section><\/div>\n","protected":false},"excerpt":{"rendered":"","protected":false},"author":1,"featured_media":0,"parent":0,"menu_order":0,"comment_status":"closed","ping_status":"closed","template":"","meta":{"_EventAllDay":false,"_EventTimezone":"","_EventStartDate":"","_EventEndDate":"","_EventStartDateUTC":"","_EventEndDateUTC":"","_EventShowMap":false,"_EventShowMapLink":false,"_EventURL":"","_EventCost":"","_EventCostDescription":"","_EventCurrencySymbol":"","_EventCurrencyCode":"","_EventCurrencyPosition":"","_EventDateTimeSeparator":"","_EventTimeRangeSeparator":"","_EventOrganizerID":[],"_EventVenueID":[],"_OrganizerEmail":"","_OrganizerPhone":"","_OrganizerWebsite":"","_VenueAddress":"","_VenueCity":"","_VenueCountry":"","_VenueProvince":"","_VenueState":"","_VenueZip":"","_VenuePhone":"","_VenueURL":"","_VenueStateProvince":"","_VenueLat":"","_VenueLng":"","_VenueShowMap":false,"_VenueShowMapLink":false,"footnotes":""},"class_list":["post-82","page","type-page","status-publish","hentry"],"_links":{"self":[{"href":"https:\/\/www.fiscaliadecuentas.gob.pa\/index.php?rest_route=\/wp\/v2\/pages\/82","targetHints":{"allow":["GET"]}}],"collection":[{"href":"https:\/\/www.fiscaliadecuentas.gob.pa\/index.php?rest_route=\/wp\/v2\/pages"}],"about":[{"href":"https:\/\/www.fiscaliadecuentas.gob.pa\/index.php?rest_route=\/wp\/v2\/types\/page"}],"author":[{"embeddable":true,"href":"https:\/\/www.fiscaliadecuentas.gob.pa\/index.php?rest_route=\/wp\/v2\/users\/1"}],"replies":[{"embeddable":true,"href":"https:\/\/www.fiscaliadecuentas.gob.pa\/index.php?rest_route=%2Fwp%2Fv2%2Fcomments&post=82"}],"version-history":[{"count":6,"href":"https:\/\/www.fiscaliadecuentas.gob.pa\/index.php?rest_route=\/wp\/v2\/pages\/82\/revisions"}],"predecessor-version":[{"id":34876,"href":"https:\/\/www.fiscaliadecuentas.gob.pa\/index.php?rest_route=\/wp\/v2\/pages\/82\/revisions\/34876"}],"wp:attachment":[{"href":"https:\/\/www.fiscaliadecuentas.gob.pa\/index.php?rest_route=%2Fwp%2Fv2%2Fmedia&parent=82"}],"curies":[{"name":"wp","href":"https:\/\/api.w.org\/{rel}","templated":true}]}}

Misión y Visión

<div id='layer_slider_1'  class='avia-layerslider main_color avia-shadow  avia-builder-el-0  el_before_av_one_half  avia-builder-el-first  container_wrap sidebar_right'  style='height: 301px; max-width: 1310px; margin: 0 auto;'  ></div><div id='after_layer_slider_1'  class='main_color av_default_container_wrap container_wrap sidebar_right'  ><div class='container av-section-cont-open' ><div class='template-page content  av-content-small alpha units'><div class='post-entry post-entry-type-page post-entry-82'><div class='entry-content-wrapper clearfix'>

<style type="text/css" data-created_by="avia_inline_auto" id="style-css-av-2h4xq-0fc005dc3868c4f6a8479250d0826601">
.flex_column.av-2h4xq-0fc005dc3868c4f6a8479250d0826601{
border-radius:0px 0px 0px 0px;
padding:0px 0px 0px 0px;
}
</style>
<div  class='flex_column av-2h4xq-0fc005dc3868c4f6a8479250d0826601 av_one_half  avia-builder-el-1  el_after_av_layerslider  el_before_av_one_half  avia-builder-el-first  first flex_column_div av-zero-column-padding  '     ><div id='avia-messagebox-' class='avia_message_box av_notification av-21u5y-ab691a7e3328ea74714303b4561db621 avia-color-green avia-size-large avia-icon_select-yes avia-border-  avia-builder-el-2  avia-builder-el-no-sibling ' ><div class="avia_message_box_content"><span class='avia_message_box_icon avia-iconfont avia-font-entypo-fontello' data-av_icon='' data-av_iconfont='entypo-fontello' ></span><p>¿Qué es la Misión y Visión? Los conceptos refieren de manera general al planteo de objetivos que una persona o grupo pueden intentar alcanzar. Ambos conceptos son medios para lograr alcanzar un estado que se considera deseable.</p>
<p>El concepto de misión refiere a un motivo o una razón de ser por parte de una organización, una empresa o una institución.   Por otro lado, la visión se refiere a una imagen que la organización plantea a largo plazo sobre cómo espera que sea su futuro, una expectativa ideal de lo que espera que ocurra.</p>
</div></div></div>

<style type="text/css" data-created_by="avia_inline_auto" id="style-css-av-1n90e-732680a451b6a3ce14ea473bcf8b6db9">
.flex_column.av-1n90e-732680a451b6a3ce14ea473bcf8b6db9{
border-radius:0px 0px 0px 0px;
padding:0px 0px 0px 0px;
}
</style>
<div  class='flex_column av-1n90e-732680a451b6a3ce14ea473bcf8b6db9 av_one_half  avia-builder-el-3  el_after_av_one_half  avia-builder-el-last  flex_column_div av-zero-column-padding  '     ><section  class='av_textblock_section av-uho6-d8d0d72bed72a0a735a7a903ead1151a '   itemscope="itemscope" itemtype="https://schema.org/CreativeWork" ><div class='avia_textblock'  itemprop="text" ><h3><strong>Misión</strong></h3>
<p style="text-align: justify;">Somos la instancia dentro de la Jurisdicción de Cuentas con la responsabilidad legal de investigar las supuestas irregularidades en el manejo de los fondos y bienes públicos, por parte de empleados y agentes de manejo, contenidas en los reparos formulados por la Contraloría General de la República, acatando las normas de derecho internacional, la Constitución Política y la Ley, para la efectiva y oportuna recuperación de los bienes del Estado y la prevención proactiva, dinámica y multimodal de las posibles afectaciones patrimoniales al erario.</p>
<h3><strong>Visión</strong></h3>
<p style="text-align: justify;">Consolidar a la institución en un mediano plazo, como una instancia de investigación patrimonial eficaz, efectiva y eficiente, cimentada en una metodología científica, mejores prácticas e innovación tecnológica, con recurso humano técnico y especializado, dentro de una cultura organizacional de trabajo en equipo institucional e interinstitucional, mejora continua y orientada al logro de las metas trazadas, con la optimización de los recursos financieros para brindar un servicio de calidad al usuario.</p>
</div></section></div>
