{"id":86,"date":"2015-09-16T01:39:55","date_gmt":"2015-09-16T01:39:55","guid":{"rendered":"http:\/\/fiscaliadecuentas.gob.pa\/?page_id=86"},"modified":"2021-05-11T14:11:15","modified_gmt":"2021-05-11T19:11:15","slug":"base-legal","status":"publish","type":"page","link":"https:\/\/www.fiscaliadecuentas.gob.pa\/?page_id=86","title":{"rendered":"Base Legal"},"content":{"rendered":"<div id='layer_slider_1'  class='avia-layerslider main_color avia-shadow  avia-builder-el-0  el_before_av_textblock  avia-builder-el-first  container_wrap sidebar_right'  style='height: 301px; max-width: 1310px; margin: 0 auto;'  ><\/div><div id='after_layer_slider_1'  class='main_color av_default_container_wrap container_wrap sidebar_right'  ><div class='container av-section-cont-open' ><div class='template-page content  av-content-small alpha units'><div class='post-entry post-entry-type-page post-entry-86'><div class='entry-content-wrapper clearfix'>\n<section  class='av_textblock_section av-av_textblock-0366cc7376be6c9e82a3e9cc8987b64f '   itemscope=\"itemscope\" itemtype=\"https:\/\/schema.org\/CreativeWork\" ><div class='avia_textblock'  itemprop=\"text\" ><p>Mediante Acto Legislativo No. 1 de 2004 se eleva a rango constitucional la jurisdicci\u00f3n de cuentas, y el art\u00edculo 281 de la Constituci\u00f3n Pol\u00edtica de la Rep\u00fablica de Panam\u00e1 establece que la Ley determinar\u00e1 la creaci\u00f3n y funcionamiento del Tribunal de Cuentas.<\/p>\n<p>Con la expedici\u00f3n de la Ley No. 67 de 14 de noviembre de 2008, se desarrolla el Cap\u00edtulo 4\u00b0 del T\u00edtulo IX de la Carta Magna, la cual precept\u00faa normas de car\u00e1cter sustantivo y adjetivo (procesal) que rigen el proceso de cuentas.<\/p>\n<p>La precitada excerta legal, reforma la Ley No. 32 de 1984, Org\u00e1nica de la Contralor\u00eda General de la Rep\u00fablica, y deroga el Decreto de Gabinete No.36 de 10 de febrero de 1990, que crea la Direcci\u00f3n de Responsabilidad Patrimonial en la Contralor\u00eda General de la Rep\u00fablica, y el Decreto No. 65 de 23 de marzo de 1990, que dicta el Reglamento de Determinaci\u00f3n de Responsabilidades.<\/p>\n<p>De acuerdo con el art\u00edculo 19 de la Ley No. 67 de 2008, la Fiscal\u00eda de Cuentas tendr\u00e1 su sede en la Ciudad de Panam\u00e1, y ejercer\u00e1 sus funciones en todo el territorio de la Rep\u00fablica de Panam\u00e1.<\/p>\n<p>En el proceso patrimonial, a la Fiscal\u00eda de Cuentas le corresponde realizar las investigaciones patrimoniales en funci\u00f3n del examen, informe o la auditor\u00eda que contenga los reparos, que presente la Contralor\u00eda General de la Rep\u00fablica al Tribunal de Cuentas (art\u00edculo 37 lex cit.), aparte de ejercer la representaci\u00f3n social en la etapa plenaria del proceso de cuentas (art\u00edculo 26, numeral 5, lex cit.), entre otras funciones.<\/p>\n<p>Las instrucciones patrimoniales que adelanta la Fiscal\u00eda de Cuentas, abarcan a los agentes y empleados de manejo, que hayan incurrido en irregularidades con respecto a fondos p\u00fablicos de conformidad con los reparos que haga la Contralor\u00eda General de la Rep\u00fablica.<\/p>\n<p>La actividad procesal que desarrolla la Fiscal\u00eda de Cuentas en el proceso patrimonial, de manera concreta, se establece en el T\u00edtulo IV, Cap\u00edtulo I, de la Ley No. 67 de 2008.<\/p>\n<p><object class=\"vanilla-pdf-embed\" data=\"https:\/\/www.fiscaliadecuentas.gob.pa\/wp-content\/uploads\/2015\/12\/Ley-67-del-2008-y-sus-modificaciones.pdf#page=1&#038;view=FitH\" type=\"application\/pdf\" width=\"100%\" height=\"500em\"><p><a href=\"https:\/\/www.fiscaliadecuentas.gob.pa\/wp-content\/uploads\/2015\/12\/Ley-67-del-2008-y-sus-modificaciones.pdf\">Download the PDF file .<\/a><\/p><\/object><\/p>\n<div id=\"node-45\" class=\"\"><\/div>\n<\/div><\/section>\n","protected":false},"excerpt":{"rendered":"","protected":false},"author":1,"featured_media":0,"parent":0,"menu_order":0,"comment_status":"closed","ping_status":"closed","template":"","meta":{"_EventAllDay":false,"_EventTimezone":"","_EventStartDate":"","_EventEndDate":"","_EventStartDateUTC":"","_EventEndDateUTC":"","_EventShowMap":false,"_EventShowMapLink":false,"_EventURL":"","_EventCost":"","_EventCostDescription":"","_EventCurrencySymbol":"","_EventCurrencyCode":"","_EventCurrencyPosition":"","_EventDateTimeSeparator":"","_EventTimeRangeSeparator":"","_EventOrganizerID":[],"_EventVenueID":[],"_OrganizerEmail":"","_OrganizerPhone":"","_OrganizerWebsite":"","_VenueAddress":"","_VenueCity":"","_VenueCountry":"","_VenueProvince":"","_VenueState":"","_VenueZip":"","_VenuePhone":"","_VenueURL":"","_VenueStateProvince":"","_VenueLat":"","_VenueLng":"","_VenueShowMap":false,"_VenueShowMapLink":false,"footnotes":""},"class_list":["post-86","page","type-page","status-publish","hentry"],"_links":{"self":[{"href":"https:\/\/www.fiscaliadecuentas.gob.pa\/index.php?rest_route=\/wp\/v2\/pages\/86","targetHints":{"allow":["GET"]}}],"collection":[{"href":"https:\/\/www.fiscaliadecuentas.gob.pa\/index.php?rest_route=\/wp\/v2\/pages"}],"about":[{"href":"https:\/\/www.fiscaliadecuentas.gob.pa\/index.php?rest_route=\/wp\/v2\/types\/page"}],"author":[{"embeddable":true,"href":"https:\/\/www.fiscaliadecuentas.gob.pa\/index.php?rest_route=\/wp\/v2\/users\/1"}],"replies":[{"embeddable":true,"href":"https:\/\/www.fiscaliadecuentas.gob.pa\/index.php?rest_route=%2Fwp%2Fv2%2Fcomments&post=86"}],"version-history":[{"count":4,"href":"https:\/\/www.fiscaliadecuentas.gob.pa\/index.php?rest_route=\/wp\/v2\/pages\/86\/revisions"}],"predecessor-version":[{"id":1403,"href":"https:\/\/www.fiscaliadecuentas.gob.pa\/index.php?rest_route=\/wp\/v2\/pages\/86\/revisions\/1403"}],"wp:attachment":[{"href":"https:\/\/www.fiscaliadecuentas.gob.pa\/index.php?rest_route=%2Fwp%2Fv2%2Fmedia&parent=86"}],"curies":[{"name":"wp","href":"https:\/\/api.w.org\/{rel}","templated":true}]}}

<div id='layer_slider_1'  class='avia-layerslider main_color avia-shadow  avia-builder-el-0  el_before_av_textblock  avia-builder-el-first  container_wrap sidebar_right'  style='height: 301px; max-width: 1310px; margin: 0 auto;'  ></div><div id='after_layer_slider_1'  class='main_color av_default_container_wrap container_wrap sidebar_right'  ><div class='container av-section-cont-open' ><div class='template-page content  av-content-small alpha units'><div class='post-entry post-entry-type-page post-entry-86'><div class='entry-content-wrapper clearfix'>
<section  class='av_textblock_section av-av_textblock-0366cc7376be6c9e82a3e9cc8987b64f '   itemscope="itemscope" itemtype="https://schema.org/CreativeWork" ><div class='avia_textblock'  itemprop="text" ><p>Mediante Acto Legislativo No. 1 de 2004 se eleva a rango constitucional la jurisdicción de cuentas, y el artículo 281 de la Constitución Política de la República de Panamá establece que la Ley determinará la creación y funcionamiento del Tribunal de Cuentas.</p>
<p>Con la expedición de la Ley No. 67 de 14 de noviembre de 2008, se desarrolla el Capítulo 4° del Título IX de la Carta Magna, la cual preceptúa normas de carácter sustantivo y adjetivo (procesal) que rigen el proceso de cuentas.</p>
<p>La precitada excerta legal, reforma la Ley No. 32 de 1984, Orgánica de la Contraloría General de la República, y deroga el Decreto de Gabinete No.36 de 10 de febrero de 1990, que crea la Dirección de Responsabilidad Patrimonial en la Contraloría General de la República, y el Decreto No. 65 de 23 de marzo de 1990, que dicta el Reglamento de Determinación de Responsabilidades.</p>
<p>De acuerdo con el artículo 19 de la Ley No. 67 de 2008, la Fiscalía de Cuentas tendrá su sede en la Ciudad de Panamá, y ejercerá sus funciones en todo el territorio de la República de Panamá.</p>
<p>En el proceso patrimonial, a la Fiscalía de Cuentas le corresponde realizar las investigaciones patrimoniales en función del examen, informe o la auditoría que contenga los reparos, que presente la Contraloría General de la República al Tribunal de Cuentas (artículo 37 lex cit.), aparte de ejercer la representación social en la etapa plenaria del proceso de cuentas (artículo 26, numeral 5, lex cit.), entre otras funciones.</p>
<p>Las instrucciones patrimoniales que adelanta la Fiscalía de Cuentas, abarcan a los agentes y empleados de manejo, que hayan incurrido en irregularidades con respecto a fondos públicos de conformidad con los reparos que haga la Contraloría General de la República.</p>
<p>La actividad procesal que desarrolla la Fiscalía de Cuentas en el proceso patrimonial, de manera concreta, se establece en el Título IV, Capítulo I, de la Ley No. 67 de 2008.</p>
<p><object class="vanilla-pdf-embed" data="https://www.fiscaliadecuentas.gob.pa/wp-content/uploads/2015/12/Ley-67-del-2008-y-sus-modificaciones.pdf#page=1&#038;view=FitH" type="application/pdf" width="100%" height="500em"><p><a href="https://www.fiscaliadecuentas.gob.pa/wp-content/uploads/2015/12/Ley-67-del-2008-y-sus-modificaciones.pdf">Download the PDF file .</a></p></object></p>
<div id="node-45" class=""></div>
</div></section>
