{"id":97,"date":"2015-09-16T04:55:44","date_gmt":"2015-09-16T04:55:44","guid":{"rendered":"http:\/\/fiscaliadecuentas.gob.pa\/?page_id=97"},"modified":"2015-09-16T04:55:44","modified_gmt":"2015-09-16T04:55:44","slug":"acerca-de-la-fiscalia-de-cuentas","status":"publish","type":"page","link":"https:\/\/www.fiscaliadecuentas.gob.pa\/?page_id=97","title":{"rendered":"Acerca de la Fiscal\u00eda de Cuentas"},"content":{"rendered":"<div id='layer_slider_1'  class='avia-layerslider main_color avia-shadow  avia-builder-el-0  el_before_av_textblock  avia-builder-el-first  container_wrap sidebar_right'  style='height: 301px; max-width: 1310px; margin: 0 auto;'  ><\/div><div id='after_layer_slider_1'  class='main_color av_default_container_wrap container_wrap sidebar_right'  ><div class='container av-section-cont-open' ><div class='template-page content  av-content-small alpha units'><div class='post-entry post-entry-type-page post-entry-97'><div class='entry-content-wrapper clearfix'>\n<section  class='av_textblock_section av-av_textblock-0366cc7376be6c9e82a3e9cc8987b64f '   itemscope=\"itemscope\" itemtype=\"https:\/\/schema.org\/CreativeWork\" ><div class='avia_textblock'  itemprop=\"text\" ><h3>Antecedentes<\/h3>\n<p>La Fiscal\u00eda de Cuentas es un ente de Derecho P\u00fablico, creado mediante Ley 67 de 14 de noviembre de 2008, que tiene como funci\u00f3n investigar las presuntas irregularidades contenidas en los reparos efectuados por la Contralor\u00eda General de la Rep\u00fablica en las cuentas de empleados y agentes de manejo, que afecten los fondos y bienes p\u00fablicos, con estricto apego a la garant\u00eda Constitucional del Debido Proceso.<\/p>\n<h3>Objetivos Generales<\/h3>\n<p>Instruir la investigaci\u00f3n patrimonial por las irregularidades detectadas por la Contralor\u00eda General de la Rep\u00fablica, para la aplicaci\u00f3n de las sanciones que correspondan por el mal uso de los fondos y bienes de la cosa p\u00fablica, por parte del Tribunal de Cuentas, si a ello hay lugar.<\/p>\n<\/div><\/section>\n","protected":false},"excerpt":{"rendered":"","protected":false},"author":1,"featured_media":0,"parent":0,"menu_order":0,"comment_status":"closed","ping_status":"closed","template":"","meta":{"_EventAllDay":false,"_EventTimezone":"","_EventStartDate":"","_EventEndDate":"","_EventStartDateUTC":"","_EventEndDateUTC":"","_EventShowMap":false,"_EventShowMapLink":false,"_EventURL":"","_EventCost":"","_EventCostDescription":"","_EventCurrencySymbol":"","_EventCurrencyCode":"","_EventCurrencyPosition":"","_EventDateTimeSeparator":"","_EventTimeRangeSeparator":"","_EventOrganizerID":[],"_EventVenueID":[],"_OrganizerEmail":"","_OrganizerPhone":"","_OrganizerWebsite":"","_VenueAddress":"","_VenueCity":"","_VenueCountry":"","_VenueProvince":"","_VenueState":"","_VenueZip":"","_VenuePhone":"","_VenueURL":"","_VenueStateProvince":"","_VenueLat":"","_VenueLng":"","_VenueShowMap":false,"_VenueShowMapLink":false,"footnotes":""},"class_list":["post-97","page","type-page","status-publish","hentry"],"_links":{"self":[{"href":"https:\/\/www.fiscaliadecuentas.gob.pa\/index.php?rest_route=\/wp\/v2\/pages\/97","targetHints":{"allow":["GET"]}}],"collection":[{"href":"https:\/\/www.fiscaliadecuentas.gob.pa\/index.php?rest_route=\/wp\/v2\/pages"}],"about":[{"href":"https:\/\/www.fiscaliadecuentas.gob.pa\/index.php?rest_route=\/wp\/v2\/types\/page"}],"author":[{"embeddable":true,"href":"https:\/\/www.fiscaliadecuentas.gob.pa\/index.php?rest_route=\/wp\/v2\/users\/1"}],"replies":[{"embeddable":true,"href":"https:\/\/www.fiscaliadecuentas.gob.pa\/index.php?rest_route=%2Fwp%2Fv2%2Fcomments&post=97"}],"version-history":[{"count":3,"href":"https:\/\/www.fiscaliadecuentas.gob.pa\/index.php?rest_route=\/wp\/v2\/pages\/97\/revisions"}],"predecessor-version":[{"id":26782,"href":"https:\/\/www.fiscaliadecuentas.gob.pa\/index.php?rest_route=\/wp\/v2\/pages\/97\/revisions\/26782"}],"wp:attachment":[{"href":"https:\/\/www.fiscaliadecuentas.gob.pa\/index.php?rest_route=%2Fwp%2Fv2%2Fmedia&parent=97"}],"curies":[{"name":"wp","href":"https:\/\/api.w.org\/{rel}","templated":true}]}}

Acerca de la Fiscalía de Cuentas

<div id='layer_slider_1'  class='avia-layerslider main_color avia-shadow  avia-builder-el-0  el_before_av_textblock  avia-builder-el-first  container_wrap sidebar_right'  style='height: 301px; max-width: 1310px; margin: 0 auto;'  ></div><div id='after_layer_slider_1'  class='main_color av_default_container_wrap container_wrap sidebar_right'  ><div class='container av-section-cont-open' ><div class='template-page content  av-content-small alpha units'><div class='post-entry post-entry-type-page post-entry-97'><div class='entry-content-wrapper clearfix'>
<section  class='av_textblock_section av-av_textblock-0366cc7376be6c9e82a3e9cc8987b64f '   itemscope="itemscope" itemtype="https://schema.org/CreativeWork" ><div class='avia_textblock'  itemprop="text" ><h3>Antecedentes</h3>
<p>La Fiscalía de Cuentas es un ente de Derecho Público, creado mediante Ley 67 de 14 de noviembre de 2008, que tiene como función investigar las presuntas irregularidades contenidas en los reparos efectuados por la Contraloría General de la República en las cuentas de empleados y agentes de manejo, que afecten los fondos y bienes públicos, con estricto apego a la garantía Constitucional del Debido Proceso.</p>
<h3>Objetivos Generales</h3>
<p>Instruir la investigación patrimonial por las irregularidades detectadas por la Contraloría General de la República, para la aplicación de las sanciones que correspondan por el mal uso de los fondos y bienes de la cosa pública, por parte del Tribunal de Cuentas, si a ello hay lugar.</p>
</div></section>
